NOAA-Style Climate Reports


Report for 2019 September
                   Monthly Climatological Summary for Sep 2019

Name: East Unity, NH   City: Unity   State: NH
Elevation: 1384 ft  Lat: N 43° 17' 19"   Lon: W 072° 11' 41"

                  Temperature (°F), Rain (in), Wind Speed (mph)

                                      Heat  Cool        Avg
    Mean                              Deg   Deg         Wind                 Dom
Day Temp  High   Time   Low    Time   Days  Days  Rain  Speed High   Time    Dir
----------------------------------------------------------------------------------
 1  60.0  67.9   16:03  51.1   06:37   5.4   0.4  0.00   0.4   9.0   23:28    NE
 2  59.7  63.4   16:40  56.0   06:34   5.3   0.0  0.36   0.1   7.0   11:06    NE
 3  61.9  68.3   15:20  55.5   06:17   3.6   0.6  0.00   0.3   9.0   13:17   NNE
 4  63.2  68.4   16:20  59.0   06:14   2.5   0.6  0.08   1.3  15.0   23:48   NNE
 5  58.4  65.3   15:11  50.0   06:23   6.6   0.0  0.00   0.6   9.0   10:56    NW
 6  56.7  64.9   12:21  49.7   07:23   8.3   0.0  0.00   1.6  15.0   22:03    NE
 7  55.7  65.1   15:44  47.8   07:20   9.3   0.0  0.09   0.7  15.0   03:18   NNW
 8  57.0  65.2   16:06  49.3   06:38   8.0   0.0  0.00   0.7  12.0   12:15   NNW
 9  56.7  64.8   15:16  49.1   05:49   8.3   0.0  0.00   0.2   8.0   10:54     N
10  58.4  66.6   11:34  47.8   07:17   6.8   0.2  0.00   0.5   7.0   13:49    NE
11  67.0  74.7   13:40  61.9   04:30   1.0   3.0  0.07   0.7  14.0   16:19     N
12  57.6  65.6   01:04  50.7   23:58   7.4   0.0  0.13   0.8  11.0   13:43    NE
13  53.2  62.0   13:21  45.4   06:54  11.8   0.0  0.00   0.6  11.0   09:44   NNE
14  54.6  60.3   19:52  45.6   02:13  10.4   0.0  0.00   1.2  11.0   08:54    NE
15  60.8  67.6   15:10  54.5   07:03   4.6   0.4  0.02   0.5  11.0   15:51   NNW
16  56.6  61.6   15:46  50.9   08:17   8.4   0.0  0.00   0.9  14.0   11:26    NW
17  55.9  62.8   13:06  49.1   07:05   9.1   0.0  0.00   1.0  14.0   12:38   NNE
18  51.7  59.2   13:24  45.7   07:48  13.3   0.0  0.00   0.8  12.0   12:02    NE
19  52.0  63.0   14:20  40.4   07:10  13.0   0.0  0.00   0.2   5.0   13:16     N
20  58.9  69.7   14:24  47.1   07:19   7.1   1.0  0.00   0.4  10.0   11:47     N
21  65.9  75.2   13:09  56.4   07:18   2.5   3.4  0.00   0.2   7.0   12:57    NE
22  67.6  78.0   14:28  56.8   06:59   2.0   4.6  0.00   0.3   8.0   14:44   ENE
23  68.7  77.5   11:45  62.3   23:57   0.3   4.1  0.00   0.5  14.0   21:54    NE
24  60.3  66.5   12:55  52.1   23:55   4.8   0.1  0.00   0.7  12.0   18:22    NW
25  55.6  63.3   14:36  50.1   07:07   9.4   0.0  0.00   0.4  10.0   09:40     N
26  56.8  69.5   12:22  51.3   23:54   8.6   0.4  0.31   0.4  11.0   15:44    NE
27  54.3  63.1   14:40  46.9   06:20  10.6   0.0  0.00   0.3   8.0   23:15     N
28  61.0  71.8   14:39  48.9   06:45   5.7   1.7  0.00   0.6   9.0   07:40    NE
29  56.9  65.6   01:57  46.3   23:58   8.1   0.0  0.00   1.4  12.0   02:16   NNW
30  50.0  57.7   16:36  40.3   06:54  15.0   0.0  0.00   0.2   6.0   11:08   ENE
----------------------------------------------------------------------------------
    58.4  78.0    22    40.3    30   217.2  20.5  1.06   0.6  15.0     4     NNE

Max >=  80.0:  0
Max <=  32.0:  0
Min <=  32.0:  0
Min <=   0.0:  0
Max Rain: 0.36 on day 2
Days of Rain: 7 (>= 0.01 in)  3 (>= 0.10 in)  0 (>= 1.00 in)
Heat Base: 65.0  Cool Base: 65.0  Method: Integration