NOAA-Style Climate Reports


Report for 2019 July
                   Monthly Climatological Summary for Jul 2019

Name: East Unity, NH   City: Unity   State: NH
Elevation: 1384 ft  Lat: N 43° 17' 19"   Lon: W 072° 11' 41"

                  Temperature (°F), Rain (in), Wind Speed (mph)

                                      Heat  Cool        Avg
    Mean                              Deg   Deg         Wind                 Dom
Day Temp  High   Time   Low    Time   Days  Days  Rain  Speed High   Time    Dir
----------------------------------------------------------------------------------
 1  67.0  75.9   15:00  57.1   05:15   2.2   4.2  0.00   0.7  13.0   10:05   NNW
 2  69.5  78.2   15:40  62.9   07:50   0.4   4.9  0.00   0.4   9.0   13:30   NNW
 3  73.5  80.7   09:35  64.2   05:13   0.0   8.5  0.00   0.3   7.0   10:00   NNE
 4  74.0  82.5   15:04  63.8   05:48   0.1   9.0  0.00   0.2   6.0   14:37   NNE
 5  75.2  84.1   14:42  65.5   05:31   0.0  10.2  0.00   0.5   9.0   13:54    NE
 6  73.3  83.5   12:59  67.9   23:59   0.0   8.3  0.15   0.5  15.0   15:26   NNE
 7  67.1  73.3   15:23  59.0   06:00   1.0   3.1  0.00   0.9  10.0   10:23   NNE
 8  66.6  75.8   15:20  54.0   05:58   2.5   4.1  0.00   0.3   8.0   15:37   NNE
 9  70.7  79.0   15:06  60.3   05:20   0.6   6.3  0.00   0.5  11.0   11:44   NNW
10  73.0  81.0   15:06  62.8   06:09   0.3   8.3  0.00   0.2   6.0   12:00     N
11  69.8  79.4   10:37  62.7   06:02   0.3   5.1  0.28   0.2   7.0   10:53    NE
12  69.6  77.1   14:58  65.0   00:00   0.0   4.6  0.19   0.4  12.0   15:50    NW
13  70.5  78.4   15:52  63.0   05:55   0.3   5.7  0.00   0.5   9.0   16:55     N
14  70.8  77.4   13:23  63.3   05:41   0.1   5.9  0.00   0.7  11.0   09:07   WNW
15  67.3  74.6   15:36  59.2   05:48   1.1   3.4  0.00   0.8  11.0   11:01    NW
16  69.0  76.3   10:35  59.5   05:57   1.1   5.2  0.05   0.2   7.0   10:27    NE
17  70.7  75.3   14:16  68.1   23:57   0.0   5.7  0.02   0.1   9.0   10:12   ENE
18  69.9  75.6   15:17  62.7   23:43   0.1   5.0  0.00   0.6  11.0   09:12    NE
19  73.7  83.7   14:15  62.5   06:16   0.5   9.2  0.00   0.5  10.0   14:55   NNE
20  79.3  86.7   14:41  71.6   05:35   0.0  14.4  0.00   0.5  12.0   11:37   NNW
21  78.1  84.5   13:23  71.5   05:48   0.0  13.1  0.00   0.8  14.0   16:42   NNW
22  66.0  72.6   00:00  60.4   22:49   1.3   2.3  0.96   0.2   7.0   08:14    NE
23  62.0  66.7   17:52  59.7   11:12   3.2   0.2  0.52   0.5   8.0   10:05    NE
24  65.9  72.4   15:16  59.4   06:26   1.7   2.6  0.00   0.7  11.0   15:48     N
25  66.4  74.6   14:37  56.2   06:12   2.1   3.5  0.00   0.3  10.0   12:05   NNW
26  70.3  78.1   12:45  61.3   06:39   0.8   6.1  0.00   0.2   7.0   15:19   NNE
27  71.2  81.1   13:10  61.4   05:32   0.7   6.9  0.00   0.3   7.0   16:14   NNE
28  73.4  81.7   13:10  64.1   06:06   0.1   8.4  0.00   0.6  10.0   14:54    NE
29  74.7  82.1   14:33  66.6   06:05   0.0   9.7  0.00   0.4   8.0   13:13     N
30  76.2  85.2   15:03  66.6   23:59   0.0  11.2  0.07   0.4   9.0   13:07    NE
31  69.0  75.0   12:36  65.3   03:30   0.0   4.0  0.01   0.1   7.0   14:07   NNW
----------------------------------------------------------------------------------
    70.8  86.7    20    54.0     8    20.5 199.1  2.25   0.4  15.0     6       N

Max >=  80.0: 12
Max <=  32.0:  0
Min <=  32.0:  0
Min <=   0.0:  0
Max Rain: 0.96 on day 22
Days of Rain: 9 (>= 0.01 in)  5 (>= 0.10 in)  0 (>= 1.00 in)
Heat Base: 65.0  Cool Base: 65.0  Method: Integration