NOAA-Style Climate Reports


Report for 2019
                   Annual Climatological Summary for 2019

Name: East Unity, NH   City: Unity   State: NH
Elevation: 1384 ft  Lat: N 43° 17' 19"   Lon: W 072° 11' 41"

                  Temperature (°F), Heat Base: 65.0  Cool Base: 65.0
                          Dep.  Heat  Cool                       Max  Max  Min  Min
        Mean  Mean        From  Deg   Deg                        >=   <=   <=   <=
 YR MO  Max   Min   Mean  Norm  Days  Days  Hi  Date  Low  Date 80.0 32.0 32.0   0.0
------------------------------------------------------------------------------------
 19  1  24.8   9.9  18.4  -2.2  1441     0  48.1  24  -8.9   31    0   21   31    7
 19  2  29.7  15.0  22.8  -1.5  1181     0  50.6   5  -3.0    1    0   15   27    2
 19  3  38.0  21.8  29.6  -3.5  1093     0  57.5  31   0.3    7    0    7   27    0
 19  4  52.2  35.9  43.3  -1.8   652     1  70.3  19  20.1    2    0    0    9    0
 19  5  61.3  44.6  52.6  -3.2   400    15  78.8  26  32.6   14    0    0    0    0
 19  6  70.4  54.2  62.7  -2.2   132    62  81.6  28  41.5    4    1    0    0    0
 19  7  78.5  62.8  70.8   0.8    20   199  86.7  20  54.0    8   12    0    0    0
 19  8  74.6  58.5  66.4  -2.1    60   105  80.8  19  49.1   26    2    0    0    0
 19  9  66.5  50.6  58.4  -1.6   217    20  78.0  22  40.3   30    0    0    0    0
 19 10  55.7  42.3  49.1   0.9   301     0  65.2   2  34.1    5    0    0    0    0
 19 11
 19 12
------------------------------------------------------------------------------------
        55.2  39.6  47.4  -1.6  5501   405  86.7 Jul  -8.9  Jan   15   43   94    9

                                Precipitation (in)

              Dep.   Max        Days of Rain
              From   Obs.           >=
 YR MO Total  Norm   Day Date 0.01 0.10 1.00
---------------------------------------------
 19  1  3.47  0.77  1.52  24    12    6    1
 19  2  1.35 -1.27  0.35  13    12    5    0
 19  3  1.17 -2.10  0.30  22     9    5    0
 19  4  3.24 -0.17  0.83  20    15    6    0
 19  5  3.27 -0.39  0.89  28    16   11    0
 19  6  4.73  1.04  0.92  25    14   10    0
 19  7  2.25 -1.49  0.96  22     9    5    0
 19  8  1.95 -1.23  0.76  21     8    4    0
 19  9  1.06 -2.32  0.36   2     7    3    0
 19 10  2.11 -1.93  0.82  17     8    4    0
 19 11
 19 12
---------------------------------------------
       24.60 -9.09  1.52  Jan  110   59    1

                                Wind Speed (mph)
                          Dom
 YR MO   Avg.  Hi   Date  Dir
------------------------------
 19  1   1.7  25.0   21   NNW
 19  2   2.0  34.0   25   NNW
 19  3   1.8  29.0   23   NNW
 19  4   2.0  29.0    3     N
 19  5   1.2  24.0   21   NNE
 19  6   0.7  18.0   21   NNE
 19  7   0.4  15.0    6     N
 19  8   0.5  17.0   31     N
 19  9   0.6  15.0    4   NNE
 19 10   1.3  37.0   17    NE
 19 11
 19 12
------------------------------
         1.2  37.0  Oct     N