NOAA-Style Climate Reports


Report for 2018 September
                   Monthly Climatological Summary for Sep 2018

Name: East Unity, NH   City: Unity   State: NH
Elevation: 1384 ft  Lat: N 43° 17' 19"   Lon: W 072° 11' 41"

                  Temperature (°F), Rain (in), Wind Speed (mph)

                                      Heat  Cool        Avg
    Mean                              Deg   Deg         Wind                 Dom
Day Temp  High   Time   Low    Time   Days  Days  Rain  Speed High   Time    Dir
----------------------------------------------------------------------------------
 1  62.4  69.8   15:48  56.4   06:36   3.5   0.9  0.00   0.1   4.0   09:52    NE
 2  67.9  76.8   14:51  58.9   05:17   1.9   4.8  0.00   0.3   8.0   15:08   NNE
 3  75.0  83.9   14:42  67.6   06:35   0.0  10.0  0.00   0.5   9.0   12:24   NNE
 4  74.2  80.4   13:14  67.7   23:56   0.0   9.2  0.00   0.4  12.0   11:00   NNE
 5  73.4  82.9   14:13  62.9   06:43   0.2   8.6  0.00   0.2   8.0   13:39     N
 6  72.0  83.3   12:21  63.5   23:59   0.0   7.0  0.29   0.5  12.0   13:14     N
 7  61.9  68.3   15:11  56.0   07:14   3.6   0.5  0.00   0.2   6.0   00:00   NNE
 8  56.1  59.4   00:00  49.6   23:54   8.9   0.0  0.00   0.5  10.0   09:22     N
 9  51.1  57.5   14:14  44.3   06:52  13.9   0.0  0.00   0.4   8.0   10:40   NNE
10  51.8  56.6   13:31  46.1   05:31  13.2   0.0  0.54   1.2  15.0   12:20    NE
11  60.6  65.7   17:20  55.2   00:00   4.4   0.0  0.23   0.4  12.0   05:39    NE
12  63.0  64.5   15:02  61.3   21:30   2.0   0.0  0.14   0.2   8.0   10:20   NNE
13  63.9  69.4   16:48  60.2   06:57   1.8   0.7  0.01   0.1   5.0   10:03    NE
14  65.0  73.9   13:30  58.9   07:10   1.8   1.9  0.01   0.3   9.0   14:08    NE
15  66.9  76.5   13:12  60.7   02:08   1.5   3.4  0.00   0.3   9.0   13:34   NNE
16  70.6  80.8   13:14  62.6   05:57   0.6   6.2  0.00   0.2   6.0   12:40    NE
17  69.7  78.8   13:29  65.2   03:55   0.0   4.7  0.00   0.3   7.0   14:46    NE
18  68.1  72.4   16:46  65.8   07:30   0.0   3.1  0.76   0.1   4.0   10:55    NE
19  62.7  68.1   15:12  56.2   23:58   2.7   0.5  0.00   0.8  10.0   12:29   NNE
20  57.3  61.8   15:12  54.4   06:53   7.7   0.0  0.00   0.1   5.0   09:51   NNE
21  57.7  63.0   23:57  54.5   10:09   7.3   0.0  0.00   1.3  13.0   18:09   NNE
22  56.9  64.6   02:01  46.9   23:51   8.1   0.0  0.01   1.4  17.0   05:01    NW
----------------------------------------------------------------------------------
    64.0  83.9     3    44.3     9    83.1  61.5  1.99   0.4  17.0    22     NNE

Max >=  80.0:  5
Max <=  32.0:  0
Min <=  32.0:  0
Min <=   0.0:  0
Max Rain: 0.76 on day 18
Days of Rain: 8 (>= 0.01 in)  5 (>= 0.10 in)  0 (>= 1.00 in)
Heat Base: 65.0  Cool Base: 65.0  Method: Integration