NOAA-Style Climate Reports


Report for 2018 August
                   Monthly Climatological Summary for Aug 2018

Name: East Unity, NH   City: Unity   State: NH
Elevation: 1384 ft  Lat: N 43° 17' 19"   Lon: W 072° 11' 41"

                  Temperature (°F), Rain (in), Wind Speed (mph)

                                      Heat  Cool        Avg
    Mean                              Deg   Deg         Wind                 Dom
Day Temp  High   Time   Low    Time   Days  Days  Rain  Speed High   Time    Dir
----------------------------------------------------------------------------------
 1  68.4  73.7   13:41  63.3   06:02   0.2   3.5  0.63   0.1   5.0   09:52     N
 2  72.5  78.4   14:29  67.4   23:55   0.0   7.5  0.01   0.4   9.0   12:12   NNW
 3  69.8  76.3   14:11  66.4   03:05   0.0   4.8  0.17   0.0  13.0   15:02    NW
 4  69.2  74.1   17:34  66.4   23:58   0.0   4.2  0.03   0.2   8.0   08:06   NNE
 5  72.9  80.9   15:19  64.1   04:34   0.1   7.9  0.00   0.2   7.0   13:13    NW
 6  75.9  84.4   14:39  66.5   04:27   0.0  10.9  0.00   0.2   8.0   10:35   NNW
 7  76.0  84.9   10:31  68.9   05:44   0.0  11.0  0.00   0.2  14.0   16:51   NNE
 8  73.1  80.8   14:24  68.9   06:14   0.0   8.1  0.00   0.1   8.0   13:35   NNE
 9  72.9  79.5   15:47  67.2   23:43   0.0   7.9  0.00   0.6  11.0   16:42    NW
10  69.2  75.2   15:23  62.1   23:59   0.1   4.4  0.00   0.6  11.0   10:44   NNW
11  63.7  69.6   12:53  59.9   06:16   1.9   0.6  0.01   0.3   7.0   16:21   NNE
12  64.2  66.5   14:37  62.1   04:49   1.0   0.2  0.07   1.1  10.0   15:56   NNE
13  66.2  67.7   15:12  64.8   06:09   0.0   1.2  0.02   0.7   9.0   11:25   NNE
14  69.1  74.7   13:13  65.7   23:18   0.0   4.0  0.08   0.1   6.0   11:33    NE
15  70.9  78.2   15:36  65.1   06:07   0.0   5.9  0.00   0.2  10.0   12:09     N
16  72.2  78.1   15:11  65.8   06:19   0.0   7.2  0.00   0.7  14.0   10:16    NW
17  70.1  76.3   12:16  61.3   05:57   0.5   5.6  0.16   0.3   8.0   21:07    NE
18  67.2  71.0   00:00  62.5   23:22   0.3   2.5  0.73   0.8  12.0   14:05   NNE
19  65.3  72.7   12:58  59.0   06:41   2.0   2.3  0.00   1.0  15.0   10:14    NE
20  64.8  74.0   12:31  56.9   05:59   3.0   2.8  0.00   0.5  11.0   12:58    NE
21  64.3  72.0   11:23  54.8   05:58   2.8   2.1  0.00   0.5   8.0   15:46    NE
22  64.4  69.7   13:32  61.6   06:27   1.5   1.0  0.70   0.3  10.0   16:27    NW
23  61.0  67.5   12:59  54.1   06:26   4.4   0.4  0.00   0.8  23.0   13:00   WNW
24  65.4  75.5   13:31  54.0   04:48   3.5   3.9  0.00   0.2   9.0   12:03   NNW
25  67.3  76.5   13:20  59.1   06:24   1.6   3.9  0.00   0.2   8.0   12:20   NNE
26  67.4  76.2   13:11  57.2   06:27   2.0   4.4  0.00   0.3   8.0   14:55    NE
27  71.7  78.4   13:33  64.9   06:22   0.0   6.7  0.00   0.2   8.0   09:40    NW
28  76.1  84.4   14:01  68.3   04:21   0.0  11.1  0.00   0.4  15.0   13:28   NNE
29  77.2  85.6   11:33  69.5   23:42   0.0  12.2  0.12   0.4  11.0   21:52   NNE
30  67.3  72.4   14:51  56.0   23:53   1.1   3.4  0.20   0.8  13.0   12:46     N
31  61.4  69.6   11:14  54.5   04:51   4.5   1.0  0.00   0.4   9.0   09:26   NNE
----------------------------------------------------------------------------------
    68.9  85.6    29    54.0    24    30.5 152.6  2.93   0.4  23.0    23       N

Max >=  80.0:  6
Max <=  32.0:  0
Min <=  32.0:  0
Min <=   0.0:  0
Max Rain: 0.73 on day 18
Days of Rain: 13 (>= 0.01 in)  7 (>= 0.10 in)  0 (>= 1.00 in)
Heat Base: 65.0  Cool Base: 65.0  Method: Integration