NOAA-Style Climate Reports


Report for 2018 July
                   Monthly Climatological Summary for Jul 2018

Name: East Unity, NH   City: Unity   State: NH
Elevation: 1384 ft  Lat: N 43° 17' 19"   Lon: W 072° 11' 41"

                  Temperature (°F), Rain (in), Wind Speed (mph)

                                      Heat  Cool        Avg
    Mean                              Deg   Deg         Wind                 Dom
Day Temp  High   Time   Low    Time   Days  Days  Rain  Speed High   Time    Dir
----------------------------------------------------------------------------------
 1  80.4  89.7   15:12  71.3   03:37   0.0  15.3  0.00   0.3  10.0   11:50     N
 2  78.4  88.3   15:00  69.6   05:57   0.0  13.4  0.00   0.6   9.0   16:07    NE
 3  80.1  87.7   09:55  71.7   05:46   0.0  15.1  0.00   0.4  11.0   16:07    NW
 4  79.5  89.1   10:47  67.5   05:30   0.0  14.5  0.00   0.4  10.0   13:47    NE
 5  79.2  88.4   10:32  69.0   05:37   0.0  14.2  0.00   0.6   8.0   13:04    NE
 6  70.0  75.7   12:47  55.9   23:56   1.2   6.2  0.55   1.6  14.0   10:57    NW
 7  63.1  71.9   16:54  52.0   05:32   4.0   2.1  0.00   0.9  14.0   10:34   NNW
 8  69.6  79.3   15:32  56.0   05:50   1.9   6.4  0.00   0.3   8.0   09:55   NNE
 9  72.9  84.1   15:12  60.0   06:05   0.7   8.6  0.00   0.5  10.0   17:19   NNW
10  73.1  83.6   10:17  64.8   06:13   0.0   8.1  0.02   0.5  10.0   11:58     N
11  68.0  75.2   15:50  61.7   23:56   0.5   3.4  0.00   0.9  12.0   12:37     N
12  67.8  76.4   12:53  56.0   06:02   2.1   4.9  0.00   0.3  10.0   12:26   NNE
13  70.3  80.9   14:37  58.6   05:57   1.4   6.7  0.00   0.5   8.0   11:37   NNE
14  65.7  73.5   15:25  58.5   04:54   1.9   2.6  0.01   0.2   5.0   14:25    NE
15  72.5  82.7   14:08  62.7   05:02   0.5   7.9  0.00   0.2   9.0   13:16   NNE
16  77.0  87.0   15:48  65.4   06:12   0.0  11.9  0.00   0.2   7.0   15:18   NNW
17  69.5  72.3   00:00  66.2   12:59   0.0   4.4  0.61   0.1   5.0   13:28   NNE
18  64.9  70.5   15:15  58.6   23:57   1.6   1.5  0.00   0.9  14.0   11:49    NW
19  65.2  74.7   15:49  51.8   05:48   3.3   3.5  0.00   0.5   9.0   17:27   NNW
20  70.6  81.4   12:53  56.5   05:45   1.6   7.2  0.00   0.3   7.0   12:47   NNE
21  67.8  76.8   10:23  58.2   05:55   1.7   4.5  0.00   0.7  11.0   14:02    NE
22  64.4  71.1   16:04  58.8   02:19   2.6   2.0  0.01   1.4  13.0   08:56   NNE
23  71.4  75.5   13:44  68.4   00:00   0.0   6.4  0.54   0.2   8.0   12:46   NNE
24  72.0  79.1   14:33  68.2   01:35   0.0   7.0  0.02   0.6  12.0   12:56   NNE
25  71.8  78.7   12:43  68.4   00:00   0.0   6.8  0.93   1.1  13.0   11:44   NNE
26  69.4  73.5   16:52  64.2   23:54   0.0   4.4  0.31   0.2   9.0   15:33   NNW
27  69.3  81.3   13:47  62.7   06:08   0.5   4.8  0.68   0.3  18.0   15:53     N
28  68.7  79.0   14:20  62.8   23:00   0.6   4.2  0.07   0.1   7.0   10:32   NNE
29  66.5  72.9   15:46  59.0   06:03   1.3   2.8  0.00   0.3  11.0   07:40   WNW
30  67.9  76.7   13:36  59.0   05:50   1.5   4.4  0.00   0.1   6.0   11:50   NNW
31  70.7  79.4   15:14  63.1   02:50   0.4   6.1  0.00   0.1   5.0   09:59     N
----------------------------------------------------------------------------------
    70.9  89.7     1    51.8    19    29.3 211.3  3.75   0.5  18.0    27       N

Max >=  80.0: 12
Max <=  32.0:  0
Min <=  32.0:  0
Min <=   0.0:  0
Max Rain: 0.93 on day 25
Days of Rain: 11 (>= 0.01 in)  6 (>= 0.10 in)  0 (>= 1.00 in)
Heat Base: 65.0  Cool Base: 65.0  Method: Integration