NOAA-Style Climate Reports


Report for 2018 June
                   Monthly Climatological Summary for Jun 2018

Name: East Unity, NH   City: Unity   State: NH
Elevation: 1384 ft  Lat: N 43° 17' 19"   Lon: W 072° 11' 41"

                  Temperature (°F), Rain (in), Wind Speed (mph)

                                      Heat  Cool        Avg
    Mean                              Deg   Deg         Wind                 Dom
Day Temp  High   Time   Low    Time   Days  Days  Rain  Speed High   Time    Dir
----------------------------------------------------------------------------------
 1  69.7  77.5   16:26  64.8   05:22   0.0   4.7  0.02   0.2   7.0   00:38   ENE
 2  68.2  74.0   15:13  59.0   23:57   0.5   3.7  0.00   0.0   2.0   13:48   ---
 3  59.2  67.5   15:21  48.3   23:56   6.1   0.3  0.00   0.0   0.0   00:00   ---
 4  47.4  50.3   16:44  44.0   05:26  17.6   0.0  0.39   0.0   6.0   18:27   NNE
 5  52.0  58.9   09:55  45.4   04:24  13.0   0.0  0.02   0.3  11.0   15:44     N
 6  56.0  63.2   12:22  45.8   05:22   9.0   0.0  0.01   0.6  11.0   10:13     N
 7  59.0  65.3   11:17  50.5   03:38   6.0   0.0  0.00   0.3   8.0   11:13   NNE
 8  63.2  71.7   14:48  51.5   04:52   4.0   2.2  0.00   0.6   9.0   10:21    NW
 9  64.0  72.2   15:19  53.7   05:03   3.3   2.3  0.00   0.7  13.0   13:12    NW
10  62.1  70.7   15:21  51.4   05:28   4.3   1.4  0.00   0.8  10.0   10:37     N
11  60.6  68.5   16:55  49.7   05:52   5.3   0.9  0.00   1.0  12.0   07:53   NNE
12  63.4  75.5   15:42  47.3   05:54   4.9   3.4  0.00   1.4  15.0   15:58   NNE
13  63.8  73.2   10:10  53.2   05:54   2.5   1.3  0.00   0.9   9.0   09:46    NE
14  61.0  66.3   08:47  57.4   04:28   4.0   0.0  0.01   1.4  19.0   06:39    NW
15  58.1  67.1   18:23  52.6   11:31   7.0   0.2  0.02   0.5  10.0   16:21    NW
16  65.8  74.7   12:46  53.1   05:06   3.1   3.9  0.00   0.5  10.0   12:29   WNW
17  71.7  82.0   15:24  57.2   06:23   1.2   7.8  0.00   0.3   8.0   14:57   NNE
18  72.5  84.4   15:01  64.0   05:52   0.1   7.6  0.20   0.7  14.0   17:28    NE
19  65.9  69.9   16:18  59.6   23:50   0.9   1.8  0.05   1.5  17.0   13:46    NW
20  65.0  73.8   10:27  54.4   05:48   3.0   3.0  0.00   0.4   9.0   15:57   NNE
21  65.0  72.4   14:50  56.6   23:59   2.3   2.3  0.00   0.8  14.0   15:49     N
22  63.9  74.6   15:22  49.4   05:48   4.4   3.3  0.00   0.5   9.0   09:53    NE
23  56.2  60.4   00:00  51.5   23:02   8.8   0.0  0.19   0.2   9.0   12:14   NNE
24  60.3  68.6   15:37  51.5   00:04   5.5   0.8  0.01   0.3   9.0   18:25   NNE
25  61.4  67.2   15:07  53.9   23:58   3.8   0.3  0.01   1.6  16.0   14:38    NW
26  62.9  73.3   16:20  51.0   03:47   4.6   2.5  0.00   0.5   9.0   11:13     N
27  62.5  70.0   13:08  55.3   04:54   3.8   1.3  0.34   0.6   8.0   13:08    NE
28  65.5  69.5   17:36  58.1   00:00   1.3   1.7  0.44   0.6   8.0   01:34   NNE
29  71.9  80.2   15:43  62.9   05:18   0.2   7.1  0.00   0.4   9.0   16:06    NW
30  76.0  84.4   14:27  66.3   06:15   0.0  11.0  0.00   0.3  13.0   15:44     N
----------------------------------------------------------------------------------
    63.1  84.4    18    44.0     4   130.5  74.8  1.71   0.6  19.0    14       N

Max >=  80.0:  4
Max <=  32.0:  0
Min <=  32.0:  0
Min <=   0.0:  0
Max Rain: 0.44 on day 28
Days of Rain: 13 (>= 0.01 in)  5 (>= 0.10 in)  0 (>= 1.00 in)
Heat Base: 65.0  Cool Base: 65.0  Method: Integration