NOAA-Style Climate Reports


Report for 2018 May
                   Monthly Climatological Summary for May 2018

Name: East Unity, NH   City: Unity   State: NH
Elevation: 1384 ft  Lat: N 43° 17' 19"   Lon: W 072° 11' 41"

                  Temperature (°F), Rain (in), Wind Speed (mph)

                                      Heat  Cool        Avg
    Mean                              Deg   Deg         Wind                 Dom
Day Temp  High   Time   Low    Time   Days  Days  Rain  Speed High   Time    Dir
----------------------------------------------------------------------------------
 1  50.5  64.6   17:42  40.5   01:07  14.5   0.0  0.01   1.2  16.0   17:00    NW
 2  69.5  85.6   14:26  52.0   02:24   3.5   8.0  0.00   1.5  22.0   17:18    NW
 3  68.4  78.5   10:08  62.8   05:45   0.2   3.6  0.16   0.9  14.0   15:52   WNW
 4  66.3  78.9   16:54  58.8   06:10   2.1   3.4  0.18   1.1  19.0   21:59     E
 5  58.3  69.9   16:27  46.2   05:51   7.4   0.7  0.00   3.2  28.0   04:04    NW
 6  55.9  59.3   15:02  51.7   22:36   9.1   0.0  0.09   0.4   9.0   11:06     S
 7  56.9  69.2   15:20  47.3   05:06   8.4   0.3  0.00   1.4  12.0   08:08   NNW
 8  60.5  76.5   14:47  43.0   05:44   7.4   2.9  0.00   0.8  11.0   12:25   NNW
 9  64.3  81.2   15:59  47.4   05:55   5.5   4.8  0.00   1.2  11.0   17:07   ENE
10  59.8  74.6   11:59  44.2   05:52   6.6   1.4  0.00   1.1  14.0   23:52    NE
11  53.8  61.5   15:16  44.1   23:56  11.2   0.0  0.00   2.5  16.0   05:16    NW
12  45.2  50.5   10:15  38.7   06:08  19.7   0.0  0.00   0.3  10.0   08:10   ENE
13  52.0  68.5   15:03  34.2   06:10  13.4   0.4  0.01   1.0  11.0   10:41   ENE
14  59.5  75.2   15:13  45.4   04:19   7.8   2.3  0.00   0.8  12.0   16:21   NNW
15  61.8  77.5   14:28  53.7   23:01   5.7   2.5  0.07   0.9  18.0   15:30     N
16  57.0  66.2   16:52  47.0   05:52   8.0   0.1  0.00   0.9  12.0   17:42   ENE
17  64.2  76.5   14:54  53.2   03:11   4.2   3.4  0.00   0.6  11.0   21:22   NNE
18  56.5  68.3   15:40  44.7   05:55   8.8   0.3  0.00   1.3  14.0   12:23   NNE
19  48.8  57.1   11:36  41.3   05:30  16.2   0.0  0.35   0.5  10.0   11:04    NE
20  58.4  65.1   13:44  49.8   00:00   6.6   0.0  0.02   0.5  13.0   16:20    NW
21  60.9  72.3   15:19  47.4   05:27   5.9   1.7  0.00   0.9  15.0   17:49    NW
22  56.5  64.6   10:45  51.0   23:09   8.5   0.0  0.12   0.4   8.0   18:43   NNE
23  62.7  75.2   15:42  50.9   00:16   5.0   2.8  0.03   1.1  16.0   14:05    NW
24  61.7  70.6   17:03  52.7   05:37   4.4   1.1  0.00   1.4  15.0   10:57   WNW
25  68.4  81.2   13:57  55.0   05:10   2.7   6.1  0.00   1.1  18.0   10:50     N
26  70.0  78.9   15:50  63.9   23:54   0.1   5.1  0.00   0.6  12.0   18:17   NNE
27  53.1  63.9   00:00  47.3   23:59  11.9   0.0  0.15   1.6  17.0   03:00    NE
28  54.9  66.1   16:17  45.2   06:13  10.2   0.1  0.05   0.4   8.0   15:51   NNE
29  68.1  79.1   15:36  56.0   05:22   2.5   5.6  0.00   0.9  16.0   12:01   NNW
30  67.1  76.4   15:40  56.0   05:34   2.1   4.1  0.00   0.8  13.0   08:27    NE
31  68.0  78.6   14:27  54.6   05:36   2.4   5.5  0.00   0.9  11.0   10:10    NE
----------------------------------------------------------------------------------
    60.0  85.6     2    34.2    13   222.0  66.2  1.24   1.0  28.0     5       N

Max >=  80.0:  3
Max <=  32.0:  0
Min <=  32.0:  0
Min <=   0.0:  0
Max Rain: 0.35 on day 19
Days of Rain: 12 (>= 0.01 in)  5 (>= 0.10 in)  0 (>= 1.00 in)
Heat Base: 65.0  Cool Base: 65.0  Method: Integration