NOAA-Style Climate Reports


Report for 2018 April
                   Monthly Climatological Summary for Apr 2018

Name: East Unity, NH   City: Unity   State: NH
Elevation: 1384 ft  Lat: N 43° 17' 19"   Lon: W 072° 11' 41"

                  Temperature (°F), Rain (in), Wind Speed (mph)

                                      Heat  Cool        Avg
    Mean                              Deg   Deg         Wind                 Dom
Day Temp  High   Time   Low    Time   Days  Days  Rain  Speed High   Time    Dir
----------------------------------------------------------------------------------
 1  38.6  46.9   13:26  27.8   23:58  26.3   0.0  0.00   2.9  22.0   11:24   WNW
 2  32.1  40.6   14:29  26.9   05:25  32.9   0.0  0.00   1.0  12.0   14:33    NW
 3  34.0  44.0   11:35  28.7   04:37  31.0   0.0  0.12   0.6   9.0   11:09   ESE
 4  36.1  42.6   14:55  30.0   00:00  28.9   0.0  0.26   1.6  25.0   22:37    NW
 5  26.8  34.4   14:27  20.3   06:08  38.0   0.0  0.00   4.9  28.0   05:08   WNW
 6  27.9  35.5   12:14  17.7   04:45  37.1   0.0  0.10   1.2  12.0   11:08     E
 7  31.5  37.4   15:02  25.7   23:58  33.4   0.0  0.00   1.9  17.0   10:14   WNW
 8  27.7  34.8   10:53  21.2   06:19  37.3   0.0  0.00   2.2  16.0   22:41    NW
 9  27.6  35.6   15:04  18.9   06:50  37.4   0.0  0.00   2.6  17.0   07:33   WNW
10  31.2  38.7   13:53  25.7   23:56  33.8   0.0  0.01   0.5   9.0   15:26   ENE
11  34.5  46.6   14:29  23.9   03:15  30.5   0.0  0.00   0.5  11.0   13:31   WNW
12  39.6  51.6   13:51  30.1   06:31  25.3   0.0  0.11   0.7   9.0   13:03   NNE
13  46.3  54.3   12:05  37.5   03:10  18.7   0.0  0.00   0.6  12.0   08:32   WNW
14  36.4  44.1   00:00  26.7   23:35  28.6   0.0  0.00   2.8  17.0   10:10     N
15  25.2  27.0   01:48  23.2   20:38  39.8   0.0  0.19   3.5  18.0   22:02   ENE
16  31.2  36.6   22:35  24.0   00:20  33.8   0.0  0.74   5.5  32.0   13:20   ENE
17  34.6  38.0   14:05  31.0   22:58  30.4   0.0  0.05   1.0  15.0   17:50    NW
18  35.5  43.3   12:32  29.4   05:22  29.5   0.0  0.00   1.8  16.0   11:04    NW
19  34.9  41.4   12:58  31.7   23:58  30.1   0.0  0.00   1.4  12.0   21:37    NW
20  34.0  40.2   15:32  30.1   02:24  31.0   0.0  0.00   3.8  17.0   11:26    NW
21  41.2  50.9   14:36  31.5   06:04  23.8   0.0  0.00   2.7  18.0   13:56   WNW
22  44.3  54.7   14:53  34.1   05:08  20.7   0.0  0.00   2.4  16.0   10:29    NW
23  49.7  64.5   14:28  33.8   06:00  15.3   0.0  0.00   0.9   9.0   10:07   NNW
24  53.9  70.8   14:24  37.3   06:27  11.9   0.8  0.00   1.4  12.0   14:00    SE
25  48.8  53.4   16:09  45.0   06:17  16.2   0.0  0.14   1.0  12.0   11:15     E
26  48.9  57.0   15:39  41.1   23:43  16.1   0.0  0.17   1.1  17.0   13:28    NW
27  47.1  56.5   13:35  39.3   05:57  17.9   0.0  0.15   0.3   8.0   11:12   ENE
28  53.0  65.7   15:44  44.7   04:57  12.0   0.0  0.08   0.6  11.0   11:47    NW
29  43.7  49.0   00:00  35.9   22:37  21.3   0.0  0.25   0.6  12.0   13:44   WNW
30  38.9  47.0   15:54  33.7   05:35  26.1   0.0  0.21   1.0  17.0   16:17    NW
----------------------------------------------------------------------------------
    37.8  70.8    24    17.7     6   815.1   0.8  2.58   1.8  32.0    16     NNW

Max >=  80.0:  0
Max <=  32.0:  1
Min <=  32.0: 20
Min <=   0.0:  0
Max Rain: 0.74 on day 16
Days of Rain: 14 (>= 0.01 in)  11 (>= 0.10 in)  0 (>= 1.00 in)
Heat Base: 65.0  Cool Base: 65.0  Method: Integration