NOAA-Style Climate Reports


Report for 2018 March
                   Monthly Climatological Summary for Mar 2018

Name: East Unity, NH   City: Unity   State: NH
Elevation: 1384 ft  Lat: N 43° 17' 19"   Lon: W 072° 11' 41"

                  Temperature (°F), Rain (in), Wind Speed (mph)

                                      Heat  Cool        Avg
    Mean                              Deg   Deg         Wind                 Dom
Day Temp  High   Time   Low    Time   Days  Days  Rain  Speed High   Time    Dir
----------------------------------------------------------------------------------
 1  40.5  45.6   13:38  34.5   23:56  24.5   0.0  0.00   2.0  18.0   22:51     N
 2  33.0  35.9   15:15  30.2   03:57  31.8   0.0  0.65   5.6  22.0   15:33   NNE
 3  33.7  37.5   15:36  29.2   06:15  31.3   0.0  0.00   4.6  20.0   02:36   NNW
 4  32.5  35.2   11:47  29.9   23:41  32.5   0.0  0.00   3.3  15.0   15:17    NW
 5  31.8  36.9   13:03  28.3   23:56  33.2   0.0  0.00   3.1  16.0   11:46     N
 6  30.3  41.3   13:42  21.5   06:58  34.7   0.0  0.00   1.4  11.0   15:10   ENE
 7  27.7  29.2   11:06  26.7   06:47  37.3   0.0  0.28   3.6  19.0   16:38    NE
 8  27.4  29.4   14:57  23.1   21:49  37.6   0.0  0.45   1.7  14.0   01:20   NNW
 9  26.7  34.3   13:42  20.2   06:30  38.3   0.0  0.03   0.7  13.0   14:05    NW
10  27.9  33.2   15:29  23.1   06:38  37.1   0.0  0.00   2.5  18.0   14:13   WNW
11  30.3  36.2   14:15  25.5   03:11  33.3   0.0  0.00   2.4  18.0   11:58   WNW
12  29.5  37.6   14:23  21.0   07:39  35.4   0.0  0.00   2.0  19.0   23:34   ENE
13  27.0  30.1   00:00  25.8   13:59  38.0   0.0  0.43   3.9  18.0   03:36     N
14  28.4  32.9   14:41  25.3   07:21  36.4   0.0  0.31   0.7  10.0   11:29    NW
15  28.9  35.2   14:38  24.8   06:48  36.1   0.0  0.03   2.3  21.0   15:59   WNW
16  24.4  29.2   15:03  19.9   21:03  40.6   0.0  0.00   4.4  23.0   15:33   WNW
17  18.8  30.5   13:19   7.7   23:18  46.2   0.0  0.00   4.1  23.0   12:16    NW
18  13.5  22.5   13:44   4.3   07:02  51.5   0.0  0.00   3.2  20.0   14:00   WNW
19  18.1  27.4   14:24   7.8   07:02  46.9   0.0  0.00   3.1  21.0   13:16   WNW
20  24.6  38.0   14:33  12.2   07:12  40.4   0.0  0.00   1.7  14.0   11:38   NNW
21  27.1  34.6   16:53  17.2   07:05  37.8   0.0  0.00   2.0  14.0   11:47   NNE
22  35.4  43.1   15:17  30.1   07:05  29.6   0.0  0.00   4.2  21.0   16:43    NW
23  33.4  39.5   13:46  27.8   07:06  31.6   0.0  0.00   3.4  16.0   13:06    NW
24  32.3  39.6   13:33  27.2   03:12  32.7   0.0  0.00   2.4  17.0   12:41    NW
25  31.1  39.5   13:51  25.5   04:24  33.9   0.0  0.00   2.6  20.0   09:41    NE
26  32.1  45.7   14:40  21.6   07:01  32.9   0.0  0.00   1.3  15.0   10:56    NE
27  34.7  46.5   14:19  22.6   07:17  30.3   0.0  0.00   0.8  12.0   11:23     E
28  39.9  48.6   16:09  32.4   07:03  25.1   0.0  0.00   0.7   9.0   16:49    NW
29  40.3  47.5   13:21  33.3   06:38  24.7   0.0  0.02   0.2   7.0   13:16    SE
30  41.6  46.5   12:10  35.7   23:58  23.4   0.0  0.03   1.9  15.0   16:27    NW
31  38.4  48.9   14:34  29.1   06:52  26.6   0.0  0.00   2.6  19.0   15:33    NW
----------------------------------------------------------------------------------
    30.4  48.9    31     4.3    18  1071.7   0.0  2.23   2.5  23.0    16     NNW

Max >=  80.0:  0
Max <=  32.0:  7
Min <=  32.0: 27
Min <=   0.0:  0
Max Rain: 0.65 on day 2
Days of Rain: 9 (>= 0.01 in)  5 (>= 0.10 in)  0 (>= 1.00 in)
Heat Base: 65.0  Cool Base: 65.0  Method: Integration