NOAA-Style Climate Reports


Report for 2018 February
                   Monthly Climatological Summary for Feb 2018

Name: East Unity, NH   City: Unity   State: NH
Elevation: 1384 ft  Lat: N 43° 17' 19"   Lon: W 072° 11' 41"

                  Temperature (°F), Rain (in), Wind Speed (mph)

                                      Heat  Cool        Avg
    Mean                              Deg   Deg         Wind                 Dom
Day Temp  High   Time   Low    Time   Days  Days  Rain  Speed High   Time    Dir
----------------------------------------------------------------------------------
 1  27.2  31.5   23:32  23.7   00:00  37.8   0.0  0.03   0.8  11.0   11:25   SSW
 2  15.6  31.5   00:22   0.6   23:31  49.4   0.0  0.07   3.9  20.0   11:43   WNW
 3   8.9  19.7   14:49  -2.5   06:40  56.1   0.0  0.00   1.2  13.0   11:06    NW
 4  26.9  35.2   23:28  15.3   00:00  38.1   0.0  0.52   1.4  15.0   08:25    NE
 5  24.6  35.0   00:00  11.3   23:58  40.4   0.0  0.02   2.4  21.0   09:45   WNW
 6  18.0  26.6   14:02  11.2   00:09  47.0   0.0  0.00   0.7  12.0   16:06    NW
 7  19.4  25.7   17:06  13.1   04:03  45.6   0.0  0.67   1.0  15.0   21:42   ENE
 8  16.8  22.2   00:00  11.3   23:57  48.2   0.0  0.00   1.8  16.0   02:59    NW
 9  16.1  22.7   12:45   8.0   07:12  48.9   0.0  0.00   0.7  12.0   12:08     S
10  34.1  42.1   14:29  22.7   00:00  30.8   0.0  0.07   0.6   9.0   11:28   ENE
11  35.2  38.7   00:47  33.0   20:49  29.8   0.0  0.23   0.5  10.0   15:27   ENE
12  30.7  38.6   03:35  20.7   23:56  34.3   0.0  0.00   3.0  19.0   04:43   WNW
13  19.7  26.9   14:11  12.4   07:34  45.3   0.0  0.00   1.3  13.0   02:36    NW
14  28.8  38.0   14:28  18.6   01:20  36.1   0.0  0.00   0.8  10.0   02:08     E
15  37.5  44.3   12:15  30.2   07:05  27.5   0.0  0.00   0.4   9.0   21:51   SSE
16  37.0  43.2   05:09  22.8   23:59  28.0   0.0  0.07   2.4  18.0   16:45   WNW
17  25.0  33.3   13:44  14.4   07:23  40.0   0.0  0.06   1.2  18.0   00:50    NW
18  28.1  35.2   14:01  24.2   07:13  36.9   0.0  0.10   1.5  17.0   14:51   WNW
19  32.0  42.0   13:44  20.4   06:46  33.0   0.0  0.00   1.4  17.0   12:17     S
20  46.0  53.0   14:15  38.4   00:00  19.0   0.0  0.02   0.7  11.0   23:00    SW
21  49.8  63.0   14:17  37.5   23:58  15.2   0.0  0.00   1.9  19.0   16:36   WNW
22  30.1  37.5   00:00  24.7   20:29  35.0   0.0  0.10   1.4  13.0   02:21   NNW
23  29.3  35.6   13:00  21.4   06:25  35.7   0.0  0.08   1.0  11.0   09:47     E
24  37.1  43.9   13:24  29.6   22:39  27.9   0.0  0.01   2.3  25.0   07:56   WNW
25  30.6  33.0   15:49  26.5   07:34  34.4   0.0  0.22   1.7  17.0   06:30     E
26  35.3  42.7   14:25  30.4   07:20  29.7   0.0  0.00   1.6  17.0   14:54   WNW
27  35.4  44.5   14:03  27.9   03:53  29.6   0.0  0.00   1.2  14.0   11:49   WNW
28  42.0  53.7   13:04  32.2   06:24  23.0   0.0  0.00   1.2  10.0   14:47    SE
----------------------------------------------------------------------------------
    29.2  63.0    21    -2.5     3  1002.7   0.0  2.27   1.4  25.0    24      NW

Max >=  80.0:  0
Max <=  32.0:  8
Min <=  32.0: 24
Min <=   0.0:  1
Max Rain: 0.67 on day 7
Days of Rain: 15 (>= 0.01 in)  6 (>= 0.10 in)  0 (>= 1.00 in)
Heat Base: 65.0  Cool Base: 65.0  Method: Integration