NOAA-Style Climate Reports


Report for 2018 January
                   Monthly Climatological Summary for Jan 2018

Name: East Unity, NH   City: Unity   State: NH
Elevation: 1384 ft  Lat: N 43° 17' 19"   Lon: W 072° 11' 41"

                  Temperature (°F), Rain (in), Wind Speed (mph)

                                      Heat  Cool        Avg
    Mean                              Deg   Deg         Wind                 Dom
Day Temp  High   Time   Low    Time   Days  Days  Rain  Speed High   Time    Dir
----------------------------------------------------------------------------------
 1  -4.8   2.4   14:00 -10.3   06:07  69.8   0.0  0.00   2.0  16.0   13:54   WNW
 2   2.1   9.9   14:28  -7.4   08:12  62.9   0.0  0.00   0.9  14.0   09:55   SSW
 3  11.6  19.7   14:09   5.7   06:50  53.4   0.0  0.00   0.6  10.0   04:11   SSE
 4  13.8  17.6   16:12   9.4   01:39  51.1   0.0  0.50   3.4  27.0   17:22    NW
 5   2.6  14.8   00:00  -6.6   22:10  62.4   0.0  0.01   4.4  23.0   15:27   WNW
 6  -4.2   0.8   12:51  -8.4   23:28  69.0   0.0  0.00   3.9  22.0   11:44   WNW
 7  -1.5   8.9   23:29 -12.4   03:47  66.5   0.0  0.00   1.2  14.0   00:12   WNW
 8  18.8  27.2   13:10   8.6   01:21  46.2   0.0  0.00   1.1  10.0   18:03     E
 9  27.7  32.7   12:30  21.8   00:35  37.1   0.0  0.00   2.7  23.0   14:46   WNW
10  24.4  32.1   14:06  17.5   06:19  40.6   0.0  0.00   0.8  13.0   22:05    NW
11  37.9  44.3   23:03  28.9   00:29  27.0   0.0  0.00   1.2  16.0   21:47     W
12  50.0  54.3   18:11  42.7   00:31  15.0   0.0  1.50   1.6  19.0   14:09     E
13  23.4  52.7   00:00   6.9   23:35  41.7   0.0  0.74   3.6  22.0   08:55   NNW
14   5.0  10.0   15:21   0.6   07:45  59.6   0.0  0.00   2.4  13.0   07:15   NNW
15   8.1  15.6   15:25  -0.5   07:39  56.9   0.0  0.00   0.7   9.0   14:05   NNE
16  20.5  27.3   14:59  13.9   04:09  44.5   0.0  0.05   0.3   7.0   11:24     S
17  24.6  28.1   15:51  19.6   23:30  40.4   0.0  0.19   0.1   9.0   19:04   WNW
18  17.4  22.4   15:26  10.8   08:07  47.6   0.0  0.00   1.4  13.0   13:58   WNW
19  22.4  27.1   14:29  17.6   06:24  42.6   0.0  0.00   0.6  10.0   03:26    NW
20  31.6  40.6   14:11  21.7   03:12  33.3   0.0  0.00   1.8  22.0   13:22    NW
21  34.7  39.7   14:10  29.8   00:59  30.2   0.0  0.00   0.4  11.0   11:27   WNW
22  30.4  33.1   00:00  26.4   18:43  34.6   0.0  0.08   1.1  14.0   16:33   ENE
23  31.4  34.1   20:20  26.3   02:02  33.6   0.0  0.77   0.6  12.0   21:52   NNE
24  25.9  33.6   04:49  13.7   23:57  39.1   0.0  0.00   3.3  23.0   12:44   WNW
25  14.1  17.7   13:23  10.4   08:12  50.9   0.0  0.00   3.6  19.0   14:49   WNW
26  16.4  25.0   14:44   8.9   06:45  48.0   0.0  0.00   1.2  11.0   01:54   WNW
27  31.3  41.3   14:23  18.6   01:24  33.7   0.0  0.00   1.4  12.0   07:57   NNE
28  38.0  42.4   12:50  32.6   23:58  27.0   0.0  0.00   0.5  11.0   08:34   WNW
29  28.6  32.8   11:38  23.0   23:56  36.4   0.0  0.00   1.4  12.0   21:11    NE
30  21.0  27.1   14:32  12.4   23:53  44.0   0.0  0.00   3.4  17.0   19:45   NNW
31  16.9  24.0   15:55   8.0   06:41  48.1   0.0  0.00   1.4  10.0   06:54   WNW
----------------------------------------------------------------------------------
    20.0  54.3    12   -12.4     7  1393.2   0.0  3.84   1.7  27.0     4      NW

Max >=  80.0:  0
Max <=  32.0: 18
Min <=  32.0: 29
Min <=   0.0:  6
Max Rain: 1.50 on day 12
Days of Rain: 8 (>= 0.01 in)  5 (>= 0.10 in)  1 (>= 1.00 in)
Heat Base: 65.0  Cool Base: 65.0  Method: Integration