NOAA-Style Climate Reports


Report for 2018
                   Annual Climatological Summary for 2018

Name: East Unity, NH   City: Unity   State: NH
Elevation: 1384 ft  Lat: N 43° 17' 19"   Lon: W 072° 11' 41"

                  Temperature (°F), Heat Base: 65.0  Cool Base: 65.0
                          Dep.  Heat  Cool                       Max  Max  Min  Min
        Mean  Mean        From  Deg   Deg                        >=   <=   <=   <=
 YR MO  Max   Min   Mean  Norm  Days  Days  Hi  Date  Low  Date 80.0 32.0 32.0   0.0
------------------------------------------------------------------------------------
 18  1  27.1  12.6  20.0  -0.6  1393     0  54.3  12 -12.4    7    0   18   29    6
 18  2  37.1  20.7  29.2   4.9  1002     0  63.0  21  -2.5    3    0    8   24    1
 18  3  37.4  24.0  30.4  -2.7  1071     0  48.9  31   4.3   18    0    7   27    0
 18  4  46.1  30.2  37.8  -7.3   815     0  70.8  24  17.7    6    0    1   20    0
 18  5  71.3  49.2  60.0   4.2   221    66  85.6   2  34.2   13    3    0    0    0
 18  6  70.9  54.0  63.1  -1.8   130    74  84.4  18  44.0    4    4    0    0    0
 18  7  79.2  62.1  70.9   0.9    29   211  89.7   1  51.8   19   12    0    0    0
 18  8  75.6  62.5  68.9   0.4    30   152  85.6  29  54.0   24    6    0    0    0
 18  9  67.8  55.1  61.2   1.2   178    64  83.9   3  41.6   23    5    0    0    0
 18 10  51.3  39.4  45.0  -3.2   624     4  75.0  10  26.8   26    0    0   10    0
 18 11  44.1  33.4  39.1   0.8   336     0  55.9   2  22.1   12    0    0    7    0
 18 12
------------------------------------------------------------------------------------
        55.3  40.3  47.8  -0.3  5834   574  89.7 Jul -12.4  Jan   30   34  117    7

                                Precipitation (in)

              Dep.   Max        Days of Rain
              From   Obs.           >=
 YR MO Total  Norm   Day Date 0.01 0.10 1.00
---------------------------------------------
 18  1  3.84  1.14  1.50  12     8    5    1
 18  2  2.27 -0.35  0.67   7    15    6    0
 18  3  2.23 -1.04  0.65   2     9    5    0
 18  4  2.58 -0.83  0.74  16    14   11    0
 18  5  1.24 -2.42  0.35  19    12    5    0
 18  6  1.71 -1.98  0.44  28    13    5    0
 18  7  3.75  0.01  0.93  25    11    6    0
 18  8  2.93 -0.25  0.73  18    13    7    0
 18  9  3.62  0.24  1.00  25    11    8    1
 18 10  4.09  0.05  1.50  11    15    7    1
 18 11  4.72  1.00  1.41   2     8    7    1
 18 12
---------------------------------------------
       32.98 -4.43  1.50  Jan  129   72    4

                                Wind Speed (mph)
                          Dom
 YR MO   Avg.  Hi   Date  Dir
------------------------------
 18  1   1.7  27.0    4    NW
 18  2   1.4  25.0   24    NW
 18  3   2.5  23.0   16   NNW
 18  4   1.8  32.0   16    NW
 18  5   1.0  28.0    5     N
 18  6   0.6  19.0   14     N
 18  7   0.5  18.0   27     N
 18  8   0.4  23.0   23     N
 18  9   0.5  17.0   22   NNE
 18 10   1.2  29.0   27   NNW
 18 11   1.4  31.0    3   NNW
 18 12
------------------------------
         1.2  32.0  Apr   NNW