NOAA-Style Climate Reports


Report for 2017 December
                   Monthly Climatological Summary for Dec 2017

Name: East Unity, NH   City: Unity   State: NH
Elevation: 1384 ft  Lat: N 43° 17' 19"   Lon: W 072° 11' 41"

                  Temperature (°F), Rain (in), Wind Speed (mph)

                                      Heat  Cool        Avg
    Mean                              Deg   Deg         Wind                 Dom
Day Temp  High   Time   Low    Time   Days  Days  Rain  Speed High   Time    Dir
----------------------------------------------------------------------------------
 1  36.8  40.4   11:58  32.3   21:30  28.0   0.0  0.00   0.9  11.0   11:14    NW
 2  31.0  35.3   12:28  27.0   07:36  33.4   0.0  0.00   0.2   8.0   10:24   NNE
 3  31.1  35.3   15:16  26.1   07:06  33.6   0.0  0.00   0.1   4.0   15:02   NNE
 4  32.7  39.8   14:52  26.7   07:26  32.3   0.0  0.00   0.1   5.0   11:22   ENE
 5  37.2  48.4   23:58  32.4   00:00  27.7   0.0  0.76   1.0   9.0   01:22   ENE
 6  35.3  49.9   01:04  26.7   21:42  29.7   0.0  0.08   1.2  13.0   11:38   NNW
 7  30.3  35.4   13:05  26.2   03:33  34.7   0.0  0.00   0.7  14.0   13:14   NNW
 8  26.7  32.0   13:15  22.1   07:32  38.3   0.0  0.00   0.5  12.0   11:31   NNE
 9  26.5  30.1   12:39  25.0   03:11  38.4   0.0  0.15   0.5   8.0   14:57    NE
10  25.1  29.0   12:07  22.2   20:12  39.9   0.0  0.00   0.4  10.0   13:33     N
11  25.4  29.5   11:55  22.0   21:28  39.6   0.0  0.00   0.4   8.0   11:20   NNW
12  25.6  29.5   13:32  22.5   00:00  39.4   0.0  0.37   1.2  12.0   12:41   ENE
13  15.6  25.1   00:00   9.7   23:29  49.3   0.0  0.00   2.5  19.0   14:34    NW
14  12.5  17.3   12:52   6.3   23:40  52.5   0.0  0.00   1.4  18.0   12:10    NW
15  13.3  20.9   13:04   5.0   04:55  51.7   0.0  0.00   0.3   9.0   01:04   SSE
16  16.1  25.5   13:03   9.8   05:05  48.9   0.0  0.00   0.8  15.0   16:35   WNW
17  12.3  18.0   14:53   7.2   07:24  52.7   0.0  0.00   0.6   9.0   12:06   WNW
18  20.9  29.0   23:34  10.7   00:00  44.1   0.0  0.04   0.4   7.0   11:40   NNE
19  34.0  37.0   14:31  28.5   00:32  30.9   0.0  0.02   0.8  14.0   22:54    NE
20  29.1  32.7   12:02  22.2   22:07  36.0   0.0  0.00   3.1  21.0   11:50    NW
21  17.0  22.5   00:00  11.9   08:12  48.0   0.0  0.00   1.1  12.0   02:25    NW
22  15.4  19.5   22:45  12.0   00:28  49.6   0.0  0.40   0.2   4.0   09:19    NE
23  28.0  33.0   20:57  19.1   00:00  37.0   0.0  0.41   0.0   4.0   14:26   NNE
24  26.0  32.9   00:10  20.3   21:14  39.0   0.0  0.00   0.0   0.0   00:00   ---
25  20.2  26.0   13:04  13.7   23:59  44.8   0.0  0.29   0.0   0.0   00:00   ---
26  10.6  15.2   03:14   2.9   23:51  54.4   0.0  0.00   0.4  23.0   13:07    NW
27   3.0   9.1   12:51  -1.7   07:50  62.0   0.0  0.00   1.2  18.0   19:50   WNW
28  -4.1   0.6   15:03  -9.9   07:45  68.7   0.0  0.00   2.8  19.0   11:53   WNW
29  -3.5   1.6   13:22  -9.3   06:03  68.0   0.0  0.00   1.4  14.0   15:19   WNW
30   0.8  10.0   14:43  -5.9   03:56  64.2   0.0  0.00   0.2   6.0   00:23    NW
31  -2.4   2.1   00:07  -7.8   23:20  67.4   0.0  0.00   1.8  19.0   11:31   WNW
----------------------------------------------------------------------------------
    20.3  49.9     6    -9.9    28  1384.2   0.0  2.52   0.8  23.0    26      NW

Max >=  80.0:  0
Max <=  32.0: 20
Min <=  32.0: 29
Min <=   0.0:  5
Max Rain: 0.76 on day 5
Days of Rain: 9 (>= 0.01 in)  6 (>= 0.10 in)  0 (>= 1.00 in)
Heat Base: 65.0  Cool Base: 65.0  Method: Integration