NOAA-Style Climate Reports


Report for 2017 November
                   Monthly Climatological Summary for Nov 2017

Name: East Unity, NH   City: Unity   State: NH
Elevation: 1384 ft  Lat: N 43° 17' 19"   Lon: W 072° 11' 41"

                  Temperature (°F), Rain (in), Wind Speed (mph)

                                      Heat  Cool        Avg
    Mean                              Deg   Deg         Wind                 Dom
Day Temp  High   Time   Low    Time   Days  Days  Rain  Speed High   Time    Dir
----------------------------------------------------------------------------------
 1  39.1  46.5   13:24  31.0   07:21  25.9   0.0  0.04   0.1   9.0   12:51   ENE
 2  53.8  60.1   16:38  42.9   00:00  11.2   0.0  0.05   0.9  11.0   23:31   ENE
 3  56.0  62.3   10:42  42.3   23:59   9.0   0.0  0.04   1.7  16.0   19:05   NNW
 4  39.7  46.7   14:52  33.2   08:04  25.3   0.0  0.00   1.3  14.0   00:50     N
 5  45.3  55.6   23:59  37.4   06:27  20.5   0.0  0.02   1.2  11.0   09:19     E
 6  53.4  59.5   11:34  38.9   23:59  11.6   0.0  0.19   1.5  13.0   00:41   NNW
 7  33.3  38.9   00:00  30.8   06:32  31.7   0.0  0.00   1.6  12.0   08:10   NNW
 8  33.3  40.2   13:30  28.0   23:59  31.7   0.0  0.00   0.9  10.0   12:40    NE
 9  34.3  42.4   13:36  24.8   05:29  30.7   0.0  0.00   0.5  10.0   15:38   ENE
10  25.5  41.2   02:56  15.3   23:00  39.6   0.0  0.02   3.7  28.0   07:44    NW
11  20.3  26.6   13:29  13.5   06:39  44.7   0.0  0.00   2.2  18.0   07:34    NW
12  27.9  36.7   13:26  20.3   05:09  37.0   0.0  0.00   0.2   9.0   10:07   ENE
13  30.7  32.4   12:38  26.9   00:00  34.3   0.0  0.02   0.1   4.0   11:23   NNE
14  31.8  33.8   13:33  30.6   03:31  33.1   0.0  0.00   0.0   0.0   00:00   ---
15  32.4  38.8   13:25  27.9   07:43  32.4   0.0  0.00   0.3   6.0   10:55   ENE
16  36.2  41.5   13:25  30.8   00:00  28.8   0.0  0.14   0.3  14.0   23:00     N
17  29.4  35.1   00:00  21.9   23:57  35.6   0.0  0.00   3.3  20.0   12:11    NW
18  30.0  40.6   23:59  20.5   06:15  35.0   0.0  0.03   0.5   9.0   23:52   NNE
19  39.5  52.0   09:36  29.0   23:25  25.4   0.0  0.24   2.9  24.0   14:12   NNW
20  29.9  32.3   18:21  26.0   06:25  35.1   0.0  0.00   2.5  25.0   06:59    NW
21  37.1  47.2   15:11  27.4   06:30  27.9   0.0  0.00   0.9  14.0   14:02   ENE
22  35.6  40.1   11:53  29.0   23:56  29.3   0.0  0.03   1.3  14.0   18:21    NW
23  26.4  31.1   14:49  21.1   07:08  38.4   0.0  0.00   1.5  12.0   01:25    NW
24  32.7  39.3   14:06  25.7   03:04  32.3   0.0  0.00   0.5   9.0   13:10     E
25  39.8  48.7   14:06  31.5   02:06  25.1   0.0  0.00   0.6  10.0   13:43   WSW
26  33.6  41.2   02:10  26.6   18:42  31.1   0.0  0.02   2.2  20.0   12:50    NW
27  28.5  34.6   10:32  15.2   23:56  36.3   0.0  0.00   2.1  20.0   13:26    NW
28  25.3  35.6   23:45  13.0   04:58  39.5   0.0  0.00   0.7  13.0   20:38   NNE
29  38.3  50.6   11:51  27.5   23:55  26.7   0.0  0.00   2.5  23.0   13:05    NW
30  30.7  38.0   20:40  20.5   07:54  34.3   0.0  0.04   1.2  11.0   11:59   NNE
----------------------------------------------------------------------------------
    35.0  62.3     3    13.0    28   899.5   0.0  0.88   1.3  28.0    10     NNW

Max >=  80.0:  0
Max <=  32.0:  2
Min <=  32.0: 25
Min <=   0.0:  0
Max Rain: 0.24 on day 19
Days of Rain: 13 (>= 0.01 in)  3 (>= 0.10 in)  0 (>= 1.00 in)
Heat Base: 65.0  Cool Base: 65.0  Method: Integration