NOAA-Style Climate Reports


Report for 2017 October
                   Monthly Climatological Summary for Oct 2017

Name: East Unity, NH   City: Unity   State: NH
Elevation: 1384 ft  Lat: N 43° 17' 19"   Lon: W 072° 11' 41"

                  Temperature (°F), Rain (in), Wind Speed (mph)

                                      Heat  Cool        Avg
    Mean                              Deg   Deg         Wind                 Dom
Day Temp  High   Time   Low    Time   Days  Days  Rain  Speed High   Time    Dir
----------------------------------------------------------------------------------
 1  47.9  56.4   16:06  39.3   06:51  17.0   0.0  0.00   0.3   8.0   11:02    NW
 2  52.8  63.3   14:15  43.9   07:40  12.2   0.0  0.00   0.3  11.0   11:59    NE
 3  54.3  65.1   14:10  45.3   07:21  10.7   0.0  0.00   0.3   7.0   12:43   ENE
 4  58.5  70.7   14:02  46.9   07:25   7.5   1.0  0.00   0.6  10.0   20:36   ENE
 5  61.5  69.4   14:06  56.0   23:54   4.2   0.7  0.00   0.6  13.0   14:28   NNE
 6  56.3  61.4   15:39  51.9   06:38   8.7   0.0  0.00   0.1   6.0   12:47    NE
 7  59.4  64.6   22:02  52.4   05:23   5.6   0.0  0.02   0.4  10.0   22:31    NE
 8  67.0  72.8   14:39  62.1   23:58   0.3   2.3  0.16   1.1  11.0   12:23    NE
 9  65.0  69.0   15:45  60.0   07:51   1.6   1.6  0.63   0.6  11.0   13:23    NE
10  62.5  68.0   00:00  57.5   23:58   2.9   0.4  0.01   0.6   9.0   09:53   WNW
11  55.3  61.3   11:59  46.0   23:20   9.7   0.0  0.00   0.6  12.0   10:51    NE
12  47.4  54.4   11:54  41.5   23:38  17.6   0.0  0.00   0.8  13.0   09:25    NE
13  47.5  57.4   14:35  36.6   06:31  17.5   0.0  0.00   0.4  10.0   09:58   NNE
14  58.7  67.6   13:58  50.0   00:44   6.7   0.4  0.00   0.3   7.0   04:14    NE
15  61.9  70.6   14:35  54.5   02:16   4.2   1.1  0.02   1.4  12.0   12:02    NE
16  47.2  61.6   00:00  38.2   23:57  17.8   0.0  0.01   1.9  17.0   04:45   NNW
17  41.4  50.5   15:05  33.4   06:53  23.6   0.0  0.00   0.5   8.0   15:10     N
18  50.4  63.3   14:25  39.1   03:08  14.6   0.0  0.00   0.3   9.0   10:32     N
19  55.6  68.3   15:03  46.3   05:30   9.7   0.3  0.00   0.6  10.0   15:04   ENE
20  55.5  61.9   15:34  48.8   07:05   9.5   0.0  0.00   1.2  11.0   11:14    NW
21  58.1  69.2   14:28  48.0   07:40   7.6   0.6  0.00   0.4   9.0   14:47    NE
22  61.0  76.4   13:14  51.4   07:47   6.0   2.1  0.00   0.2   8.0   15:02    NE
23  55.3  64.1   15:35  46.0   05:09   9.7   0.0  0.00   0.5  12.0   13:38    NE
24  64.8  71.0   14:39  59.1   00:00   1.4   1.2  0.96   1.9  16.0   14:31   ENE
25  59.3  63.1   13:28  54.1   22:56   5.7   0.0  0.53   0.2   6.0   12:36   ENE
26  45.7  54.5   00:00  40.3   22:47  19.3   0.0  1.17   1.9  19.0   16:37   NNW
27  43.4  52.7   14:34  35.8   07:46  21.6   0.0  0.01   0.4  11.0   10:20     N
28  49.1  60.9   14:24  38.0   06:41  15.9   0.0  0.00   0.6  11.0   14:11     E
29  55.2  58.4   23:50  52.4   14:41   9.8   0.0  1.03   1.4  21.0   21:32     E
30  49.3  60.3   03:15  38.2   21:37  15.6   0.0  1.09   2.2  34.0   00:10   ENE
31  40.5  47.8   13:55  34.9   23:54  24.5   0.0  0.00   1.1  14.0   15:51   NNE
----------------------------------------------------------------------------------
    54.4  76.4    22    33.4    17   338.7  11.7  5.64   0.8  34.0    30      NE

Max >=  80.0:  0
Max <=  32.0:  0
Min <=  32.0:  0
Min <=   0.0:  0
Max Rain: 1.17 on day 26
Days of Rain: 12 (>= 0.01 in)  7 (>= 0.10 in)  3 (>= 1.00 in)
Heat Base: 65.0  Cool Base: 65.0  Method: Integration