NOAA-Style Climate Reports


Report for 2017 September
                   Monthly Climatological Summary for Sep 2017

Name: East Unity, NH   City: Unity   State: NH
Elevation: 1384 ft  Lat: N 43° 17' 19"   Lon: W 072° 11' 41"

                  Temperature (°F), Rain (in), Wind Speed (mph)

                                      Heat  Cool        Avg
    Mean                              Deg   Deg         Wind                 Dom
Day Temp  High   Time   Low    Time   Days  Days  Rain  Speed High   Time    Dir
----------------------------------------------------------------------------------
 1  50.8  57.1   14:35  44.6   05:57  14.2   0.0  0.00   1.2  14.0   16:45    NW
 2  54.8  64.7   13:33  44.3   06:21  10.2   0.0  0.00   0.4   8.0   11:55   NNE
 3  52.8  54.8   00:00  50.9   10:05  12.2   0.0  0.95   0.5   9.0   07:23   NNE
 4  60.4  69.8   13:57  51.4   06:55   5.5   0.9  0.01   0.7  11.0   11:15   ENE
 5  65.5  74.7   14:06  60.0   03:57   1.9   2.5  0.81   0.8   9.0   19:58    NE
 6  59.5  63.0   00:00  56.5   10:09   5.5   0.0  0.33   0.1   5.0   12:57    NE
 7  57.4  63.8   13:46  51.4   23:59   7.6   0.0  0.16   0.5  10.0   13:14    NE
 8  53.4  62.7   12:55  47.1   06:51  11.6   0.0  0.10   0.2   8.0   09:09   NNE
 9  54.6  61.1   15:41  49.3   04:59  10.4   0.0  0.00   0.6  10.0   11:23     N
10  56.2  64.4   12:12  49.7   05:55   8.8   0.0  0.00   0.7  13.0   11:29   NNE
11  59.2  69.4   13:53  49.4   06:56   6.6   0.9  0.00   0.5  10.0   13:45   NNW
12  63.1  73.4   13:30  54.8   07:08   4.1   2.2  0.00   0.1   6.0   14:06   NNE
13  65.1  75.8   11:35  54.9   06:27   3.0   3.1  0.00   0.2   4.0   09:14   NNE
14  66.9  74.4   14:45  61.1   06:17   1.2   3.0  0.01   0.2   9.0   10:20   ENE
15  67.3  75.9   13:55  63.3   06:32   0.4   2.7  0.00   0.2   7.0   13:42    NE
16  66.6  76.2   14:33  60.5   06:04   1.1   2.7  0.01   0.1   6.0   14:01    NE
17  68.3  79.7   13:35  61.0   07:25   1.1   4.4  0.00   0.1   5.0   11:10    NE
18  66.8  76.7   13:54  59.6   06:53   1.0   2.8  0.00   0.4   8.0   13:33    NE
19  65.0  69.9   15:24  61.8   06:43   1.1   1.1  0.00   1.4  12.0   12:24    NE
20  66.9  72.6   15:08  63.5   07:13   0.4   2.3  0.00   2.1  15.0   12:29    NE
21  64.9  73.6   13:59  57.8   23:53   2.0   1.9  0.00   0.6  11.0   13:33    NE
22  61.9  69.4   16:12  54.1   07:11   4.1   1.0  0.00   1.1  17.0   10:51    NE
23  67.0  77.9   14:24  54.6   07:15   2.7   4.7  0.00   0.3   9.0   14:55    NE
24  73.2  82.8   13:23  63.8   07:34   0.1   8.3  0.00   0.2   6.0   12:45    NE
25  74.5  85.0   13:20  67.1   07:06   0.0   9.5  0.00   0.1   6.0   11:03    NE
26  72.7  83.2   13:38  65.2   07:04   0.0   7.7  0.00   0.1   5.0   12:34    NE
27  72.0  82.5   14:02  64.9   06:03   0.0   7.0  0.00   0.2   9.0   12:36   ENE
28  60.8  68.8   01:06  49.7   22:40   4.9   0.8  0.00   1.5  12.0   13:27    NW
29  50.5  56.6   14:29  44.3   07:14  14.5   0.0  0.00   0.7  10.0   12:04    NW
30  45.5  49.6   00:00  43.4   11:18  19.5   0.0  0.10   1.0  12.0   09:45    NE
----------------------------------------------------------------------------------
    62.1  85.0    25    43.4    30   155.7  69.5  2.48   0.6  17.0    22     NNE

Max >=  80.0:  4
Max <=  32.0:  0
Min <=  32.0:  0
Min <=   0.0:  0
Max Rain: 0.95 on day 3
Days of Rain: 9 (>= 0.01 in)  6 (>= 0.10 in)  0 (>= 1.00 in)
Heat Base: 65.0  Cool Base: 65.0  Method: Integration