NOAA-Style Climate Reports


Report for 2017 July
                   Monthly Climatological Summary for Jul 2017

Name: East Unity, NH   City: Unity   State: NH
Elevation: 1384 ft  Lat: N 43° 17' 19"   Lon: W 072° 11' 41"

                  Temperature (°F), Rain (in), Wind Speed (mph)

                                      Heat  Cool        Avg
    Mean                              Deg   Deg         Wind                 Dom
Day Temp  High   Time   Low    Time   Days  Days  Rain  Speed High   Time    Dir
----------------------------------------------------------------------------------
 1  70.5  78.7   15:57  65.3   04:03   0.0   5.5  0.29   0.8  13.0   15:44    NE
 2  70.1  77.3   15:09  63.9   05:55   0.1   5.2  0.01   0.6  13.0   12:37    NE
 3  68.4  75.1   15:39  61.8   05:54   0.6   4.0  0.00   0.7  13.0   08:17     N
 4  67.7  75.0   15:11  59.3   05:36   1.2   3.9  0.00   0.7  11.0   12:59     N
 5  68.8  78.5   15:41  56.4   06:08   1.8   5.7  0.00   0.5   6.0   11:14    NE
 6  66.8  74.7   10:47  59.5   06:05   1.1   3.0  0.00   0.6  10.0   12:12    NE
 7  65.4  73.8   16:58  60.0   04:36   1.6   2.0  0.00   0.4   7.0   13:18    NE
 8  66.4  74.9   11:17  60.2   23:58   1.3   2.7  0.52   0.5   8.0   11:55    NE
 9  66.1  74.1   15:13  57.9   05:58   2.0   3.2  0.00   0.7  11.0   11:48   NNE
10  67.9  77.1   16:00  58.1   05:15   1.6   4.5  0.00   0.4   9.0   14:00   ENE
11  67.5  74.0   17:13  63.1   05:08   0.3   2.9  0.04   0.3   8.0   17:46    NE
12  72.5  80.5   16:41  64.0   05:45   0.1   7.5  1.50   0.2   8.0   20:37    NE
13  59.6  68.6   00:10  55.1   23:41   6.0   0.7  0.38   0.8  12.0   08:04    NE
14  57.3  59.7   17:36  55.0   00:00   7.7   0.0  0.00   0.1   6.0   15:23   NNE
15  65.4  72.7   17:06  58.6   00:00   2.2   2.6  0.00   0.3   9.0   17:01     N
16  70.2  78.0   14:52  60.9   05:31   0.8   6.0  0.00   0.3   6.0   13:32   NNE
17  71.2  81.5   14:21  61.4   06:37   0.6   6.8  0.35   0.4   8.0   13:28    NE
18  69.8  78.0   15:41  62.9   05:23   0.3   5.1  0.06   0.2   6.0   12:53   NNE
19  72.0  81.0   14:37  62.2   04:56   0.3   7.3  0.00   0.3   7.0   13:52     N
20  73.2  81.0   09:53  65.8   05:54   0.0   8.2  0.00   0.2   7.0   15:03     N
21  72.1  81.0   15:09  62.7   06:04   0.2   7.3  0.00   0.5   8.0   15:50   NNE
22  70.6  77.5   15:55  63.2   05:42   0.1   5.8  0.00   0.2   6.0   12:21    NE
23  68.6  74.3   10:26  62.5   06:39   0.3   4.0  0.00   0.5   9.0   07:27    NE
24  56.0  62.9   00:00  52.2   22:03   9.0   0.0  0.47   1.1  15.0   18:44    NE
25  56.8  63.8   17:52  52.3   04:37   8.1   0.0  0.00   0.5   9.0   10:25    NE
26  64.5  74.2   10:54  52.4   06:08   3.5   3.0  0.00   0.4   8.0   11:51    NE
27  62.8  67.3   15:11  58.9   06:12   2.6   0.4  0.00   0.6   7.0   15:03   ENE
28  66.0  72.9   14:11  59.8   23:53   1.6   2.6  0.00   0.6  11.0   12:32   NNE
29  61.9  68.4   18:28  54.5   06:25   4.0   0.9  0.00   0.9  12.0   10:16    NE
30  64.5  72.3   16:17  52.4   05:57   3.2   2.7  0.00   0.7  15.0   12:28   NNE
31  70.2  80.9   15:29  56.8   05:17   1.8   7.0  0.00   0.3   8.0   14:46     N
----------------------------------------------------------------------------------
    66.8  81.5    17    52.2    24    64.0 120.5  3.62   0.5  15.0    24      NE

Max >=  80.0:  6
Max <=  32.0:  0
Min <=  32.0:  0
Min <=   0.0:  0
Max Rain: 1.50 on day 12
Days of Rain: 9 (>= 0.01 in)  6 (>= 0.10 in)  1 (>= 1.00 in)
Heat Base: 65.0  Cool Base: 65.0  Method: Integration