NOAA-Style Climate Reports


Report for 2017 June
                   Monthly Climatological Summary for Jun 2017

Name: East Unity, NH   City: Unity   State: NH
Elevation: 1384 ft  Lat: N 43° 17' 19"   Lon: W 072° 11' 41"

                  Temperature (°F), Rain (in), Wind Speed (mph)

                                      Heat  Cool        Avg
    Mean                              Deg   Deg         Wind                 Dom
Day Temp  High   Time   Low    Time   Days  Days  Rain  Speed High   Time    Dir
----------------------------------------------------------------------------------
 1  58.4  67.2   13:12  49.5   05:32   6.8   0.2  0.02   1.1  17.0   22:23   NNE
 2  53.3  60.3   10:50  44.3   05:24  11.7   0.0  0.01   1.0  11.0   12:42     N
 3  52.3  60.7   15:49  45.8   04:18  12.7   0.0  0.02   0.9  10.0   14:24   NNW
 4  56.4  66.3   13:01  48.0   04:58   8.7   0.1  0.01   0.3   9.0   09:45     N
 5  52.0  53.7   13:19  48.6   23:45  13.0   0.0  0.02   1.5  19.0   19:27    NE
 6  45.8  48.6   00:00  44.4   14:55  19.1   0.0  1.55   2.5  22.0   05:38   ENE
 7  57.0  68.1   16:08  45.2   05:50   8.6   0.5  0.10   0.7  10.0   10:22    NE
 8  65.2  76.8   13:07  52.7   06:04   3.6   3.8  0.00   0.3   7.0   11:08    NE
 9  62.0  70.6   17:02  54.0   05:29   3.9   0.9  0.00   0.5  19.0   10:38     N
10  67.8  77.8   14:36  56.3   05:23   2.2   5.1  0.00   0.5   8.0   09:10    NE
11  73.1  84.8   15:34  61.3   04:30   0.7   8.8  0.00   0.9  16.0   16:33    NE
12  77.7  88.4   14:33  67.5   05:45   0.0  12.7  0.00   0.5  10.0   13:29    NE
13  75.4  84.2   13:18  65.4   23:57   0.0  10.4  0.00   0.7  14.0   20:04   NNW
14  64.9  72.2   15:20  57.0   23:58   2.2   2.1  0.00   0.9  12.0   13:38   NNE
15  63.8  74.5   15:53  50.0   05:47   4.2   3.0  0.00   0.6   7.0   15:49    NE
16  56.3  62.6   00:00  51.0   04:35   8.7   0.0  0.41   0.2   5.0   00:49    NE
17  61.5  70.3   16:17  54.3   04:52   4.6   1.1  0.01   0.2   6.0   16:42    NE
18  71.9  78.4   16:27  65.6   03:18   0.0   6.9  0.00   1.1  11.0   11:57    NE
19  70.2  80.6   09:48  65.0   19:59   0.0   5.2  2.24   0.7   9.0   08:58    NE
20  68.0  73.6   14:10  61.4   23:52   0.4   3.3  0.00   1.0  13.0   12:45    NE
21  64.5  70.8   14:25  58.2   05:27   2.4   1.9  0.00   0.8  11.0   13:16    NE
22  65.9  74.0   14:39  55.2   05:40   2.5   3.4  0.00   0.5  10.0   15:39    NE
23  71.5  82.0   16:05  63.2   04:35   0.4   6.8  0.11   0.6  10.0   12:30    NE
24  70.2  76.4   14:15  62.8   23:59   0.0   5.3  0.07   0.7  11.0   13:59     N
25  66.5  75.3   15:03  55.9   05:42   2.0   3.5  0.00   0.6  12.0   14:59    NE
26  60.5  67.5   17:04  51.9   05:24   4.8   0.4  0.00   0.6   9.0   07:25   NNE
27  57.0  64.5   14:41  49.8   23:57   8.0   0.0  0.18   0.3   9.0   14:12    NE
28  57.9  66.4   14:52  47.3   05:18   7.2   0.1  0.00   0.5   9.0   11:38     N
29  60.7  66.3   16:11  55.3   02:57   4.4   0.1  0.02   0.1   5.0   09:47   ENE
30  68.1  77.6   12:50  61.1   01:04   1.0   4.2  1.48   0.4   9.0   12:59    NE
----------------------------------------------------------------------------------
    63.2  88.4    12    44.3     2   143.8  89.8  6.25   0.7  22.0     6      NE

Max >=  80.0:  5
Max <=  32.0:  0
Min <=  32.0:  0
Min <=   0.0:  0
Max Rain: 2.24 on day 19
Days of Rain: 15 (>= 0.01 in)  7 (>= 0.10 in)  3 (>= 1.00 in)
Heat Base: 65.0  Cool Base: 65.0  Method: Integration