NOAA-Style Climate Reports


Report for 2017 May
                   Monthly Climatological Summary for May 2017

Name: East Unity, NH   City: Unity   State: NH
Elevation: 1384 ft  Lat: N 43° 17' 19"   Lon: W 072° 11' 41"

                  Temperature (°F), Rain (in), Wind Speed (mph)

                                      Heat  Cool        Avg
    Mean                              Deg   Deg         Wind                 Dom
Day Temp  High   Time   Low    Time   Days  Days  Rain  Speed High   Time    Dir
----------------------------------------------------------------------------------
 1  45.8  51.1   13:21  42.6   02:46  19.2   0.0  0.21   1.1  15.0   22:59     E
 2  48.4  60.5   15:01  42.4   02:38  16.6   0.0  0.41   0.8  11.0   16:52   NNE
 3  46.0  55.5   13:04  38.7   23:31  19.0   0.0  0.01   2.3  18.0   15:05   NNW
 4  52.3  65.6   15:10  38.2   03:58  12.7   0.0  0.00   1.0  10.0   08:50    NE
 5  44.5  50.3   00:00  41.8   08:56  20.5   0.0  0.55   1.6  20.0   21:17   ENE
 6  53.7  63.7   16:25  44.6   00:00  11.3   0.0  0.17   1.8  14.0   16:34     E
 7  51.1  59.2   16:37  42.6   23:55  13.9   0.0  0.00   1.4  12.0   07:21    NE
 8  39.7  45.1   14:07  33.3   23:58  25.3   0.0  0.02   1.4  10.0   07:50     N
 9  39.9  47.4   15:00  31.9   02:54  25.1   0.0  0.04   0.6   5.0   08:24     N
10  45.1  51.9   14:59  38.3   05:43  19.9   0.0  0.00   1.4  16.0   09:02     N
11  50.3  61.1   17:09  39.7   06:03  14.7   0.0  0.00   1.4  14.0   09:50    NE
12  51.3  60.5   13:07  41.9   02:37  13.7   0.0  0.00   1.0  12.0   08:35   ENE
13  48.7  55.9   13:58  41.0   23:59  16.3   0.0  0.13   0.8  13.0   10:16   ENE
14  39.3  45.2   16:53  32.8   04:49  25.7   0.0  0.70   0.5  10.0   23:56   NNW
15  48.2  55.6   18:32  41.4   03:34  16.8   0.0  0.32   2.7  17.0   12:08   NNW
16  60.5  71.6   17:05  47.2   05:20   6.0   1.4  0.09   1.1  13.0   16:35   NNW
17  71.2  86.3   15:03  55.0   05:47   2.5   8.7  0.08   1.0  15.0   16:30    NE
18  76.4  89.2   15:05  62.6   23:56   0.1  11.5  0.03   1.1  16.0   15:41    NE
19  64.3  77.3   13:32  49.7   23:04   3.8   3.1  0.02   1.6  17.0   11:38     N
20  55.1  65.1   15:46  44.3   05:52   9.9   0.0  0.00   1.7  15.0   14:50   NNE
21  57.4  69.5   15:17  43.4   06:00   8.2   0.6  0.00   0.7  11.0   09:32    NE
22  47.1  52.2   00:00  44.2   06:40  17.9   0.0  0.05   0.4   8.0   12:05    NE
23  56.6  66.4   17:14  46.7   05:21   8.5   0.1  0.04   0.5   8.0   13:14     N
24  60.6  68.9   12:50  52.1   06:05   5.3   0.9  0.01   0.5   8.0   09:50    NE
25  51.4  55.3   00:00  47.7   22:20  13.6   0.0  0.00   2.4  19.0   12:11   ENE
26  49.9  54.0   17:37  47.0   06:08  15.1   0.0  0.93   1.2  18.0   00:44    NE
27  56.0  64.7   16:38  46.7   02:59   9.0   0.0  0.00   0.6   9.0   10:21   NNE
28  61.4  72.4   11:00  51.0   05:37   4.7   1.1  0.00   0.4   9.0   17:29    NE
29  50.5  58.4   00:00  45.4   23:45  14.5   0.0  0.17   0.7   8.0   07:46    NE
30  50.6  55.1   16:59  45.4   00:00  14.3   0.0  0.09   0.4   8.0   17:54    NE
31  56.9  66.5   16:51  51.9   23:56   8.2   0.1  0.05   0.6  10.0   19:11   ENE
----------------------------------------------------------------------------------
    52.6  89.2    18    31.9     9   412.3  27.5  4.12   1.1  20.0     5     NNE

Max >=  80.0:  2
Max <=  32.0:  0
Min <=  32.0:  1
Min <=   0.0:  0
Max Rain: 0.93 on day 26
Days of Rain: 21 (>= 0.01 in)  9 (>= 0.10 in)  0 (>= 1.00 in)
Heat Base: 65.0  Cool Base: 65.0  Method: Integration