NOAA-Style Climate Reports


Report for 2017 April
                   Monthly Climatological Summary for Apr 2017

Name: East Unity, NH   City: Unity   State: NH
Elevation: 1384 ft  Lat: N 43° 17' 19"   Lon: W 072° 11' 41"

                  Temperature (°F), Rain (in), Wind Speed (mph)

                                      Heat  Cool        Avg
    Mean                              Deg   Deg         Wind                 Dom
Day Temp  High   Time   Low    Time   Days  Days  Rain  Speed High   Time    Dir
----------------------------------------------------------------------------------
 1  30.9  33.0   17:07  28.1   00:00  34.1   0.0  0.01   3.4  21.0   02:33   ENE
 2  38.3  48.3   14:17  31.4   06:29  26.7   0.0  0.93   1.6  13.0   15:48    NW
 3  42.5  53.5   15:02  31.8   05:44  22.5   0.0  0.00   0.8  11.0   14:42    NW
 4  36.4  43.3   00:11  32.6   23:45  28.6   0.0  0.51   2.2  18.0   12:43     E
 5  36.0  43.3   16:33  32.1   05:28  29.0   0.0  0.12   0.4  10.0   14:57    NE
 6  34.6  36.7   00:00  33.1   09:20  30.4   0.0  0.46   2.9  20.0   17:55     E
 7  38.6  43.1   14:45  32.8   23:43  26.4   0.0  0.07   1.2  13.0   15:49     N
 8  34.4  38.2   16:31  30.2   05:50  30.6   0.0  0.00   2.8  16.0   10:59    NW
 9  44.1  57.9   14:02  29.7   06:26  20.9   0.0  0.00   1.0  10.0   11:20    NW
10  56.1  73.5   14:37  39.6   06:25  10.3   1.5  0.00   0.9  13.0   17:08    SE
11  63.0  81.2   14:48  47.4   06:03   6.2   4.2  0.00   0.8  12.0   12:54   NNE
12  52.1  57.1   00:00  41.2   23:18  12.9   0.0  0.29   0.6  12.0   16:33   NNW
13  43.1  50.6   16:56  37.6   06:27  21.9   0.0  0.00   2.3  16.0   13:38   NNW
14  46.8  57.7   13:38  35.0   06:21  18.2   0.0  0.00   1.5  18.0   12:07     N
15  53.1  69.5   13:57  34.9   06:06  12.5   0.7  0.00   1.2  13.0   15:10     E
16  63.7  82.5   14:08  46.3   06:04   6.3   5.0  0.00   2.0  17.0   11:26     N
17  56.1  64.7   14:15  40.2   23:50   8.8   0.0  0.00   2.6  17.0   12:40   NNW
18  42.4  54.1   14:42  35.1   06:17  22.6   0.0  0.00   2.1  14.0   11:11    NE
19  41.8  52.5   11:59  35.0   06:20  23.2   0.0  0.12   1.5  12.0   10:54     E
20  48.0  58.2   15:56  39.0   00:00  17.0   0.0  0.00   1.7  13.0   13:29    NE
21  41.2  45.0   00:00  38.3   23:45  23.9   0.0  0.22   1.5  12.0   01:54     E
22  40.2  44.2   17:37  37.0   06:10  24.8   0.0  0.00   0.4  10.0   21:57     N
23  49.8  63.9   14:34  36.6   05:49  15.2   0.0  0.00   1.4  11.0   09:34   NNW
24  56.6  70.0   12:56  40.6   06:25   9.3   0.9  0.00   1.0  11.0   12:55   NNE
25  45.0  51.8   00:00  43.2   20:38  20.0   0.0  0.12   2.2  18.0   17:37   ENE
26  48.9  53.8   13:57  43.4   05:25  16.1   0.0  0.13   1.7  14.0   01:56    NE
27  57.4  65.7   17:02  50.3   06:01   7.6   0.0  0.00   0.3   7.0   17:46     E
28  64.7  76.7   16:32  56.0   05:25   3.6   3.3  0.00   1.1  16.0   16:23     N
29  64.2  74.3   11:19  52.1   23:59   3.1   2.3  0.00   1.7  15.0   18:03   NNW
30  44.0  52.1   00:00  36.8   05:54  21.0   0.0  0.03   1.9  15.0   03:37     N
----------------------------------------------------------------------------------
    47.1  82.5    16    28.1     1   553.7  17.9  3.01   1.6  21.0     1     NNE

Max >=  80.0:  2
Max <=  32.0:  0
Min <=  32.0:  5
Min <=   0.0:  0
Max Rain: 0.93 on day 2
Days of Rain: 12 (>= 0.01 in)  9 (>= 0.10 in)  0 (>= 1.00 in)
Heat Base: 65.0  Cool Base: 65.0  Method: Integration