NOAA-Style Climate Reports


Report for 2017 March
                   Monthly Climatological Summary for Mar 2017

Name: East Unity, NH   City: Unity   State: NH
Elevation: 1384 ft  Lat: N 43° 17' 19"   Lon: W 072° 11' 41"

                  Temperature (°F), Rain (in), Wind Speed (mph)

                                      Heat  Cool        Avg
    Mean                              Deg   Deg         Wind                 Dom
Day Temp  High   Time   Low    Time   Days  Days  Rain  Speed High   Time    Dir
----------------------------------------------------------------------------------
 1  47.8  55.3   15:42  37.8   03:10  17.2   0.0  0.00   1.0  15.0   15:11     E
 2  31.9  48.3   00:39  20.0   23:58  33.1   0.0  0.00   3.6  21.0   11:33   NNW
 3  19.1  27.5   13:47   9.2   23:59  45.9   0.0  0.00   2.4  14.0   20:42   NNW
 4   5.5   9.3   00:00   1.4   23:55  59.5   0.0  0.00   4.1  20.0   10:37   NNW
 5  11.0  20.8   14:38   1.1   00:42  54.0   0.0  0.00   4.2  23.0   11:31   NNW
 6  25.2  41.0   13:52   8.8   05:02  39.7   0.0  0.00   0.5   6.0   00:20   NNE
 7  35.1  41.6   23:58  30.5   01:31  29.8   0.0  0.01   0.6  11.0   10:12   NNE
 8  41.8  49.2   13:40  35.0   23:57  23.2   0.0  0.01   1.4  15.0   15:41   NNW
 9  33.9  39.4   02:26  27.0   23:58  31.1   0.0  0.00   3.6  25.0   08:23   NNW
10  25.0  30.1   12:51  13.4   23:43  40.0   0.0  0.00   1.7  12.0   17:09   NNW
11   5.6  13.5   00:00  -0.8   08:04  59.5   0.0  0.00   4.3  20.0   09:56    NW
12   8.3  16.7   16:31  -1.0   06:47  54.3   0.0  0.00   3.1  17.0   01:23    NW
13  15.6  26.1   16:48   4.5   07:09  49.4   0.0  0.00   1.7  12.0   02:57   NNW
14  19.6  23.9   19:51  17.0   07:29  45.4   0.0  0.11   4.6  30.0   15:37    NE
15  15.9  21.7   14:26   8.1   07:33  49.0   0.0  0.02   2.0  14.0   19:56    NW
16  18.8  26.0   16:38  12.2   06:10  46.1   0.0  0.00   2.7  19.0   16:49    NW
17  25.0  34.0   14:28  16.8   07:06  40.0   0.0  0.00   1.5  12.0   13:00   NNW
18  25.6  38.9   14:40  14.8   05:57  39.4   0.0  0.00   1.2  13.0   13:50     E
19  30.1  40.3   14:48  23.3   06:55  34.9   0.0  0.00   2.2  14.0   11:16    NE
20  35.3  45.7   13:28  24.6   07:26  29.7   0.0  0.00   1.5  14.0   10:55     N
21  38.1  46.5   14:10  31.7   23:59  26.9   0.0  0.00   0.7  11.0   21:08   NNW
22  20.2  33.0   01:01  10.9   23:54  44.9   0.0  0.01   4.9  22.0   15:18    NW
23  20.4  30.2   14:31  10.4   07:07  44.5   0.0  0.00   3.7  19.0   11:56    NW
24  28.3  33.0   23:47  22.6   00:00  36.7   0.0  0.01   0.7  13.0   13:58    NE
25  32.6  34.7   04:36  27.4   23:56  32.4   0.0  0.01   1.0  11.0   18:42   NNE
26  29.5  36.4   13:41  19.9   06:39  35.5   0.0  0.00   0.9   9.0   09:50     E
27  32.8  37.1   16:06  30.0   04:08  32.2   0.0  0.02   0.6   8.0   06:34     E
28  35.7  43.3   14:36  32.6   00:00  29.3   0.0  0.01   0.1   5.0   12:53    NE
29  34.7  36.9   11:51  31.2   22:52  30.3   0.0  0.00   3.4  17.0   18:11   NNW
30  35.1  42.2   14:42  28.0   06:29  29.9   0.0  0.00   2.2  15.0   09:27   NNW
31  30.9  35.4   00:00  27.9   22:15  34.1   0.0  0.01   1.8  14.0   21:17     E
----------------------------------------------------------------------------------
    26.3  55.3     1    -1.0    12  1197.9   0.0  0.22   2.2  30.0    14     NNW

Max >=  80.0:  0
Max <=  32.0: 11
Min <=  32.0: 28
Min <=   0.0:  2
Max Rain: 0.11 on day 14
Days of Rain: 10 (>= 0.01 in)  1 (>= 0.10 in)  0 (>= 1.00 in)
Heat Base: 65.0  Cool Base: 65.0  Method: Integration