NOAA-Style Climate Reports


Report for 2017 February
                   Monthly Climatological Summary for Feb 2017

Name: East Unity, NH   City: Unity   State: NH
Elevation: 1384 ft  Lat: N 43° 17' 19"   Lon: W 072° 11' 41"

                  Temperature (°F), Rain (in), Wind Speed (mph)

                                      Heat  Cool        Avg
    Mean                              Deg   Deg         Wind                 Dom
Day Temp  High   Time   Low    Time   Days  Days  Rain  Speed High   Time    Dir
----------------------------------------------------------------------------------
 1  24.8  32.4   14:34  19.4   00:00  40.2   0.0  0.01   0.6  13.0   14:39     N
 2  22.3  29.0   10:59  17.1   19:56  42.7   0.0  0.00   1.1  12.0   12:08   NNW
 3  19.4  24.2   14:00  15.8   07:41  45.5   0.0  0.00   1.3  16.0   00:34   NNW
 4  18.6  24.5   15:13  14.9   03:52  46.4   0.0  0.00   1.8  13.0   10:00   NNW
 5  25.5  33.3   14:07  16.6   02:05  39.5   0.0  0.00   1.3  13.0   16:17   NNW
 6  23.3  29.4   00:00  18.1   08:12  41.7   0.0  0.00   2.7  18.0   13:41    NW
 7  22.1  24.6   11:31  19.3   18:05  42.9   0.0  0.23   2.2  19.0   16:30   ENE
 8  32.3  40.7   13:39  22.1   00:00  32.7   0.0  0.41   0.6  15.0   12:38     N
 9  15.6  28.6   00:16   3.8   23:59  49.4   0.0  0.29   3.6  17.0   16:55   NNW
10   7.7  12.7   13:55   1.2   03:52  57.3   0.0  0.01   2.4  19.0   08:58    NW
11  11.7  16.5   17:54   6.7   00:42  53.3   0.0  0.05   0.2   5.0   11:58    NE
12  18.5  23.2   12:27  13.1   04:49  46.4   0.0  0.31   0.9  12.0   15:40   ENE
13  21.4  24.3   15:03  18.0   20:10  43.6   0.0  0.11   3.5  20.0   13:16   NNW
14  22.8  30.2   14:16  16.2   07:35  42.2   0.0  0.00   1.2  10.0   00:36    NW
15  28.0  31.1   12:35  23.5   07:36  37.0   0.0  0.24   0.3   8.0   23:27   NNE
16  24.1  28.7   00:01  18.7   23:57  40.9   0.0  0.10   2.0  12.0   16:16    NW
17  22.4  30.1   13:56  15.1   07:20  42.6   0.0  0.00   2.0  13.0   09:39    NW
18  33.3  46.4   14:04  20.7   03:46  31.7   0.0  0.02   0.6   9.0   14:08   SSE
19  42.4  49.5   14:24  37.1   07:20  22.6   0.0  0.00   1.7  15.0   16:39    NW
20  31.0  39.3   00:02  22.5   23:58  34.0   0.0  0.00   2.6  15.0   04:11   NNW
21  30.1  41.0   14:30  17.0   06:35  34.8   0.0  0.00   0.5   9.0   13:16     E
22  41.1  52.2   14:17  32.9   06:08  23.9   0.0  0.00   0.3   5.0   02:20    SE
23  47.2  60.4   13:49  37.8   07:08  17.8   0.0  0.00   0.7  13.0   10:34     S
24  48.7  56.9   15:14  42.9   02:06  16.3   0.0  0.24   0.3  10.0   21:57   NNE
25  50.8  60.2   13:54  34.8   23:59  14.2   0.0  0.40   1.3  17.0   20:01   SSW
26  29.7  34.9   00:00  22.4   23:58  35.3   0.0  0.00   3.0  18.0   10:49   NNW
27  33.3  45.8   13:36  21.0   06:44  31.7   0.0  0.00   1.1  20.0   13:21   NNE
28  39.7  48.6   13:55  31.2   02:20  25.3   0.0  0.00   0.8   8.0   13:58    SE
----------------------------------------------------------------------------------
    28.1  60.4    23     1.2    10  1031.9   0.0  2.42   1.4  20.0    13     NNW

Max >=  80.0:  0
Max <=  32.0: 14
Min <=  32.0: 23
Min <=   0.0:  0
Max Rain: 0.41 on day 8
Days of Rain: 13 (>= 0.01 in)  9 (>= 0.10 in)  0 (>= 1.00 in)
Heat Base: 65.0  Cool Base: 65.0  Method: Integration