NOAA-Style Climate Reports


Report for 2017 January
                   Monthly Climatological Summary for Jan 2017

Name: East Unity, NH   City: Unity   State: NH
Elevation: 1384 ft  Lat: N 43° 17' 19"   Lon: W 072° 11' 41"

                  Temperature (°F), Rain (in), Wind Speed (mph)

                                      Heat  Cool        Avg
    Mean                              Deg   Deg         Wind                 Dom
Day Temp  High   Time   Low    Time   Days  Days  Rain  Speed High   Time    Dir
----------------------------------------------------------------------------------
 1  30.2  34.4   10:39  24.4   23:03  34.8   0.0  0.00   1.5  15.0   11:30   NNW
 2  26.9  34.9   13:19  22.0   07:39  38.1   0.0  0.00   0.1   6.0   12:57    SE
 3  32.1  33.7   11:59  28.0   00:13  32.9   0.0  0.18   2.9  23.0   22:30     E
 4  32.1  37.2   13:33  22.6   23:56  32.9   0.0  0.04   1.3  19.0   22:47     N
 5  19.5  24.5   12:53  15.7   07:21  45.5   0.0  0.01   1.8  16.0   02:08     N
 6  17.8  21.7   13:37  12.0   23:57  47.2   0.0  0.00   0.5   7.0   13:55   NNW
 7  12.9  16.3   14:58   9.6   04:36  52.1   0.0  0.00   1.2  13.0   18:39   NNE
 8   8.9  14.3   14:40   3.6   07:57  56.1   0.0  0.00   1.4  12.0   00:41   NNW
 9   7.3  15.1   15:20   0.0   06:08  57.7   0.0  0.00   0.5   8.0   10:25    NW
10  20.6  38.4   23:45   5.4   04:01  44.4   0.0  0.00   1.5  17.0   22:28    NE
11  38.5  42.0   14:59  35.8   08:18  26.5   0.0  0.15   1.9  21.0   03:25     E
12  42.9  46.3   21:00  37.8   03:31  22.1   0.0  0.06   1.1  13.0   00:22     E
13  30.1  43.9   00:00  14.6   23:55  34.8   0.0  0.00   3.0  22.0   05:38    NW
14  15.5  23.4   14:47   6.8   07:26  49.5   0.0  0.00   0.5   9.0   01:38     N
15  21.5  27.0   14:18  16.0   23:59  43.5   0.0  0.00   1.1  11.0   08:53    NW
16  23.0  31.7   15:03  12.8   06:56  42.0   0.0  0.00   0.5  10.0   13:07   ESE
17  30.0  37.9   13:48  24.2   01:50  35.0   0.0  0.24   0.6  10.0   10:14   ENE
18  29.8  32.7   13:03  27.4   22:51  35.2   0.0  0.01   0.4  10.0   12:19    NE
19  32.1  35.9   13:06  27.4   00:08  32.9   0.0  0.00   0.6   9.0   22:39   NNW
20  31.6  33.5   12:57  30.1   07:26  33.4   0.0  0.00   0.4   7.0   12:12    NE
21  36.8  42.3   14:27  32.0   00:08  28.2   0.0  0.00   0.2   8.0   01:44   WNW
22  36.2  40.5   12:37  30.7   23:59  28.8   0.0  0.00   1.0  13.0   23:15     E
23  27.6  30.8   00:00  25.1   23:57  37.4   0.0  0.06   4.7  31.0   18:44   ENE
24  29.2  32.5   19:39  24.9   00:11  35.8   0.0  0.67   6.4  29.0   05:55    NE
25  29.9  32.4   00:00  26.6   08:08  35.1   0.0  0.00   1.4  12.0   12:23   NNW
26  34.4  41.0   13:57  30.5   00:00  30.6   0.0  0.00   1.2  14.0   15:36   NNW
27  32.1  34.1   11:39  29.2   23:25  32.9   0.0  0.00   2.6  17.0   05:46   NNW
28  29.3  31.5   12:03  25.3   22:25  35.7   0.0  0.00   2.0  17.0   04:12   NNW
29  27.4  33.0   12:41  21.5   23:10  37.6   0.0  0.00   0.8  11.0   12:25   NNE
30  20.8  26.8   12:44  14.0   23:52  44.2   0.0  0.00   1.2  11.0   21:12   NNW
31  15.9  24.0   14:06   7.1   06:44  49.1   0.0  0.00   0.7  11.0   01:06   NNW
----------------------------------------------------------------------------------
    26.5  46.3    12     0.0     9  1192.0   0.0  1.42   1.4  31.0    23     NNE

Max >=  80.0:  0
Max <=  32.0: 12
Min <=  32.0: 29
Min <=   0.0:  1
Max Rain: 0.67 on day 24
Days of Rain: 9 (>= 0.01 in)  4 (>= 0.10 in)  0 (>= 1.00 in)
Heat Base: 65.0  Cool Base: 65.0  Method: Integration