NOAA-Style Climate Reports


Report for 2017
                   Annual Climatological Summary for 2017

Name: East Unity, NH   City: Unity   State: NH
Elevation: 1384 ft  Lat: N 43° 17' 19"   Lon: W 072° 11' 41"

                  Temperature (°F), Heat Base: 65.0  Cool Base: 65.0
                          Dep.  Heat  Cool                       Max  Max  Min  Min
        Mean  Mean        From  Deg   Deg                        >=   <=   <=   <=
 YR MO  Max   Min   Mean  Norm  Days  Days  Hi  Date  Low  Date 80.0 32.0 32.0   0.0
------------------------------------------------------------------------------------
 17  1  32.1  20.7  26.5   5.9  1191     0  46.3  12   0.0    9    0   12   29    1
 17  2  35.7  20.7  28.1   3.8  1031     0  60.4  23   1.2   10    0   14   23    0
 17  3  34.1  18.6  26.3  -6.8  1197     0  55.3   1  -1.0   12    0   11   28    2
 17  4  56.5  38.2  47.1   2.0   553    17  82.5  16  28.1    1    2    0    5    0
 17  5  61.3  44.2  52.6  -3.2   412    27  89.2  18  31.9    9    2    0    1    0
 17  6  71.4  54.9  63.2  -1.7   143    89  88.4  12  44.3    2    5    0    0    0
 17  7  74.5  59.3  66.8  -3.2    63   120  81.5  17  52.2   24    6    0    0    0
 17  8  72.5  57.3  64.8  -3.7    88    83  82.7   2  48.9   29    4    0    0    0
 17  9  70.3  55.3  62.1   2.1   155    69  85.0  25  43.4   30    4    0    0    0
 17 10  63.1  46.7  54.4   6.2   338    11  76.4  22  33.4   17    0    0    0    0
 17 11  42.3  27.0  35.0  -3.3   899     0  62.3   3  13.0   28    0    2   25    0
 17 12  26.2  14.7  20.3  -6.5  1384     0  49.9   6  -9.9   28    0   20   29    5
------------------------------------------------------------------------------------
        53.3  38.2  45.6  -0.7  7462   420  89.2 May  -9.9  Dec   23   59  140    8

                                Precipitation (in)

              Dep.   Max        Days of Rain
              From   Obs.           >=
 YR MO Total  Norm   Day Date 0.01 0.10 1.00
---------------------------------------------
 17  1  1.42 -1.28  0.67  24     9    4    0
 17  2  2.42 -0.20  0.41   8    13    9    0
 17  3  0.22 -3.05  0.11  14    10    1    0
 17  4  3.01 -0.40  0.93   2    12    9    0
 17  5  4.12  0.46  0.93  26    21    9    0
 17  6  6.25  2.56  2.24  19    15    7    3
 17  7  3.62 -0.12  1.50  12     9    6    1
 17  8  3.90  0.72  1.32   5    10    6    2
 17  9  2.54 -0.84  0.95   3     9    6    0
 17 10  5.64  1.60  1.17  26    12    7    3
 17 11  0.88 -2.84  0.24  19    13    3    0
 17 12  2.52 -0.68  0.76   5     9    6    0
---------------------------------------------
       36.54 -4.07  2.24  Jun  142   73    9

                                Wind Speed (mph)
                          Dom
 YR MO   Avg.  Hi   Date  Dir
------------------------------
 17  1   1.4  31.0   23   NNE
 17  2   1.4  20.0   13   NNW
 17  3   2.2  30.0   14   NNW
 17  4   1.6  21.0    1   NNE
 17  5   1.1  20.0    5   NNE
 17  6   0.7  22.0    6    NE
 17  7   0.5  15.0   24    NE
 17  8   0.4  18.0    6   NNE
 17  9   0.6  17.0   22   NNE
 17 10   0.8  34.0   30   NNE
 17 11   1.3  28.0   10   NNW
 17 12   0.8  23.0   26    NW
------------------------------
         1.1  34.0  Oct     N