NOAA-Style Climate Reports


Report for 2016 December
                   Monthly Climatological Summary for Dec 2016

Name: East Unity, NH   City: Unity   State: NH
Elevation: 1384 ft  Lat: N 43° 17' 19"   Lon: W 072° 11' 41"

                  Temperature (°F), Rain (in), Wind Speed (mph)

                                      Heat  Cool        Avg
    Mean                              Deg   Deg         Wind                 Dom
Day Temp  High   Time   Low    Time   Days  Days  Rain  Speed High   Time    Dir
----------------------------------------------------------------------------------
 1  39.6  44.9   11:18  34.7   23:57  25.4   0.0  0.56   1.2  17.0   20:43     N
 2  36.1  42.4   12:28  32.1   23:48  28.9   0.0  0.01   1.3  14.0   13:12     N
 3  32.1  35.7   12:32  29.0   23:45  32.9   0.0  0.00   2.8  14.0   04:33    NW
 4  27.4  30.7   13:32  21.3   23:59  37.6   0.0  0.00   2.1  14.0   02:15   NNW
 5  26.9  31.1   13:57  21.3   00:00  38.1   0.0  0.17   0.1   5.0   13:31     N
 6  30.3  34.0   11:33  27.5   00:08  34.7   0.0  0.00   0.4   9.0   13:36   NNE
 7  31.5  34.9   13:06  29.0   00:15  33.5   0.0  0.04   0.1   8.0   13:17    NW
 8  30.0  34.6   12:11  25.6   23:28  35.0   0.0  0.00   0.8  11.0   19:19   NNW
 9  22.4  26.3   00:04  15.4   23:27  42.6   0.0  0.00   2.7  14.0   09:10    NW
10  15.7  19.7   13:28  11.2   23:26  49.1   0.0  0.00   1.8  17.0   09:30    NW
11  18.1  26.4   13:47   8.3   04:21  46.9   0.0  0.00   0.4   8.0   12:19   NNE
12  28.7  33.4   13:55  22.8   00:00  36.3   0.0  0.37   0.7  11.0   22:56   NNE
13  28.6  32.4   14:20  23.5   07:29  36.4   0.0  0.00   1.0  13.0   00:38   NNW
14  23.4  29.8   10:22  13.9   20:53  41.6   0.0  0.00   1.0  15.0   09:42     N
15  11.9  17.6   05:31  -2.8   23:56  52.9   0.0  0.00   2.9  20.0   13:03   NNW
16   0.0   7.8   23:58  -8.3   07:35  65.0   0.0  0.00   1.3  14.0   00:46   NNW
17  18.2  27.5   23:56   7.8   00:00  46.8   0.0  0.37   0.4   8.0   06:06    NE
18  33.0  43.3   12:34  19.9   23:58  32.0   0.0  0.50   2.2  23.0   17:53   NNW
19  10.4  19.9   00:00   4.8   08:27  54.6   0.0  0.00   1.4  12.0   01:10   NNW
20  13.6  24.2   13:35   2.5   04:47  51.4   0.0  0.00   0.4   8.0   21:11   WNW
21  25.3  33.2   13:51  18.5   04:53  39.7   0.0  0.00   0.5  10.0   09:08    SE
22  28.4  30.9   22:38  26.1   06:30  36.6   0.0  0.10   0.3   6.0   20:55   NNW
23  29.7  34.5   13:31  26.2   07:21  35.3   0.0  0.00   0.9   9.0   13:47    NE
24  33.2  38.2   17:58  28.7   00:41  31.8   0.0  0.00   1.3  15.0   17:02   NNW
25  28.1  35.2   00:02  14.5   23:59  37.0   0.0  0.00   2.7  21.0   10:45   NNW
26  21.7  36.4   23:52   9.1   07:52  43.3   0.0  0.01   1.0  17.0   23:08    NE
27  37.9  42.0   05:16  31.2   23:46  27.1   0.0  0.09   1.9  17.0   12:20   NNW
28  29.6  31.4   12:23  26.0   23:24  35.4   0.0  0.00   1.6  14.0   05:36    NW
29  26.7  28.7   23:48  24.5   05:43  38.3   0.0  0.18   0.8   9.0   10:13     E
30  26.7  30.8   11:37  19.8   22:42  38.3   0.0  0.00   1.6  16.0   17:38   NNW
31  23.1  31.4   23:08  13.1   06:56  41.9   0.0  0.00   1.6  15.0   18:06    NE
----------------------------------------------------------------------------------
    25.4  44.9     1    -8.3    16  1226.4   0.0  2.40   1.3  23.0    18     NNW

Max >=  80.0:  0
Max <=  32.0: 16
Min <=  32.0: 29
Min <=   0.0:  2
Max Rain: 0.56 on day 1
Days of Rain: 11 (>= 0.01 in)  7 (>= 0.10 in)  0 (>= 1.00 in)
Heat Base: 65.0  Cool Base: 65.0  Method: Integration