NOAA-Style Climate Reports


Report for 2016 November
                   Monthly Climatological Summary for Nov 2016

Name: East Unity, NH   City: Unity   State: NH
Elevation: 1384 ft  Lat: N 43° 17' 19"   Lon: W 072° 11' 41"

                  Temperature (°F), Rain (in), Wind Speed (mph)

                                      Heat  Cool        Avg
    Mean                              Deg   Deg         Wind                 Dom
Day Temp  High   Time   Low    Time   Days  Days  Rain  Speed High   Time    Dir
----------------------------------------------------------------------------------
 1  36.5  47.5   14:28  26.1   08:14  28.5   0.0  0.00   0.4   9.0   11:59    NE
 2  51.1  62.0   14:40  43.1   07:33  13.8   0.0  0.00   0.3   9.0   00:09    NE
 3  49.7  53.2   00:59  45.6   23:56  15.3   0.0  0.38   1.0  12.0   18:16   NNW
 4  40.8  45.6   00:00  31.2   23:37  24.2   0.0  0.00   1.5  16.0   09:36   NNW
 5  38.2  48.4   15:32  28.0   04:29  26.8   0.0  0.00   0.4   9.0   14:40     N
 6  38.6  41.7   00:00  32.7   23:54  27.5   0.0  0.02   1.8  14.0   12:46     N
 7  36.4  44.7   13:34  27.9   07:11  28.6   0.0  0.00   0.3   7.0   12:56   NNE
 8  45.9  58.8   13:34  34.7   05:58  19.1   0.0  0.00   0.2   5.0   10:31    NE
 9  45.6  53.0   11:17  37.4   23:59  19.4   0.0  0.00   1.3  15.0   19:13   NNW
10  37.9  46.7   13:57  30.3   05:43  27.1   0.0  0.00   1.0   9.0   00:30   NNE
11  39.5  48.4   07:47  30.5   23:49  25.5   0.0  0.00   3.7  20.0   13:24   NNW
12  32.5  38.8   13:28  27.6   06:28  32.5   0.0  0.00   2.3  21.0   01:43   NNW
13  40.7  50.1   13:36  34.1   01:45  24.3   0.0  0.00   0.9  10.0   09:45    NE
14  45.2  54.5   13:15  36.9   06:00  19.8   0.0  0.00   0.6  10.0   09:38   ESE
15  43.6  52.3   12:10  37.9   06:49  21.1   0.0  0.11   1.9  20.0   18:26    NE
16  45.6  49.1   14:26  42.2   23:58  19.4   0.0  0.00   0.4   6.0   13:04     N
17  43.2  46.8   12:53  40.5   02:00  21.8   0.0  0.00   2.4  14.0   15:36   NNW
18  44.3  53.9   15:45  36.1   04:26  20.7   0.0  0.00   0.2   7.0   00:18    NE
19  45.9  57.2   13:35  38.0   06:30  19.1   0.0  0.00   0.2   6.0   12:12   ENE
20  34.6  41.1   00:02  26.5   23:51  30.4   0.0  0.29   1.3  11.0   13:57     N
21  25.9  28.5   12:38  24.5   05:45  39.1   0.0  0.00   2.1  14.0   13:27   NNW
22  27.9  31.8   13:18  24.9   04:45  37.1   0.0  0.00   2.8  16.0   06:58    NW
23  28.5  33.1   14:04  25.6   23:26  36.5   0.0  0.00   2.5  19.0   00:18   NNW
24  30.2  34.0   12:40  25.8   00:00  34.8   0.0  0.02   0.1   6.0   09:50     E
25  33.4  35.1   14:44  31.8   00:00  31.6   0.0  0.02   0.0   2.0   13:33   ---
26  34.4  39.0   12:59  31.0   07:11  30.6   0.0  0.05   0.1   5.0   23:30   NNW
27  32.3  35.5   13:33  30.4   18:43  32.7   0.0  0.00   1.7  11.0   08:01    NW
28  30.9  36.0   14:20  27.2   22:55  34.1   0.0  0.00   0.9  10.0   01:21   NNW
29  34.2  40.5   15:15  27.4   00:04  30.8   0.0  0.42   0.4  11.0   12:00   NNE
30  41.1  46.5   13:50  37.7   00:00  23.9   0.0  0.11   0.9  12.0   18:58     E
----------------------------------------------------------------------------------
    38.5  62.0     2    24.5    21   796.1   0.0  1.42   1.1  21.0    12       N

Max >=  80.0:  0
Max <=  32.0:  2
Min <=  32.0: 17
Min <=   0.0:  0
Max Rain: 0.42 on day 29
Days of Rain: 9 (>= 0.01 in)  5 (>= 0.10 in)  0 (>= 1.00 in)
Heat Base: 65.0  Cool Base: 65.0  Method: Integration