NOAA-Style Climate Reports


Report for 2016 October
                   Monthly Climatological Summary for Oct 2016

Name: East Unity, NH   City: Unity   State: NH
Elevation: 1384 ft  Lat: N 43° 17' 19"   Lon: W 072° 11' 41"

                  Temperature (°F), Rain (in), Wind Speed (mph)

                                      Heat  Cool        Avg
    Mean                              Deg   Deg         Wind                 Dom
Day Temp  High   Time   Low    Time   Days  Days  Rain  Speed High   Time    Dir
----------------------------------------------------------------------------------
 1  47.6  52.7   14:00  44.1   02:21  17.4   0.0  0.08   1.6  14.0   13:37    NE
 2  50.5  53.9   15:44  47.1   02:48  14.5   0.0  0.00   0.4   8.0   06:15    NE
 3  56.3  65.6   14:15  50.9   05:43   8.7   0.0  0.02   0.2  11.0   16:22    NE
 4  54.3  58.7   16:10  49.2   23:59  10.7   0.0  0.00   0.6  10.0   00:10    NE
 5  52.7  63.7   14:28  43.9   08:01  12.3   0.0  0.00   0.2  10.0   12:43    NE
 6  55.5  66.6   14:13  45.7   06:51   9.6   0.1  0.00   0.1   4.0   11:01    NE
 7  57.6  69.4   14:19  48.2   07:13   8.0   0.6  0.00   0.2   6.0   14:40    NE
 8  55.8  60.7   13:18  49.5   07:16   9.2   0.0  0.00   0.3   8.0   15:09    NE
 9  49.6  57.8   00:00  42.3   23:56  15.4   0.0  0.08   0.9  21.0   23:13    NE
10  42.5  48.0   15:18  38.2   08:29  22.5   0.0  0.00   1.9  19.0   04:24   NNW
11  47.6  60.6   15:14  37.0   07:57  17.4   0.0  0.00   0.2   7.0   12:17    NE
12  52.3  63.4   13:34  44.5   00:41  12.6   0.0  0.00   0.3   8.0   12:06    NE
13  52.8  62.6   13:38  45.4   23:59  12.2   0.0  0.04   0.7   9.0   09:23   NNE
14  43.0  49.3   15:35  37.6   07:33  22.0   0.0  0.00   1.4  13.0   08:59     N
15  42.5  53.8   14:02  31.2   07:55  22.5   0.0  0.00   0.3   5.0   12:25    NE
16  50.5  60.0   13:25  39.8   03:48  14.5   0.0  0.00   0.7   8.0   10:38    NE
17  62.1  69.6   14:41  56.0   00:00   3.6   0.8  0.02   0.2   6.0   10:52   NNE
18  55.9  61.4   23:01  50.3   09:03   9.1   0.0  0.12   0.4   8.0   15:14    NE
19  61.6  67.4   12:40  53.3   23:58   3.8   0.4  0.00   0.8  13.0   14:16     N
20  51.1  60.0   12:01  44.7   07:36  13.9   0.0  0.21   0.8  11.0   09:54   ENE
21  58.6  65.2   15:10  50.0   00:00   6.4   0.0  0.07   0.7  10.0   00:19   ENE
22  47.2  61.2   00:00  35.4   23:59  17.8   0.0  0.07   1.1  11.0   17:13   NNW
23  40.3  47.7   15:30  34.9   02:15  24.5   0.0  0.23   2.2  19.0   13:06   NNW
24  42.9  49.8   12:49  38.0   23:57  22.1   0.0  0.00   1.6  15.0   09:29    NW
25  35.5  38.9   15:29  31.5   23:27  29.5   0.0  0.00   1.7  17.0   10:15    NW
26  33.4  37.3   13:36  28.9   23:29  31.6   0.0  0.00   1.6  13.0   11:14   NNW
27  31.6  37.5   12:58  25.4   06:49  33.3   0.0  0.37   0.4  12.0   23:44     E
28  38.1  41.3   06:37  34.3   13:15  26.9   0.0  0.83   1.6  16.0   11:16   NNW
29  39.7  46.5   23:51  36.8   06:13  25.3   0.0  0.01   0.2   7.0   18:19     N
30  46.0  50.0   04:54  37.4   23:49  19.0   0.0  0.01   0.8  11.0   23:43   NNW
31  35.9  39.0   12:26  29.4   23:52  29.1   0.0  0.00   2.1  14.0   09:46   NNW
----------------------------------------------------------------------------------
    48.1  69.6    17    25.4    27   525.4   1.9  2.16   0.9  21.0     9       N

Max >=  80.0:  0
Max <=  32.0:  0
Min <=  32.0:  5
Min <=   0.0:  0
Max Rain: 0.83 on day 28
Days of Rain: 14 (>= 0.01 in)  5 (>= 0.10 in)  0 (>= 1.00 in)
Heat Base: 65.0  Cool Base: 65.0  Method: Integration