NOAA-Style Climate Reports


Report for 2016 September
                   Monthly Climatological Summary for Sep 2016

Name: East Unity, NH   City: Unity   State: NH
Elevation: 1384 ft  Lat: N 43° 17' 19"   Lon: W 072° 11' 41"

                  Temperature (°F), Rain (in), Wind Speed (mph)

                                      Heat  Cool        Avg
    Mean                              Deg   Deg         Wind                 Dom
Day Temp  High   Time   Low    Time   Days  Days  Rain  Speed High   Time    Dir
----------------------------------------------------------------------------------
 1  67.1  74.2   12:23  60.3   23:58   0.7   2.7  0.00   0.5  11.0   14:17    NE
 2  62.6  69.9   14:54  55.9   06:06   3.6   1.2  0.00   0.8  16.0   12:23   NNE
 3  61.3  69.5   13:10  52.1   06:05   4.8   1.1  0.00   0.3   7.0   12:03    NE
 4  64.7  76.1   12:34  55.1   06:54   3.5   3.2  0.00   0.5  11.0   11:01    NE
 5  64.7  76.2   12:43  54.4   07:05   3.4   3.2  0.00   1.1  17.0   15:41    NE
 6  66.8  74.0   15:56  62.4   04:03   0.9   2.7  0.00   1.0  12.0   11:11    NE
 7  68.7  76.8   13:20  63.5   06:05   0.2   3.9  0.00   0.5  11.0   12:29    NE
 8  69.6  78.2   15:30  61.7   03:56   0.7   5.3  0.06   0.3   6.0   12:09    NE
 9  72.5  80.5   15:39  67.9   23:55   0.0   7.5  0.01   0.1   5.0   00:25   NNW
10  69.1  73.5   15:45  65.4   03:33   0.0   4.1  0.00   0.5   8.0   14:09     N
11  65.9  72.8   08:32  54.9   23:58   1.6   2.5  0.05   1.0  10.0   08:56     N
12  59.2  67.8   11:50  49.6   07:07   6.3   0.5  0.00   0.3   9.0   13:00    NE
13  63.5  74.8   14:20  52.3   06:29   4.3   2.8  0.00   0.3   9.0   12:55   ENE
14  63.2  73.7   12:06  53.5   23:47   3.5   1.7  0.00   0.9  11.0   13:28   NNE
15  55.1  63.0   14:00  47.0   07:10   9.9   0.0  0.00   0.5  11.0   10:35    NE
16  57.3  69.2   13:35  46.2   06:41   8.4   0.7  0.00   0.3   8.0   13:39    NE
17  61.0  71.2   14:27  50.1   06:44   5.3   1.3  0.00   0.9  11.0   15:21    NE
18  64.9  68.2   16:15  61.8   05:01   1.0   1.0  0.08   0.7   7.0   00:00    NE
19  66.2  68.8   15:33  63.7   07:16   0.1   1.3  0.50   0.0   3.0   13:23   ---
20  67.8  75.0   14:21  62.6   07:49   0.4   3.1  0.00   0.1   4.0   11:00   ENE
21  64.3  72.0   13:52  57.8   07:09   2.4   1.7  0.00   0.2   5.0   12:22    NE
22  66.4  77.8   13:23  57.4   06:23   2.6   4.0  0.00   0.3   6.0   10:50    NE
23  58.6  63.1   12:46  50.5   23:58   6.4   0.0  0.08   0.9  15.0   18:20    NE
24  50.8  57.1   13:53  44.0   07:34  14.2   0.0  0.00   0.8  13.0   11:37     N
25  48.5  56.1   14:18  40.7   07:00  16.5   0.0  0.00   0.9  12.0   13:08   NNW
26  49.9  60.6   14:11  38.3   07:28  15.1   0.0  0.00   0.3   7.0   13:27    NE
27  56.8  63.7   14:14  50.9   00:00   8.2   0.0  0.30   0.2   5.0   00:11   ENE
28  53.0  54.3   04:52  51.3   19:16  12.0   0.0  0.00   1.4  15.0   22:34    NE
29  52.8  60.3   14:15  46.2   07:18  12.2   0.0  0.00   1.9  16.0   10:25    NE
30  50.3  57.4   14:19  44.1   05:32  14.7   0.0  0.00   1.3  14.0   13:14    NE
----------------------------------------------------------------------------------
    61.4  80.5     9    38.3    26   162.9  55.5  1.08   0.6  17.0     5      NE

Max >=  80.0:  1
Max <=  32.0:  0
Min <=  32.0:  0
Min <=   0.0:  0
Max Rain: 0.50 on day 19
Days of Rain: 7 (>= 0.01 in)  2 (>= 0.10 in)  0 (>= 1.00 in)
Heat Base: 65.0  Cool Base: 65.0  Method: Integration