NOAA-Style Climate Reports


Report for 2016 August
                   Monthly Climatological Summary for Aug 2016

Name: East Unity, NH   City: Unity   State: NH
Elevation: 1384 ft  Lat: N 43° 17' 19"   Lon: W 072° 11' 41"

                  Temperature (°F), Rain (in), Wind Speed (mph)

                                      Heat  Cool        Avg
    Mean                              Deg   Deg         Wind                 Dom
Day Temp  High   Time   Low    Time   Days  Days  Rain  Speed High   Time    Dir
----------------------------------------------------------------------------------
 1  63.3  65.2   11:41  61.2   23:52   1.7   0.0  0.35   0.2   8.0   17:57   NNE
 2  64.0  70.3   15:12  60.7   04:03   2.0   1.0  0.07   0.1   9.0   14:58    NE
 3  67.5  76.4   16:33  57.4   06:24   2.0   4.5  0.00   0.3   8.0   13:13   ENE
 4  69.2  78.6   12:50  58.1   04:36   1.6   5.8  0.00   0.3  10.0   14:21    NE
 5  71.2  81.8   14:33  58.2   05:46   1.2   7.5  0.00   0.5   9.0   13:52    NE
 6  72.0  79.7   13:53  66.7   03:27   0.0   7.0  0.00   0.8   9.0   13:39    NE
 7  70.0  75.7   10:32  62.2   06:13   0.2   5.2  0.00   0.4   6.0   09:10   NNE
 8  68.7  76.7   15:17  59.6   06:13   1.0   4.7  0.00   0.4   8.0   14:53   NNE
 9  71.5  81.3   15:47  59.6   06:27   0.9   7.4  0.00   0.3   5.0   12:22   ENE
10  68.8  75.0   17:36  63.6   01:23   0.2   4.0  0.11   0.2   6.0   11:55    NE
11  77.1  86.3   14:38  68.3   05:57   0.0  12.0  0.00   0.3   6.0   12:57    NE
12  78.3  86.2   16:46  71.0   04:25   0.0  13.3  0.00   0.6  10.0   11:02    NE
13  72.6  79.3   12:57  68.8   20:19   0.0   7.6  1.25   0.5  16.0   13:49    NE
14  73.8  81.1   15:24  68.2   02:30   0.0   8.8  0.01   0.7  12.0   13:26   ENE
15  69.1  73.2   11:41  64.8   23:52   0.0   4.1  0.00   0.3  10.0   12:33   NNE
16  67.0  73.4   13:59  60.2   05:41   1.0   3.0  0.08   0.3   9.0   23:29    NE
17  68.2  72.4   00:00  63.7   23:57   0.0   3.3  0.01   1.3  13.0   08:26   NNE
18  69.1  76.9   15:06  59.6   05:15   1.1   5.3  0.00   0.2   6.0   09:47    NE
19  70.5  77.1   12:44  64.5   05:16   0.0   5.6  0.00   0.4  12.0   10:23    NE
20  70.4  81.5   12:26  59.1   06:18   1.2   6.5  0.00   0.4   7.0   12:01    NE
21  71.2  77.7   15:12  66.5   04:20   0.0   6.2  0.03   1.0  10.0   10:42   NNE
22  61.3  67.7   00:00  54.8   23:56   3.8   0.1  0.40   0.9  12.0   14:37   NNW
23  61.9  71.2   14:57  50.1   06:02   4.9   1.8  0.00   0.4   9.0   20:59   ENE
24  69.1  79.3   12:42  58.0   06:22   1.9   6.0  0.00   0.2   9.0   15:20   ENE
25  69.3  78.0   12:23  61.2   05:50   0.6   4.9  0.26   0.5  11.0   12:25    NE
26  69.8  75.0   16:39  65.7   04:03   0.0   4.8  0.08   0.1   4.0   03:11    NE
27  70.6  80.0   11:55  61.8   05:39   0.6   6.1  0.00   0.3   6.0   11:04    NE
28  70.7  79.6   14:39  60.9   06:44   0.6   6.3  0.00   0.5   8.0   09:53    NE
29  68.2  74.0   12:41  60.0   23:58   0.5   3.7  0.00   1.0  14.0   16:07     N
30  64.7  73.7   12:44  53.9   06:16   3.1   2.8  0.00   0.2   6.0   15:31   ENE
31  67.1  76.2   11:38  59.8   06:22   1.4   3.5  0.00   0.1   5.0   11:36   ENE
----------------------------------------------------------------------------------
    69.2  86.3    11    50.1    23    31.5 162.8  2.65   0.5  16.0    13      NE

Max >=  80.0:  7
Max <=  32.0:  0
Min <=  32.0:  0
Min <=   0.0:  0
Max Rain: 1.25 on day 13
Days of Rain: 11 (>= 0.01 in)  5 (>= 0.10 in)  1 (>= 1.00 in)
Heat Base: 65.0  Cool Base: 65.0  Method: Integration