NOAA-Style Climate Reports


Report for 2016 July
                   Monthly Climatological Summary for Jul 2016

Name: East Unity, NH   City: Unity   State: NH
Elevation: 1384 ft  Lat: N 43° 17' 19"   Lon: W 072° 11' 41"

                  Temperature (°F), Rain (in), Wind Speed (mph)

                                      Heat  Cool        Avg
    Mean                              Deg   Deg         Wind                 Dom
Day Temp  High   Time   Low    Time   Days  Days  Rain  Speed High   Time    Dir
----------------------------------------------------------------------------------
 1  68.2  77.2   13:16  59.7   05:48   1.6   4.8  1.06   0.7  10.0   16:21    NE
 2  60.7  66.4   16:34  54.9   05:50   4.5   0.1  0.02   0.9  10.0   13:30     N
 3  64.4  73.1   15:57  53.5   05:18   3.4   2.8  0.00   0.7  11.0   14:37   NNE
 4  68.4  77.5   15:52  54.6   05:45   2.2   5.6  0.00   0.4   8.0   12:25    NE
 5  71.3  79.5   16:22  60.6   05:00   0.8   7.2  0.00   0.3   7.0   10:14    NE
 6  75.3  82.9   15:24  64.4   05:41   0.0  10.3  0.00   0.4   9.0   15:19   ENE
 7  72.6  82.9   14:25  66.1   05:41   0.0   7.6  0.22   0.4  11.0   14:06    NE
 8  67.3  72.3   14:41  59.4   23:56   0.5   2.8  0.00   0.8  11.0   16:07    NE
 9  56.9  59.4   00:00  54.6   23:38   8.0   0.0  0.54   0.7   8.0   20:19   NNE
10  57.8  60.9   18:59  54.4   00:47   7.2   0.0  0.24   0.2   4.0   00:36   NNE
11  63.6  71.2   16:56  56.3   05:58   3.2   1.8  0.00   0.7  10.0   12:11   NNE
12  69.1  77.4   10:52  58.6   05:49   1.3   5.4  0.00   0.4   6.0   12:57   ENE
13  74.1  83.4   13:06  62.3   05:52   0.4   9.5  0.00   0.7   9.0   13:38    NE
14  72.1  79.5   16:37  66.0   05:16   0.0   7.0  0.13   1.0  10.0   15:48    NE
15  73.7  80.4   15:14  67.2   05:44   0.0   8.7  0.00   0.5  10.0   12:15   ENE
16  71.0  76.6   10:48  63.1   05:38   0.2   6.2  0.00   0.5   9.0   11:01    NE
17  69.5  76.5   15:10  63.9   06:06   0.2   4.7  0.18   0.2   6.0   13:02   ENE
18  71.3  81.2   10:11  62.3   04:29   0.3   6.6  0.02   0.5   8.0   17:01   ENE
19  65.3  70.1   09:49  58.4   23:55   0.9   1.2  0.00   0.8  12.0   14:25     N
20  64.2  72.2   15:44  54.9   05:24   3.1   2.3  0.00   0.4   8.0   12:49   NNE
21  69.4  78.2   15:17  57.3   05:07   1.7   6.0  0.00   0.3   7.0   14:33    NE
22  75.1  84.8   15:37  63.8   05:46   0.1  10.2  0.00   1.0  13.0   15:11    NE
23  71.9  82.3   13:34  61.0   23:22   0.7   7.6  0.23   0.8  19.0   17:17   NNE
24  68.9  76.8   16:57  60.2   02:05   1.1   5.0  0.00   0.4   8.0   12:03   NNE
25  72.8  83.1   13:51  61.1   04:49   0.9   8.7  0.00   0.2   4.0   09:09   NNE
26  74.0  80.1   14:24  66.8   05:47   0.0   9.0  0.00   0.7   8.0   15:02     N
27  74.8  83.1   15:14  64.3   05:58   0.0   9.8  0.00   0.4   9.0   13:06    NE
28  75.4  83.6   14:13  65.9   05:56   0.0  10.4  0.00   0.3   6.0   11:31    NE
29  72.3  77.8   15:35  67.1   06:14   0.0   7.3  0.00   0.5  11.0   15:29    NE
30  69.6  76.0   17:43  61.0   05:59   0.5   5.1  0.00   0.3   6.0   10:14   ENE
31  63.2  68.5   00:00  60.8   06:04   2.0   0.2  0.24   0.4   7.0   10:51    NE
----------------------------------------------------------------------------------
    69.2  84.8    22    53.5     3    44.8 173.9  2.88   0.5  19.0    23      NE

Max >=  80.0: 11
Max <=  32.0:  0
Min <=  32.0:  0
Min <=   0.0:  0
Max Rain: 1.06 on day 1
Days of Rain: 10 (>= 0.01 in)  8 (>= 0.10 in)  1 (>= 1.00 in)
Heat Base: 65.0  Cool Base: 65.0  Method: Integration