NOAA-Style Climate Reports


Report for 2016 June
                   Monthly Climatological Summary for Jun 2016

Name: East Unity, NH   City: Unity   State: NH
Elevation: 1384 ft  Lat: N 43° 17' 19"   Lon: W 072° 11' 41"

                  Temperature (°F), Rain (in), Wind Speed (mph)

                                      Heat  Cool        Avg
    Mean                              Deg   Deg         Wind                 Dom
Day Temp  High   Time   Low    Time   Days  Days  Rain  Speed High   Time    Dir
----------------------------------------------------------------------------------
 1  66.8  74.3   12:18  57.8   05:18   1.8   3.6  0.00   0.9   9.0   20:28    NE
 2  63.2  71.2   13:33  52.4   05:03   3.9   2.1  0.00   1.0  10.0   10:41   NNE
 3  65.0  75.3   17:03  56.5   03:53   3.0   3.0  0.00   0.6   7.0   12:15    NE
 4  68.3  76.3   15:32  59.0   05:31   1.3   4.7  0.00   0.3   7.0   11:05    NE
 5  61.2  65.0   00:00  59.0   05:50   3.8   0.0  1.21   0.6  10.0   13:31   NNE
 6  65.0  72.1   15:34  59.1   05:26   2.1   2.1  0.20   0.7  11.0   12:11    NE
 7  63.0  71.8   14:23  57.3   03:36   3.5   1.6  0.00   0.5  10.0   12:11    NE
 8  56.5  63.2   12:49  47.7   23:54   8.5   0.0  0.06   1.3  13.0   11:56   NNE
 9  50.2  56.3   13:55  45.3   05:28  14.8   0.0  0.01   1.4  13.0   16:19   NNW
10  54.2  64.1   17:19  46.2   07:57  10.8   0.0  0.00   1.3  16.0   11:29   NNW
11  54.0  61.5   10:33  48.9   04:55  11.0   0.0  0.08   0.2   7.0   16:20    NE
12  54.7  65.0   09:45  47.2   23:13  10.3   0.0  0.01   1.2  13.0   18:30   NNW
13  54.6  62.9   14:52  47.5   00:00  10.4   0.0  0.00   1.6  12.0   14:30   NNW
14  58.8  68.8   15:30  48.1   05:41   7.0   0.8  0.00   1.4  14.0   08:13   NNW
15  66.7  75.1   14:59  56.1   05:25   2.1   3.8  0.00   0.8  11.0   12:25     N
16  68.7  76.9   14:32  58.8   04:03   1.4   5.1  0.00   0.5  10.0   13:45    NE
17  66.1  73.6   12:48  54.7   05:34   2.4   3.5  0.00   0.5  10.0   01:39    NE
18  67.8  78.9   11:04  54.3   05:26   2.7   5.5  0.00   0.4   9.0   12:04    NE
19  70.5  82.0   14:07  56.6   05:40   1.9   7.5  0.00   0.5   8.0   00:49    NE
20  71.6  82.8   12:58  56.5   05:35   1.6   8.2  0.00   0.9   9.0   15:10   ENE
21  67.4  72.7   15:27  58.2   23:57   0.8   3.2  0.09   0.8  10.0   13:39    NE
22  59.0  65.3   16:46  53.0   05:41   6.0   0.0  0.15   0.5   9.0   12:51   NNE
23  62.9  70.5   09:57  52.3   05:17   3.7   1.7  0.00   0.3   7.0   13:42    NE
24  66.5  73.6   16:46  55.2   05:48   2.3   3.8  0.00   0.5   9.0   11:35    NE
25  69.0  79.5   10:22  56.1   05:19   2.1   6.1  0.00   0.3   6.0   13:55    NE
26  71.5  82.5   13:42  57.0   05:15   1.6   8.2  0.00   0.3   7.0   15:47   ENE
27  69.4  80.6   12:24  61.3   05:45   0.4   4.8  0.00   0.6  10.0   10:51    NE
28  69.8  77.7   15:27  65.3   05:13   0.0   4.8  0.00   1.0   9.0   16:43    NE
29  66.2  73.3   15:42  61.3   03:26   1.1   2.2  0.57   0.2   8.0   17:47    NE
30  68.0  75.8   15:35  58.5   05:31   1.3   4.3  0.00   0.4   9.0   11:44    NE
----------------------------------------------------------------------------------
    63.9  82.8    20    45.3     9   123.6  90.6  2.38   0.7  16.0    10     NNE

Max >=  80.0:  4
Max <=  32.0:  0
Min <=  32.0:  0
Min <=   0.0:  0
Max Rain: 1.21 on day 5
Days of Rain: 9 (>= 0.01 in)  4 (>= 0.10 in)  1 (>= 1.00 in)
Heat Base: 65.0  Cool Base: 65.0  Method: Integration