NOAA-Style Climate Reports


Report for 2016 May
                   Monthly Climatological Summary for May 2016

Name: East Unity, NH   City: Unity   State: NH
Elevation: 1384 ft  Lat: N 43° 17' 19"   Lon: W 072° 11' 41"

                  Temperature (°F), Rain (in), Wind Speed (mph)

                                      Heat  Cool        Avg
    Mean                              Deg   Deg         Wind                 Dom
Day Temp  High   Time   Low    Time   Days  Days  Rain  Speed High   Time    Dir
----------------------------------------------------------------------------------
 1  44.3  49.8   10:22  39.2   23:55  20.7   0.0  0.21   0.5   9.0   17:07     E
 2  41.3  44.8   15:35  38.0   03:37  23.7   0.0  0.45   0.7   9.0   12:48   ENE
 3  44.2  48.6   17:50  41.0   06:06  20.8   0.0  0.00   0.9   8.0   12:15    NE
 4  43.7  46.2   10:24  40.0   23:53  21.3   0.0  0.18   1.3  14.0   23:08     E
 5  44.9  51.0   13:14  39.3   03:21  20.1   0.0  0.00   3.9  19.0   11:50    NE
 6  54.5  69.4   13:59  43.9   02:52  10.9   0.3  0.04   2.0  15.0   18:32   ENE
 7  49.1  55.4   13:46  44.5   05:22  15.9   0.0  0.01   1.0   8.0   10:38   ENE
 8  48.3  53.5   15:34  41.4   22:27  16.7   0.0  0.08   2.0  19.0   13:29   NNW
 9  43.7  55.5   15:36  34.6   04:12  21.3   0.0  0.01   2.2  15.0   14:24   NNW
10  52.1  66.0   16:17  36.5   03:49  12.9   0.0  0.00   1.8  13.0   09:40   NNW
11  59.4  71.3   16:58  46.5   05:54   6.9   1.3  0.00   1.8  18.0   13:57   NNW
12  65.0  79.4   14:11  48.1   06:12   4.6   4.6  0.00   0.8   9.0   12:12   NNE
13  58.9  67.5   13:16  50.3   05:37   6.2   0.1  0.26   0.6  10.0   09:10    NE
14  60.4  71.3   13:32  49.2   05:23   6.1   1.4  0.21   0.9   9.0   17:21    NE
15  43.3  53.0   00:00  35.3   23:58  21.7   0.0  0.10   2.0  13.0   17:47     N
16  41.0  48.8   14:57  33.7   04:11  24.0   0.0  0.00   2.4  19.0   11:08     N
17  53.2  64.1   15:06  41.0   02:46  11.8   0.0  0.00   1.3  17.0   15:20     N
18  53.8  63.3   17:37  41.4   05:45  11.2   0.0  0.00   1.1  13.0   13:45   NNE
19  53.1  66.5   11:47  44.2   23:45  12.0   0.0  0.26   0.4   9.0   11:35    NE
20  56.9  69.1   16:06  42.8   05:33   8.7   0.6  0.01   0.7  12.0   13:27   NNE
21  61.7  73.0   13:01  49.3   05:46   5.1   1.8  0.00   0.5   8.0   12:19    NE
22  59.7  69.6   14:54  52.3   05:06   5.8   0.5  0.00   0.6  14.0   13:24   NNE
23  64.6  75.9   15:15  50.6   05:42   4.1   3.7  0.00   0.8  13.0   15:52    NE
24  56.7  61.2   00:10  54.0   05:55   8.3   0.0  0.33   0.3   9.0   13:33    NE
25  66.0  80.6   15:03  51.2   05:42   3.9   4.9  0.00   0.6  13.0   17:47   NNE
26  71.2  80.5   15:31  61.1   05:23   0.7   6.8  0.00   0.5   7.0   12:47   NNE
27  68.8  81.1   16:41  57.3   06:41   2.1   5.9  0.01   0.6  10.0   16:43    NE
28  76.1  85.7   15:11  64.5   05:52   0.0  11.1  0.00   0.4   9.0   10:43    NE
29  65.7  72.9   00:00  58.0   23:44   1.5   2.1  0.00   0.9  11.0   13:46    NE
30  66.1  75.8   16:29  57.3   01:21   2.8   3.9  0.07   0.7   8.0   15:35    NE
31  69.9  77.8   16:38  60.3   05:47   0.6   5.4  0.00   0.9  11.0   15:21   NNE
----------------------------------------------------------------------------------
    56.1  85.7    28    33.7    16   332.4  54.4  2.23   1.1  19.0     5     NNE

Max >=  80.0:  4
Max <=  32.0:  0
Min <=  32.0:  0
Min <=   0.0:  0
Max Rain: 0.45 on day 2
Days of Rain: 15 (>= 0.01 in)  8 (>= 0.10 in)  0 (>= 1.00 in)
Heat Base: 65.0  Cool Base: 65.0  Method: Integration