NOAA-Style Climate Reports


Report for 2016 April
                   Monthly Climatological Summary for Apr 2016

Name: East Unity, NH   City: Unity   State: NH
Elevation: 1384 ft  Lat: N 43° 17' 19"   Lon: W 072° 11' 41"

                  Temperature (°F), Rain (in), Wind Speed (mph)

                                      Heat  Cool        Avg
    Mean                              Deg   Deg         Wind                 Dom
Day Temp  High   Time   Low    Time   Days  Days  Rain  Speed High   Time    Dir
----------------------------------------------------------------------------------
 1  57.6  71.0   14:36  41.6   23:59   7.8   0.4  0.18   1.9  15.0   20:14   NNE
 2  39.9  48.3   15:24  32.2   23:58  25.1   0.0  0.07   1.0  12.0   16:59    NW
 3  26.1  32.8   01:13  19.0   23:59  38.9   0.0  0.00   4.1  23.0   15:48   NNW
 4  18.4  21.6   16:25  14.5   03:56  46.6   0.0  0.07   1.8  12.0   15:16    NE
 5  21.2  30.1   14:56  11.5   06:21  43.8   0.0  0.00   2.4  17.0   09:29   NNW
 6  27.9  37.7   14:22  16.5   05:45  37.1   0.0  0.00   1.3  13.0   20:14   SSE
 7  44.4  50.7   10:22  33.1   00:03  20.5   0.0  0.21   1.9  16.0   16:25     E
 8  36.4  41.5   10:27  27.6   23:57  28.6   0.0  0.01   1.4  14.0   14:33     N
 9  31.2  41.3   15:39  23.3   05:03  33.8   0.0  0.00   2.4  16.0   14:09     N
10  30.5  39.0   14:04  22.6   06:21  34.5   0.0  0.00   2.6  13.0   15:13   NNW
11  38.8  44.1   14:02  33.3   00:00  26.2   0.0  0.05   1.4  16.0   14:35   NNE
12  43.4  49.4   09:37  33.3   23:57  21.6   0.0  0.40   2.2  15.0   16:51   NNW
13  39.0  49.4   14:49  30.6   06:18  25.9   0.0  0.00   2.1  15.0   13:32     N
14  41.6  53.2   13:35  29.3   04:57  23.4   0.0  0.00   1.6  15.0   13:28   NNE
15  45.3  59.2   13:51  30.8   06:11  19.7   0.0  0.00   1.6  14.0   17:03   NNE
16  47.9  61.1   14:12  33.3   06:28  17.1   0.0  0.00   1.8  17.0   12:04    NE
17  55.9  73.1   14:44  36.4   05:46  10.6   1.5  0.00   1.2  11.0   16:42   NNE
18  59.8  73.4   13:15  49.5   03:42   6.8   1.7  0.00   1.4  13.0   12:50    NE
19  46.5  55.3   14:40  39.6   06:13  18.5   0.0  0.02   2.4  19.0   16:32   NNW
20  45.9  56.2   15:50  34.9   06:01  19.1   0.0  0.00   2.8  19.0   08:19     N
21  57.1  73.5   15:04  36.9   06:21   9.8   1.9  0.00   1.2  12.0   13:12   NNW
22  62.4  76.7   14:20  53.8   03:29   4.6   2.0  0.00   0.5  12.0   13:56     E
23  50.2  59.6   00:00  39.3   23:58  14.8   0.0  0.00   3.6  20.0   15:54   NNW
24  42.1  51.1   15:09  32.3   06:03  22.9   0.0  0.00   2.4  14.0   10:15   NNW
25  45.9  59.1   13:17  34.0   05:28  19.1   0.0  0.00   1.2  11.0   14:37   NNW
26  35.8  44.7   00:00  32.5   11:40  29.2   0.0  0.30   1.2   9.0   08:42   ENE
27  41.4  53.7   16:27  28.8   05:45  23.6   0.0  0.04   1.6  13.0   16:49   NNW
28  43.1  55.2   14:38  31.4   05:38  21.9   0.0  0.00   2.0  15.0   09:25     N
29  46.3  60.0   15:47  33.0   04:35  18.7   0.0  0.00   1.4  12.0   04:54   ENE
30  51.7  65.5   12:45  36.7   06:19  13.3   0.0  0.00   1.1  12.0   10:18   NNE
----------------------------------------------------------------------------------
    42.5  76.7    22    11.5     5   683.5   7.5  1.35   1.9  23.0     3       N

Max >=  80.0:  0
Max <=  32.0:  2
Min <=  32.0: 12
Min <=   0.0:  0
Max Rain: 0.40 on day 12
Days of Rain: 10 (>= 0.01 in)  4 (>= 0.10 in)  0 (>= 1.00 in)
Heat Base: 65.0  Cool Base: 65.0  Method: Integration