NOAA-Style Climate Reports


Report for 2016 March
                   Monthly Climatological Summary for Mar 2016

Name: East Unity, NH   City: Unity   State: NH
Elevation: 1384 ft  Lat: N 43° 17' 19"   Lon: W 072° 11' 41"

                  Temperature (°F), Rain (in), Wind Speed (mph)

                                      Heat  Cool        Avg
    Mean                              Deg   Deg         Wind                 Dom
Day Temp  High   Time   Low    Time   Days  Days  Rain  Speed High   Time    Dir
----------------------------------------------------------------------------------
 1  29.3  39.2   00:23  19.3   06:59  35.7   0.0  0.00   2.5  21.0   00:36   NNW
 2  27.8  35.5   08:05  15.0   23:54  37.2   0.0  0.58   3.3  20.0   10:41   NNW
 3  15.2  21.9   13:29   9.0   06:47  49.8   0.0  0.00   2.0  13.0   08:09   NNW
 4  20.8  32.2   13:00  11.6   01:40  44.2   0.0  0.00   1.3  10.0   13:34    NE
 5  22.5  30.2   13:50  13.6   06:14  42.4   0.0  0.00   1.9  17.0   11:49     N
 6  27.3  36.2   13:43  19.1   03:37  37.5   0.0  0.00   1.2  10.0   13:41     N
 7  32.5  38.9   19:19  23.9   03:56  32.5   0.0  0.00   0.8  13.0   10:42   NNE
 8  42.3  51.4   13:57  33.9   06:23  22.7   0.0  0.00   1.0  11.0   07:48   NNW
 9  55.7  70.5   14:24  39.8   06:25  10.0   0.8  0.00   1.2  12.0   12:30     W
10  55.5  61.3   00:08  47.5   23:50   9.5   0.0  0.42   0.7  12.0   19:49   NNW
11  42.4  48.8   13:37  30.6   23:57  22.6   0.0  0.07   2.1  14.0   09:45   NNW
12  42.0  56.7   15:00  26.5   06:15  23.0   0.0  0.00   1.4  15.0   15:14   WNW
13  46.8  55.3   14:21  38.8   23:54  17.5   0.0  0.00   2.5  17.0   10:11   NNW
14  33.7  40.1   00:58  31.6   20:53  31.2   0.0  0.11   2.5  20.0   08:08     E
15  36.6  41.9   15:30  31.9   00:00  28.4   0.0  0.01   2.9  17.0   13:12   ENE
16  46.8  61.3   13:44  37.8   04:07  18.2   0.0  0.14   1.2  11.0   15:09     E
17  44.3  59.4   13:48  38.2   05:03  20.7   0.0  0.16   1.2  18.0   14:49   NNW
18  36.4  42.1   13:28  26.3   23:55  28.6   0.0  0.00   2.5  17.0   11:18   NNW
19  26.4  34.8   13:33  18.1   07:09  38.5   0.0  0.00   2.7  12.0   16:16   NNW
20  27.4  38.5   13:51  15.2   07:10  37.6   0.0  0.00   1.5  12.0   12:57   ENE
21  31.1  40.2   14:38  25.3   07:11  33.9   0.0  0.03   1.9  16.0   17:22   NNW
22  32.7  42.3   14:44  22.7   07:10  32.3   0.0  0.00   2.2  15.0   10:32   NNW
23  40.0  52.3   11:02  34.0   23:58  25.0   0.0  0.00   1.7  12.0   15:08     N
24  31.7  40.7   13:14  28.2   05:28  33.3   0.0  0.01   2.6  15.0   15:25     E
25  36.8  46.7   14:16  29.6   00:05  28.2   0.0  0.30   1.3  11.0   22:33     N
26  36.9  50.4   14:47  28.6   06:00  28.1   0.0  0.00   2.1  15.0   01:19   NNE
27  39.3  53.7   14:25  29.6   02:07  25.7   0.0  0.00   0.8   9.0   13:45     E
28  35.8  38.5   23:03  33.1   04:27  29.2   0.0  0.46   0.9  12.0   10:17   ENE
29  35.4  40.4   13:34  30.7   23:54  29.6   0.0  0.00   4.5  20.0   06:54    NW
30  40.6  56.1   14:56  25.2   06:12  24.4   0.0  0.00   1.5  14.0   21:04    NW
31  52.3  66.5   14:54  37.4   05:36  12.8   0.1  0.00   2.2  16.0   19:17     E
----------------------------------------------------------------------------------
    36.3  70.5     9     9.0     3   890.3   0.9  2.29   1.9  21.0     1       N

Max >=  80.0:  0
Max <=  32.0:  2
Min <=  32.0: 22
Min <=   0.0:  0
Max Rain: 0.58 on day 2
Days of Rain: 11 (>= 0.01 in)  7 (>= 0.10 in)  0 (>= 1.00 in)
Heat Base: 65.0  Cool Base: 65.0  Method: Integration