NOAA-Style Climate Reports


Report for 2016 February
                   Monthly Climatological Summary for Feb 2016

Name: East Unity, NH   City: Unity   State: NH
Elevation: 1384 ft  Lat: N 43° 17' 19"   Lon: W 072° 11' 41"

                  Temperature (°F), Rain (in), Wind Speed (mph)

                                      Heat  Cool        Avg
    Mean                              Deg   Deg         Wind                 Dom
Day Temp  High   Time   Low    Time   Days  Days  Rain  Speed High   Time    Dir
----------------------------------------------------------------------------------
 1  39.2  47.5   11:21  31.8   23:56  25.8   0.0  0.00   1.7  20.0   11:16    NW
 2  33.6  39.2   13:44  28.8   22:33  31.4   0.0  0.00   1.0  11.0   13:09    NW
 3  36.1  48.5   23:02  29.9   03:42  28.7   0.0  1.00   1.7  14.0   08:35     E
 4  41.4  49.2   00:28  32.4   23:57  23.6   0.0  0.00   1.5  11.0   07:34    NW
 5  26.7  33.3   02:44  17.3   23:59  38.3   0.0  0.11   2.6  17.0   15:14   NNW
 6  25.3  35.2   13:57  16.3   06:15  39.7   0.0  0.00   1.0  10.0   13:42     S
 7  28.9  38.5   13:49  20.9   06:51  36.1   0.0  0.00   1.1  10.0   11:19     E
 8  21.2  29.9   00:00  18.4   07:38  43.8   0.0  0.05   4.7  24.0   11:17    NE
 9  19.5  23.6   15:42  15.4   07:45  45.5   0.0  0.02   0.7   7.0   13:14    NE
10  24.1  33.4   13:37  15.8   05:53  40.7   0.0  0.00   0.7   8.0   19:25     N
11  14.1  20.3   00:00   0.2   23:54  50.9   0.0  0.00   2.0  15.0   15:01    NW
12   7.3  18.6   14:41  -3.7   03:50  57.5   0.0  0.00   1.0  10.0   00:14   NNW
13   3.3  13.5   10:41 -15.6   23:52  61.7   0.0  0.00   3.0  16.0   16:05    NW
14  -8.3   1.7   13:44 -18.3   06:38  72.7   0.0  0.00   2.2  12.0   04:47    NW
15   7.2  18.2   14:21  -6.4   06:58  57.8   0.0  0.16   0.9  10.0   13:13     E
16  35.1  48.6   17:14  13.9   00:00  29.9   0.0  0.53   1.7  17.0   18:59   ENE
17  29.0  32.0   00:00  25.2   22:11  36.0   0.0  0.00   1.9  14.0   02:19    NW
18  19.7  27.5   00:05  13.3   23:59  45.3   0.0  0.00   2.8  14.0   14:33   NNW
19  23.4  36.4   12:57   9.0   06:44  41.6   0.0  0.00   1.2  15.0   20:37   ENE
20  38.9  47.9   13:48  28.7   00:00  26.1   0.0  0.00   2.2  14.0   02:22     E
21  38.2  41.9   01:43  31.3   23:53  26.8   0.0  0.00   1.8  16.0   14:17    NW
22  26.6  32.4   13:44  18.4   23:56  38.4   0.0  0.00   1.7  12.0   15:45     N
23  24.4  32.5   13:51  13.8   06:58  40.6   0.0  0.00   1.5  11.0   13:51     E
24  32.1  39.7   23:48  26.9   02:58  32.9   0.0  0.65   2.2  15.0   09:44   ENE
25  44.1  56.0   11:54  31.5   23:59  20.9   0.0  1.08   1.4  17.0   01:38     N
26  22.8  31.5   00:00  14.6   23:55  42.2   0.0  0.00   3.6  24.0   12:59    NW
27  22.9  33.2   14:57  10.7   06:41  42.1   0.0  0.00   1.5  11.0   14:57     E
28  39.0  50.0   13:22  28.3   00:00  26.0   0.0  0.00   1.4  10.0   12:00    SE
29  39.5  46.9   09:56  32.5   20:11  25.5   0.0  0.00   1.3  16.0   23:13   NNW
----------------------------------------------------------------------------------
    26.0  56.0    25   -18.3    14  1128.5   0.0  3.60   1.8  24.0     8       N

Max >=  80.0:  0
Max <=  32.0: 10
Min <=  32.0: 27
Min <=   0.0:  4
Max Rain: 1.08 on day 25
Days of Rain: 8 (>= 0.01 in)  6 (>= 0.10 in)  2 (>= 1.00 in)
Heat Base: 65.0  Cool Base: 65.0  Method: Integration