NOAA-Style Climate Reports


Report for 2016 January
                   Monthly Climatological Summary for Jan 2016

Name: East Unity, NH   City: Unity   State: NH
Elevation: 1384 ft  Lat: N 43° 17' 19"   Lon: W 072° 11' 41"

                  Temperature (°F), Rain (in), Wind Speed (mph)

                                      Heat  Cool        Avg
    Mean                              Deg   Deg         Wind                 Dom
Day Temp  High   Time   Low    Time   Days  Days  Rain  Speed High   Time    Dir
----------------------------------------------------------------------------------
 1  30.8  34.0   11:41  25.8   23:18  34.2   0.0  0.00   1.2  11.0   11:44   NNW
 2  27.8  30.8   12:19  24.9   02:54  37.2   0.0  0.00   1.7  14.0   08:05   NNW
 3  29.4  33.7   13:39  24.4   07:05  35.6   0.0  0.00   0.9   9.0   14:32   ENE
 4  11.5  29.3   00:00  -0.6   23:50  53.5   0.0  0.00   3.1  16.0   12:02   NNW
 5   6.3  14.5   14:45  -1.7   05:43  58.7   0.0  0.00   1.7  11.0   00:03     N
 6  21.3  33.0   13:49  10.5   00:00  43.6   0.0  0.00   0.8  10.0   13:34    SE
 7  28.1  35.7   13:26  22.2   01:01  36.9   0.0  0.00   0.7   5.0   13:15   ESE
 8  28.0  33.5   13:57  20.2   07:55  37.0   0.0  0.00   0.7   8.0   20:34     E
 9  32.7  35.3   13:02  30.7   07:49  32.3   0.0  0.00   0.8   6.0   10:53     E
10  39.3  47.4   18:03  33.3   01:14  25.7   0.0  0.90   2.2  18.0   12:42     E
11  23.4  34.1   00:00  14.6   23:57  41.6   0.0  0.00   2.6  16.0   06:02   NNW
12  19.0  25.2   14:14  13.0   06:27  46.0   0.0  0.08   0.7   9.0   09:44   ESE
13  16.2  19.5   11:56   8.8   23:59  48.8   0.0  0.00   2.6  20.0   09:18   NNW
14  14.6  20.7   13:09   7.8   01:48  50.3   0.0  0.00   1.0  10.0   12:55     E
15  24.9  32.9   13:23  14.5   00:36  40.0   0.0  0.00   0.7  10.0   20:06     E
16  31.7  35.5   14:34  27.9   05:13  33.3   0.0  0.18   0.7   9.0   02:07   NNE
17  25.9  32.0   00:00  21.8   23:51  39.1   0.0  0.00   1.6  11.0   03:43     N
18  16.7  21.9   00:01   7.3   23:55  48.3   0.0  0.10   2.3  21.0   15:09    NW
19  10.1  15.7   13:35   6.2   06:47  54.9   0.0  0.00   4.0  21.0   13:09    NW
20  15.2  21.8   13:39   8.6   05:55  49.8   0.0  0.00   2.3  14.0   00:05    NW
21  16.6  22.3   14:00  12.2   07:11  48.4   0.0  0.00   2.7  14.0   16:37    NW
22  16.4  22.5   14:02  11.9   05:08  48.6   0.0  0.00   2.7  18.0   11:12   NNW
23  16.4  21.7   14:12  11.8   06:26  48.6   0.0  0.00   2.9  20.0   11:37    NE
24  18.2  28.1   15:19   8.2   07:29  46.8   0.0  0.00   1.2   9.0   14:11   NNW
25  23.7  31.1   14:07  16.1   03:50  41.3   0.0  0.00   0.7   7.0   12:14    NW
26  32.2  38.6   21:36  24.0   04:52  32.8   0.0  0.00   1.2  12.0   09:38   NNE
27  31.3  36.9   13:31  19.9   23:50  33.7   0.0  0.00   1.9  14.0   13:26    NW
28  25.6  34.7   14:24  15.2   07:08  39.4   0.0  0.00   1.2  15.0   13:37   SSE
29  29.6  33.6   12:41  25.3   07:37  35.4   0.0  0.00   1.0  13.0   21:55    NW
30  28.5  31.5   14:40  23.6   08:13  36.5   0.0  0.00   1.6  11.0   00:32   NNW
31  35.6  43.3   15:12  27.9   03:55  29.4   0.0  0.00   0.8   9.0   05:49     N
----------------------------------------------------------------------------------
    23.5  47.4    10    -1.7     5  1287.7   0.0  1.26   1.6  21.0    18       N

Max >=  80.0:  0
Max <=  32.0: 16
Min <=  32.0: 30
Min <=   0.0:  2
Max Rain: 0.90 on day 10
Days of Rain: 4 (>= 0.01 in)  3 (>= 0.10 in)  0 (>= 1.00 in)
Heat Base: 65.0  Cool Base: 65.0  Method: Integration