NOAA-Style Climate Reports


Report for 2016
                   Annual Climatological Summary for 2016

Name: East Unity, NH   City: Unity   State: NH
Elevation: 1384 ft  Lat: N 43° 17' 19"   Lon: W 072° 11' 41"

                  Temperature (°F), Heat Base: 65.0  Cool Base: 65.0
                          Dep.  Heat  Cool                       Max  Max  Min  Min
        Mean  Mean        From  Deg   Deg                        >=   <=   <=   <=
 YR MO  Max   Min   Mean  Norm  Days  Days  Hi  Date  Low  Date 80.0 32.0 32.0   0.0
------------------------------------------------------------------------------------
 16  1  30.0  16.7  23.5   2.9  1287     0  47.4  10  -1.7    5    0   16   30    2
 16  2  34.7  16.6  26.0   1.7  1128     0  56.0  25 -18.3   14    0   10   27    4
 16  3  45.9  27.5  36.3   3.2   890     0  70.5   9   9.0    3    0    2   22    0
 16  4  52.9  31.7  42.5  -2.6   683     7  76.7  22  11.5    5    0    2   12    0
 16  5  65.4  46.7  56.1   0.3   332    54  85.7  28  33.7   16    4    0    0    0
 16  6  72.3  54.9  63.9  -1.0   123    90  82.8  20  45.3    9    4    0    0    0
 16  7  76.6  60.8  69.2  -0.8    44   173  84.8  22  53.5    3   11    0    0    0
 16  8  76.8  61.6  69.2   0.7    31   162  86.3  11  50.1   23    7    0    0    0
 16  9  69.2  54.1  61.4   1.4   162    55  80.5   9  38.3   26    1    0    0    0
 16 10  55.5  41.3  48.1  -0.1   525     1  69.6  17  25.4   27    0    0    5    0
 16 11  45.1  32.5  38.5   0.2   796     0  62.0   2  24.5   21    0    2   17    0
 16 12  31.3  18.6  25.4  -1.4  1226     0  44.9   1  -8.3   16    0   16   29    2
------------------------------------------------------------------------------------
        54.6  38.6  46.7   0.4  7233   547  86.3 Aug -18.3  Feb   27   48  142    8

                                Precipitation (in)

              Dep.   Max        Days of Rain
              From   Obs.           >=
 YR MO Total  Norm   Day Date 0.01 0.10 1.00
---------------------------------------------
 16  1  1.26 -1.44  0.90  10     4    3    0
 16  2  3.60  0.98  1.08  25     8    6    2
 16  3  2.29 -0.98  0.58   2    11    7    0
 16  4  1.35 -2.06  0.40  12    10    4    0
 16  5  2.23 -1.43  0.45   2    15    8    0
 16  6  2.38 -1.31  1.21   5     9    4    1
 16  7  2.88 -0.86  1.06   1    10    8    1
 16  8  2.65 -0.53  1.25  13    11    5    1
 16  9  1.08 -2.30  0.50  19     7    2    0
 16 10  2.16 -1.88  0.83  28    14    5    0
 16 11  1.42 -2.30  0.42  29     9    5    0
 16 12  2.40 -0.80  0.56   1    11    7    0
---------------------------------------------
       25.70-14.91  1.25  Aug  119   64    5

                                Wind Speed (mph)
                          Dom
 YR MO   Avg.  Hi   Date  Dir
------------------------------
 16  1   1.6  21.0   18   NNW
 16  2   1.8  24.0    8     N
 16  3   1.9  21.0    1     N
 16  4   1.9  23.0    3     N
 16  5   1.1  19.0    5   NNE
 16  6   0.7  16.0   10   NNE
 16  7   0.5  19.0   23    NE
 16  8   0.5  16.0   13    NE
 16  9   0.6  17.0    5    NE
 16 10   0.9  21.0    9     N
 16 11   1.1  21.0   12   NNW
 16 12   1.3  23.0   18   NNW
------------------------------
         1.2  24.0  Feb     N