NOAA-Style Climate Reports


Report for 2015 December
                   Monthly Climatological Summary for Dec 2015

Name: East Unity, NH   City: Unity   State: NH
Elevation: 1384 ft  Lat: N 43° 17' 19"   Lon: W 072° 11' 41"

                  Temperature (°F), Rain (in), Wind Speed (mph)

                                      Heat  Cool        Avg
    Mean                              Deg   Deg         Wind                 Dom
Day Temp  High   Time   Low    Time   Days  Days  Rain  Speed High   Time    Dir
----------------------------------------------------------------------------------
 1  29.0  34.2   13:10  21.4   06:25  36.0   0.0  0.08   0.3   6.0   12:39   ESE
 2  37.5  41.7   12:45  32.8   00:00  27.5   0.0  0.17   0.3   5.0   14:30    NE
 3  37.1  42.1   00:24  34.3   11:14  27.9   0.0  0.03   2.0  14.0   14:48    NW
 4  35.3  39.2   12:25  29.9   06:29  29.7   0.0  0.00   1.4  12.0   11:19    NW
 5  37.7  43.1   14:10  34.0   00:28  27.2   0.0  0.00   1.4   9.0   09:22   NNW
 6  36.3  46.5   13:58  28.5   07:29  28.6   0.0  0.00   0.5   5.0   22:35    SE
 7  36.8  45.0   12:27  29.3   23:38  28.2   0.0  0.00   1.0   8.0   12:24   WSW
 8  31.4  36.2   14:37  26.7   06:49  33.6   0.0  0.00   0.3   8.0   12:39    NE
 9  36.3  39.4   14:33  32.2   00:00  28.7   0.0  0.00   0.5   8.0   14:21   ESE
10  42.2  47.5   14:14  38.7   05:58  22.8   0.0  0.00   0.2   6.0   09:05    NE
11  43.1  47.7   11:43  39.2   00:13  21.9   0.0  0.00   0.6   8.0   11:48   SSE
12  44.1  47.4   13:27  39.8   04:39  20.9   0.0  0.00   0.8  10.0   00:39   NNW
13  43.0  44.9   12:44  40.3   08:09  22.0   0.0  0.00   0.7   9.0   10:16    NE
14  42.9  47.0   12:58  41.1   02:17  22.1   0.0  0.12   0.6   6.0   00:35   ENE
15  44.5  49.3   11:40  38.2   23:55  20.5   0.0  0.12   2.3  15.0   11:19    NW
16  35.3  39.3   14:05  33.2   17:31  29.7   0.0  0.00   1.7  13.0   01:10   NNE
17  37.4  41.0   15:07  33.7   03:07  27.6   0.0  0.20   0.6  15.0   00:21    NE
18  38.2  45.5   03:27  31.9   23:55  26.8   0.0  0.00   1.6  13.0   23:22   NNW
19  27.9  31.9   00:00  26.2   10:10  37.1   0.0  0.01   2.2  17.0   16:45   NNW
20  26.7  30.2   13:43  24.3   23:46  38.3   0.0  0.00   2.0  18.0   02:09   NNW
21  33.9  40.2   23:59  24.4   00:04  31.1   0.0  0.00   1.2  12.0   11:15     N
22  42.2  47.4   18:26  38.1   07:35  22.8   0.0  0.37   0.4   7.0   09:22     E
23  45.7  50.9   14:16  42.4   00:51  19.3   0.0  0.26   1.1  14.0   21:43     E
24  50.1  60.7   14:59  43.0   05:53  14.9   0.0  0.32   1.1  11.0   00:17    NE
25  47.9  54.5   13:21  42.1   23:59  17.1   0.0  0.00   0.9   9.0   22:00     W
26  38.6  42.5   15:11  33.5   07:28  26.4   0.0  0.00   0.6  10.0   11:32     N
27  36.9  41.3   13:54  29.3   23:42  28.1   0.0  0.29   1.3  14.0   19:46   NNW
28  22.1  29.5   01:36  17.6   10:14  42.9   0.0  0.01   3.1  19.0   09:39     N
29  20.7  24.8   23:29  17.0   03:32  44.3   0.0  0.76   1.9  15.0   08:58   ENE
30  28.0  32.6   22:51  23.6   06:08  37.0   0.0  0.08   0.2   5.0   15:17   NNE
31  33.8  36.2   09:24  32.4   23:58  31.2   0.0  0.02   1.3  16.0   15:14    NW
----------------------------------------------------------------------------------
    36.9  60.7    24    17.0    29   872.2   0.0  2.84   1.1  19.0    28       N

Max >=  80.0:  0
Max <=  32.0:  4
Min <=  32.0: 13
Min <=   0.0:  0
Max Rain: 0.76 on day 29
Days of Rain: 15 (>= 0.01 in)  9 (>= 0.10 in)  0 (>= 1.00 in)
Heat Base: 65.0  Cool Base: 65.0  Method: Integration