NOAA-Style Climate Reports


Report for 2015 November
                   Monthly Climatological Summary for Nov 2015

Name: East Unity, NH   City: Unity   State: NH
Elevation: 1384 ft  Lat: N 43° 17' 19"   Lon: W 072° 11' 41"

                  Temperature (°F), Rain (in), Wind Speed (mph)

                                      Heat  Cool        Avg
    Mean                              Deg   Deg         Wind                 Dom
Day Temp  High   Time   Low    Time   Days  Days  Rain  Speed High   Time    Dir
----------------------------------------------------------------------------------
 1  45.9  52.6   15:10  39.2   03:40  19.9   0.0  0.00   1.1  12.0   19:05    NE
 2  49.2  56.7   13:18  42.7   23:52  15.8   0.0  0.00   1.0  11.0   10:08   NNW
 3  51.1  63.8   13:22  39.1   07:05  13.9   0.0  0.00   0.8  16.0   14:02   NNW
 4  51.6  63.9   13:28  42.1   07:09  13.4   0.0  0.00   0.6   7.0   21:51   ENE
 5  56.0  67.3   13:26  43.9   06:44   9.2   0.2  0.00   0.7   8.0   13:46     E
 6  61.1  69.8   13:08  55.3   23:28   4.4   0.5  0.02   1.5  17.0   12:26    NE
 7  49.0  56.4   00:28  41.0   23:59  16.0   0.0  0.00   2.3  14.0   10:40   NNW
 8  39.8  46.8   12:05  34.2   23:51  25.2   0.0  0.00   1.5  13.0   13:11    NW
 9  40.9  51.7   13:20  32.8   06:27  24.1   0.0  0.00   0.7   8.0   11:21     S
10  43.3  53.1   13:00  33.2   08:26  21.6   0.0  0.00   0.8   9.0   17:26   ENE
11  42.8  45.9   14:40  39.3   06:46  22.2   0.0  0.70   1.8  14.0   06:57    NE
12  44.5  50.1   21:41  41.6   07:36  20.5   0.0  0.01   0.9  11.0   19:23    NE
13  44.6  50.3   11:28  38.5   23:59  20.4   0.0  0.00   2.2  17.0   08:08   NNW
14  33.6  38.5   00:00  30.3   23:17  31.4   0.0  0.00   2.7  15.0   05:22    NW
15  37.9  47.6   14:18  27.6   04:46  27.1   0.0  0.00   1.0  11.0   09:04     N
16  41.3  50.0   12:43  29.8   23:58  23.7   0.0  0.00   1.7  13.0   13:39   NNW
17  30.8  39.3   13:32  23.9   07:04  34.2   0.0  0.00   0.6   7.0   01:03     E
18  35.1  41.8   13:38  25.2   06:56  29.9   0.0  0.00   0.7  10.0   09:23     N
19  43.9  49.2   22:34  40.5   00:00  21.1   0.0  0.14   1.6  12.0   16:41     E
20  44.0  49.6   02:16  34.2   23:51  21.0   0.0  0.00   1.3  11.0   13:08    NW
21  34.3  41.8   14:48  29.7   03:40  30.7   0.0  0.00   0.8   8.0   09:15    NE
22  38.0  43.9   13:01  31.1   00:00  27.0   0.0  0.00   1.3  11.0   23:36   NNW
23  27.7  34.9   00:00  22.4   23:59  37.3   0.0  0.00   3.4  21.0   13:39   NNW
24  26.9  35.6   14:51  18.2   06:52  38.1   0.0  0.00   0.8   9.0   11:24   NNW
25  30.5  38.0   13:00  22.7   06:36  34.4   0.0  0.00   0.6   6.0   12:00    SE
26  40.7  47.9   14:01  31.8   00:00  24.1   0.0  0.00   1.2  12.0   21:01     N
27  50.1  57.9   13:12  42.7   00:20  14.9   0.0  0.00   1.4  13.0   11:20   SSE
28  39.2  54.0   01:38  28.1   23:55  25.8   0.0  0.00   1.4  11.0   05:29   NNW
29  27.4  32.3   14:21  23.5   06:06  37.6   0.0  0.00   2.0  14.0   22:15   NNW
30  24.3  31.5   14:45  17.9   07:01  40.7   0.0  0.00   0.7   9.0   00:06   ENE
----------------------------------------------------------------------------------
    40.9  69.8     6    17.9    30   725.6   0.7  0.87   1.3  21.0    23       N

Max >=  80.0:  0
Max <=  32.0:  1
Min <=  32.0: 14
Min <=   0.0:  0
Max Rain: 0.70 on day 11
Days of Rain: 4 (>= 0.01 in)  2 (>= 0.10 in)  0 (>= 1.00 in)
Heat Base: 65.0  Cool Base: 65.0  Method: Integration