NOAA-Style Climate Reports


Report for 2015 October
                   Monthly Climatological Summary for Oct 2015

Name: East Unity, NH   City: Unity   State: NH
Elevation: 1384 ft  Lat: N 43° 17' 19"   Lon: W 072° 11' 41"

                  Temperature (°F), Rain (in), Wind Speed (mph)

                                      Heat  Cool        Avg
    Mean                              Deg   Deg         Wind                 Dom
Day Temp  High   Time   Low    Time   Days  Days  Rain  Speed High   Time    Dir
----------------------------------------------------------------------------------
 1  48.7  54.6   13:22  43.8   06:34  16.2   0.0  0.00   1.7  12.0   01:07    NE
 2  45.5  48.8   14:40  41.6   07:32  19.5   0.0  0.00   1.6  13.0   14:15    NE
 3  45.5  49.6   16:11  41.7   06:18  19.5   0.0  0.00   3.8  18.0   12:52    NE
 4  46.1  53.9   14:11  38.9   06:50  18.9   0.0  0.00   2.1  20.0   00:26    NE
 5  45.6  55.4   14:13  35.7   05:59  19.4   0.0  0.00   0.5   7.0   14:06   ENE
 6  50.3  58.4   11:32  43.8   03:06  14.7   0.0  0.00   0.5  10.0   11:23   NNE
 7  53.9  60.4   14:16  46.8   05:14  11.1   0.0  0.00   0.6  10.0   11:57   NNE
 8  49.1  55.9   14:09  43.1   07:19  15.9   0.0  0.00   0.7   9.0   13:52    NE
 9  51.1  58.7   16:33  43.1   03:14  13.8   0.0  0.74   1.0  11.0   11:07    NE
10  43.7  48.1   14:09  40.5   23:53  21.3   0.0  0.00   1.1  10.0   10:47    NW
11  49.2  58.7   14:36  40.0   02:46  15.8   0.0  0.00   0.8  10.0   10:04     E
12  56.2  67.5   14:07  47.4   06:39   9.1   0.3  0.00   0.5   7.0   13:48   ENE
13  56.1  64.7   14:45  49.4   04:45   8.9   0.0  0.04   0.6   8.0   20:48    NE
14  51.2  56.4   15:02  43.6   23:54  13.8   0.0  0.01   0.8  11.0   15:30    NE
15  45.4  53.3   14:23  37.4   07:37  19.4   0.0  0.00   0.6   9.0   15:41   ENE
16  45.6  51.0   14:18  41.1   23:16  19.4   0.0  0.02   0.8   9.0   14:31   NNE
17  38.8  43.5   13:49  32.3   23:52  26.2   0.0  0.02   1.1  11.0   10:07   NNE
18  30.4  34.6   13:48  27.0   06:55  34.6   0.0  0.00   0.9  13.0   14:19   NNW
19  32.5  40.1   15:14  22.8   07:34  32.5   0.0  0.02   0.9   9.0   12:44   ENE
20  45.9  57.1   15:10  35.0   01:58  19.1   0.0  0.04   1.0  14.0   12:25   ENE
21  54.4  60.8   16:05  49.0   07:00  10.6   0.0  0.00   0.4   5.0   13:11    NE
22  53.3  63.6   13:42  47.3   06:33  11.7   0.0  0.01   0.9  17.0   20:23   NNE
23  38.4  48.2   00:00  30.5   23:46  26.6   0.0  0.00   1.9  16.0   11:30   NNW
24  36.5  44.0   15:04  27.2   07:43  28.5   0.0  0.00   0.7  10.0   12:33    NE
25  46.8  53.8   15:28  41.8   00:00  18.2   0.0  0.10   1.9  11.0   23:50     N
26  40.0  46.3   14:35  34.3   23:58  24.9   0.0  0.00   1.4  14.0   09:35     N
27  38.9  49.4   14:22  30.4   07:08  26.1   0.0  0.00   0.5   7.0   13:06   NNE
28  41.9  51.7   23:55  34.9   07:49  23.1   0.0  0.41   1.8  18.0   17:29   ENE
29  55.7  66.1   12:42  44.7   21:25   9.4   0.0  0.65   1.5  14.0   00:21    NE
30  41.9  47.1   10:17  34.4   22:45  22.8   0.0  0.00   2.1  13.0   00:05   NNW
31  39.0  49.3   14:31  29.7   07:32  26.0   0.0  0.00   0.5   5.0   13:39    NW
----------------------------------------------------------------------------------
    45.7  67.5    12    22.8    19   597.0   0.3  2.06   1.1  20.0     4     NNE

Max >=  80.0:  0
Max <=  32.0:  0
Min <=  32.0:  6
Min <=   0.0:  0
Max Rain: 0.74 on day 9
Days of Rain: 11 (>= 0.01 in)  4 (>= 0.10 in)  0 (>= 1.00 in)
Heat Base: 65.0  Cool Base: 65.0  Method: Integration