NOAA-Style Climate Reports


Report for 2015 September
                   Monthly Climatological Summary for Sep 2015

Name: East Unity, NH   City: Unity   State: NH
Elevation: 1384 ft  Lat: N 43° 17' 19"   Lon: W 072° 11' 41"

                  Temperature (°F), Rain (in), Wind Speed (mph)

                                      Heat  Cool        Avg
    Mean                              Deg   Deg         Wind                 Dom
Day Temp  High   Time   Low    Time   Days  Days  Rain  Speed High   Time    Dir
----------------------------------------------------------------------------------
 1  69.6  78.0   14:19  62.1   05:29   0.4   5.0  0.00   0.5   7.0   11:05     E
 2  71.8  82.2   11:57  61.5   06:32   0.5   7.4  0.00   0.5   4.0   09:46     W
 3  72.8  81.6   12:20  64.7   07:01   0.0   7.8  0.00   0.5  11.0   15:49    NE
 4  66.9  74.4   12:41  59.3   23:58   1.1   3.0  0.00   0.8  12.0   08:36    NE
 5  65.5  78.2   13:03  54.3   06:28   3.4   3.9  0.00   0.5   7.0   15:00    NE
 6  69.0  82.4   12:25  56.8   06:24   2.2   6.2  0.00   0.4   5.0   13:04   ENE
 7  71.9  83.0   13:38  60.6   06:13   1.0   7.8  0.00   0.8   8.0   12:45   ENE
 8  73.6  83.3   12:55  67.8   06:32   0.0   8.6  0.12   0.5   6.0   08:53   ENE
 9  73.1  83.4   13:54  66.1   07:12   0.0   8.1  0.84   0.5  10.0   13:47   ENE
10  65.0  69.0   00:35  58.2   23:59   0.7   0.7  0.08   0.3   7.0   23:10    NE
11  60.3  67.7   16:50  55.7   04:09   5.0   0.2  0.92   1.3  12.0   01:18    NE
12  63.1  73.1   14:23  54.1   06:05   3.8   1.9  0.00   0.5   9.0   22:53    NE
13  59.8  62.9   16:11  56.9   23:47   5.2   0.0  1.21   1.1  10.0   11:22    NE
14  55.6  60.6   16:29  50.6   05:00   9.4   0.0  0.01   0.9  10.0   12:33   ENE
15  62.3  70.9   14:29  53.7   01:18   4.0   1.3  0.00   1.0   9.0   05:51    NE
16  67.4  76.7   13:54  59.2   07:07   1.3   3.7  0.00   0.5   6.0   14:04    NE
17  67.8  76.8   13:32  60.5   06:10   1.1   3.8  0.00   0.6   5.0   12:00   ESE
18  67.4  77.8   13:19  59.0   06:55   1.5   3.9  0.00   0.6   6.0   13:06   ENE
19  65.0  73.9   13:56  58.0   07:21   2.2   2.2  0.00   0.8   8.0   23:13    NE
20  57.6  65.1   00:00  48.6   23:58   7.4   0.0  0.04   1.2  13.0   10:35     N
21  53.4  62.8   13:22  42.8   07:05  11.6   0.0  0.00   0.7  13.0   11:27    NE
22  54.8  62.2   15:19  49.7   05:47  10.2   0.0  0.00   0.3   6.0   12:31    NE
23  57.4  69.2   13:23  45.2   07:34   8.1   0.5  0.00   0.6  10.0   14:39    NE
24  60.6  69.7   13:16  54.6   23:49   5.2   0.8  0.00   0.6  12.0   12:30    NE
25  55.0  62.6   12:19  47.5   07:08  10.0   0.0  0.00   0.4   6.0   10:39    NE
26  51.4  61.2   14:15  44.2   23:55  13.6   0.0  0.00   0.3   8.0   11:10    NE
27  51.5  65.5   13:15  40.6   04:16  13.5   0.0  0.00   0.5   7.0   11:20     E
28  59.1  71.6   13:40  48.5   02:38   6.7   0.9  0.00   0.4   7.0   12:57   ENE
29  65.8  72.4   14:04  61.7   00:02   1.0   1.8  0.81   0.6   8.0   11:33    NE
30  60.0  66.7   00:00  46.9   23:52   5.2   0.2  3.24   1.8  19.0   15:10   NNE
----------------------------------------------------------------------------------
    63.2  83.4     9    40.6    27   135.3  79.7  7.27   0.7  19.0    30      NE

Max >=  80.0:  6
Max <=  32.0:  0
Min <=  32.0:  0
Min <=   0.0:  0
Max Rain: 3.24 on day 30
Days of Rain: 9 (>= 0.01 in)  6 (>= 0.10 in)  2 (>= 1.00 in)
Heat Base: 65.0  Cool Base: 65.0  Method: Integration