NOAA-Style Climate Reports


Report for 2015 August
                   Monthly Climatological Summary for Aug 2015

Name: East Unity, NH   City: Unity   State: NH
Elevation: 1384 ft  Lat: N 43° 17' 19"   Lon: W 072° 11' 41"

                  Temperature (°F), Rain (in), Wind Speed (mph)

                                      Heat  Cool        Avg
    Mean                              Deg   Deg         Wind                 Dom
Day Temp  High   Time   Low    Time   Days  Days  Rain  Speed High   Time    Dir
----------------------------------------------------------------------------------
 1  67.9  75.6   16:11  60.0   04:41   1.0   3.9  0.00   0.8   9.0   11:29    NE
 2  67.9  76.0   13:07  57.8   05:55   1.7   4.6  0.00   0.9   7.0   10:38   ENE
 3  70.7  83.4   13:23  63.2   06:25   0.4   6.1  0.29   1.3  13.0   15:58    NE
 4  66.1  76.2   12:17  58.9   23:40   1.7   2.8  0.14   0.4  10.0   16:49   ENE
 5  62.8  72.7   15:27  56.7   04:30   3.6   1.4  0.07   0.7   9.0   13:33   ENE
 6  62.8  69.4   10:29  54.5   05:53   3.3   1.1  0.00   0.7  10.0   15:01     N
 7  64.1  71.1   12:38  54.9   06:16   2.9   2.0  0.00   0.7   9.0   16:17    NE
 8  64.2  71.6   15:51  54.1   05:05   2.9   2.0  0.00   0.7  11.0   14:31    NE
 9  66.6  73.6   12:24  58.8   06:02   1.6   3.3  0.00   1.0  13.0   11:57    NE
10  67.6  78.4   13:55  56.6   05:18   2.1   4.8  0.00   0.9   8.0   15:19    NE
11  65.9  70.1   17:32  63.1   10:02   0.4   1.3  0.86   0.8  12.0   12:25   NNE
12  66.7  72.6   15:20  62.1   06:15   0.8   2.5  0.01   0.5   6.0   10:47   NNE
13  64.5  70.9   15:54  58.3   05:40   2.2   1.7  0.00   0.6   6.0   13:41   NNE
14  68.3  77.7   14:22  57.0   06:12   2.1   5.4  0.00   0.8  10.0   14:40     E
15  69.1  79.5   13:05  63.5   05:44   0.3   4.3  0.70   0.4   8.0   16:30   ENE
16  70.0  78.3   15:25  60.3   06:05   0.8   5.8  0.00   0.6   6.0   11:49   NNE
17  73.4  81.5   12:19  65.3   06:22   0.0   8.4  0.00   0.8   6.0   11:43   NNE
18  75.0  84.3   12:58  67.0   05:55   0.0  10.0  0.00   0.4   4.0   11:55   NNE
19  72.7  82.2   12:35  64.9   06:11   0.0   7.7  0.00   0.8   8.0   16:30    NE
20  72.3  79.1   13:05  67.6   06:13   0.0   7.3  0.00   1.0  11.0   18:11   NNE
21  67.0  69.4   17:57  62.6   23:54   0.1   2.1  0.24   0.4   7.0   07:18     E
22  67.0  75.3   15:03  59.6   06:35   1.4   3.4  0.00   0.7   9.0   13:36    NE
23  67.9  75.5   13:29  61.2   07:13   0.8   3.7  0.00   0.9  12.0   15:27    NE
24  70.9  79.6   12:52  64.6   06:31   0.0   5.9  0.00   0.4   9.0   17:20   ENE
25  67.9  73.1   17:17  64.7   23:47   0.0   2.9  0.73   0.4   7.0   16:55   NNE
26  65.6  71.1   14:05  60.8   07:08   1.0   1.6  0.00   0.4   8.0   09:49   NNE
27  63.0  68.6   15:21  57.1   06:37   2.8   0.8  0.00   0.8   8.0   11:36   NNE
28  62.6  70.4   12:42  55.1   06:41   3.6   1.2  0.00   0.7   9.0   10:23   ESE
29  64.8  74.3   12:39  55.7   06:29   2.8   2.6  0.00   0.5   7.0   15:15   ENE
30  68.2  75.7   12:44  61.0   06:49   1.0   4.1  0.00   0.5  10.0   13:06   ENE
31  70.3  78.4   13:26  61.9   06:25   0.5   5.8  0.00   0.6   9.0   12:22    NE
----------------------------------------------------------------------------------
    67.5  84.3    18    54.1     8    41.8 120.5  3.04   0.7  13.0     3      NE

Max >=  80.0:  4
Max <=  32.0:  0
Min <=  32.0:  0
Min <=   0.0:  0
Max Rain: 0.86 on day 11
Days of Rain: 8 (>= 0.01 in)  6 (>= 0.10 in)  0 (>= 1.00 in)
Heat Base: 65.0  Cool Base: 65.0  Method: Integration