NOAA-Style Climate Reports


Report for 2015 July
                   Monthly Climatological Summary for Jul 2015

Name: East Unity, NH   City: Unity   State: NH
Elevation: 1384 ft  Lat: N 43° 17' 19"   Lon: W 072° 11' 41"

                  Temperature (°F), Rain (in), Wind Speed (mph)

                                      Heat  Cool        Avg
    Mean                              Deg   Deg         Wind                 Dom
Day Temp  High   Time   Low    Time   Days  Days  Rain  Speed High   Time    Dir
----------------------------------------------------------------------------------
 1  63.0  68.1   14:54  58.8   23:53   2.4   0.5  0.83   0.7   9.0   08:52    NE
 2  62.0  68.5   15:20  56.1   04:26   3.6   0.7  0.00   0.8  11.0   09:23   ENE
 3  63.2  70.9   15:15  53.1   05:14   3.5   1.7  0.00   0.8   9.0   14:11   NNE
 4  59.7  65.9   11:09  53.8   06:00   5.3   0.0  0.05   0.4   6.0   14:52   ENE
 5  66.3  74.8   15:39  55.5   03:40   2.6   3.9  0.00   0.7   6.0   13:51   NNE
 6  69.7  77.0   14:54  60.4   05:15   0.7   5.5  0.00   0.6   7.0   15:09   ENE
 7  70.1  78.0   12:20  63.6   04:05   0.2   5.3  0.18   0.9  11.0   14:22    NE
 8  67.8  72.2   15:51  60.1   23:59   0.4   3.2  0.03   1.1  11.0   09:52   NNE
 9  63.5  71.0   14:52  55.6   05:06   2.9   1.5  0.03   0.4   5.0   11:21   NNE
10  67.5  74.7   15:44  61.3   06:59   0.9   3.3  0.03   1.0  17.0   15:19   NNW
11  70.3  78.3   15:15  60.1   05:12   0.9   6.2  0.00   0.8   8.0   11:20    NE
12  72.6  80.8   15:03  62.4   05:23   0.3   7.9  0.00   0.8   5.0   13:28    SE
13  73.8  80.7   12:35  66.4   23:55   0.0   8.8  0.00   0.7   9.0   12:36   NNE
14  67.6  74.8   12:47  61.7   04:36   0.4   3.0  0.13   0.5   9.0   13:36   NNE
15  64.5  69.7   09:53  56.0   23:57   1.5   1.0  0.00   1.1  13.0   15:42   NNE
16  60.6  68.5   16:31  50.6   05:32   5.1   0.7  0.00   1.1  12.0   10:53   NNE
17  64.9  73.6   10:56  52.4   05:18   3.3   3.2  0.00   0.7   7.0   13:53    NE
18  66.6  73.3   18:06  60.0   04:06   1.2   2.8  0.16   1.2   9.0   08:06    NE
19  74.3  82.9   14:36  67.2   00:00   0.0   9.3  0.11   0.7  10.0   15:40   ENE
20  72.9  79.4   14:29  67.1   00:55   0.0   7.8  0.01   0.8   9.0   11:00   ENE
21  71.0  80.3   15:16  63.6   05:53   0.0   6.1  0.00   0.7   9.0   12:52   ENE
22  65.1  71.3   11:48  59.8   05:49   1.3   1.4  0.00   0.8  11.0   13:43     N
23  64.2  70.1   11:41  57.1   05:46   2.1   1.3  0.00   0.7  11.0   10:37   NNW
24  64.0  70.4   15:39  56.4   05:36   2.4   1.4  0.03   0.8  11.0   15:44    NE
25  65.2  73.0   12:43  55.9   05:35   2.4   2.6  0.00   0.8   8.0   11:45   NNE
26  67.0  73.7   15:23  60.5   05:18   1.4   3.3  0.01   0.7   7.0   10:32    NE
27  69.7  78.8   13:36  62.0   05:43   0.5   5.1  0.00   0.4   8.0   16:24    NE
28  73.3  80.8   16:26  65.2   04:24   0.0   8.3  0.00   0.7   7.0   11:09    NE
29  76.2  84.6   14:28  66.5   05:22   0.0  11.2  0.00   0.7   6.0   14:10   ENE
30  74.0  84.8   12:52  65.6   23:56   0.0   8.9  0.28   0.8  11.0   13:31     E
31  68.4  74.9   11:58  60.4   05:50   0.9   4.3  0.00   1.0   9.0   10:54     E
----------------------------------------------------------------------------------
    67.7  84.8    30    50.6    16    46.2 130.2  1.88   0.8  17.0    10      NE

Max >=  80.0:  7
Max <=  32.0:  0
Min <=  32.0:  0
Min <=   0.0:  0
Max Rain: 0.83 on day 1
Days of Rain: 13 (>= 0.01 in)  6 (>= 0.10 in)  0 (>= 1.00 in)
Heat Base: 65.0  Cool Base: 65.0  Method: Integration