NOAA-Style Climate Reports


Report for 2015 June
                   Monthly Climatological Summary for Jun 2015

Name: East Unity, NH   City: Unity   State: NH
Elevation: 1384 ft  Lat: N 43° 17' 19"   Lon: W 072° 11' 41"

                  Temperature (°F), Rain (in), Wind Speed (mph)

                                      Heat  Cool        Avg
    Mean                              Deg   Deg         Wind                 Dom
Day Temp  High   Time   Low    Time   Days  Days  Rain  Speed High   Time    Dir
----------------------------------------------------------------------------------
 1  45.0  47.1   12:54  43.4   05:21  20.0   0.0  0.54   2.1  15.0   07:17    NE
 2  46.0  49.7   18:27  42.9   06:00  19.0   0.0  0.11   1.0  10.0   01:39    NE
 3  52.3  60.8   17:01  41.9   05:24  12.7   0.0  0.00   1.0  11.0   13:51    NE
 4  54.4  63.3   16:24  47.7   01:24  10.6   0.0  0.00   0.4   6.0   13:55    NE
 5  59.9  68.7   16:39  49.8   03:32   5.8   0.7  0.00   0.5   8.0   10:29    NE
 6  58.1  63.4   15:59  49.6   23:59   6.9   0.0  0.45   1.3  16.0   11:24   NNE
 7  57.9  67.8   16:35  43.3   05:32   7.6   0.6  0.00   1.0   9.0   15:05   ENE
 8  60.9  68.2   17:41  54.5   02:54   4.6   0.6  0.00   1.9  14.0   09:56    NE
 9  63.3  70.4   14:52  58.1   23:57   2.6   0.9  0.07   0.9   9.0   12:19    NE
10  64.7  73.3   16:06  54.7   05:41   2.8   2.6  0.01   0.8   8.0   10:33   ENE
11  69.2  77.3   14:44  61.2   05:17   0.7   4.9  0.00   1.3  13.0   10:12    NE
12  66.8  76.1   13:09  59.1   05:38   1.4   3.2  0.18   0.5   5.0   12:10   ENE
13  67.7  74.4   16:19  58.5   06:19   0.9   3.6  0.14   1.4  12.0   11:14     N
14  67.3  74.8   10:32  59.7   04:20   1.3   3.6  0.00   0.7  10.0   11:34    NE
15  56.6  63.6   00:00  52.8   22:22   8.4   0.0  0.48   0.9  10.0   09:53   NNE
16  59.7  65.7   19:17  52.7   03:49   5.3   0.0  0.07   0.5   5.0   12:26   NNE
17  61.7  68.6   16:10  54.3   05:37   4.0   0.6  0.00   1.1  11.0   07:59   NNE
18  62.4  72.1   14:16  54.1   05:23   4.1   1.5  0.00   1.0   7.0   03:03   ENE
19  63.6  70.6   13:28  54.3   23:59   2.5   1.1  0.22   1.3  12.0   15:15   NNE
20  61.3  71.1   16:10  46.5   05:42   5.4   1.7  0.00   1.1   9.0   15:51    NE
21  65.2  75.0   17:16  59.4   01:21   2.0   2.2  0.44   0.6   9.0   15:49    NE
22  68.1  73.6   18:05  62.3   05:40   0.5   3.6  0.00   0.6   8.0   10:06   NNE
23  67.9  76.9   16:08  62.3   05:04   0.6   3.6  0.55   0.9  10.0   14:58   ENE
24  66.4  72.5   15:27  59.5   05:06   1.3   2.7  0.00   1.1  11.0   09:04   NNW
25  65.1  71.7   15:58  56.9   05:30   2.1   2.2  0.00   0.8   8.0   10:32   NNE
26  60.7  67.2   17:34  54.1   06:10   4.6   0.3  0.31   0.5   7.0   12:50   NNE
27  61.8  70.2   12:50  53.4   04:14   4.4   1.2  0.03   0.9  11.0   13:01   NNE
28  52.5  55.5   00:00  49.9   23:34  12.5   0.0  1.14   2.7  23.0   13:05    NE
29  57.5  65.8   13:57  49.2   01:38   7.5   0.0  0.00   0.6   7.0   13:43    NE
30  63.8  73.7   13:36  54.7   05:31   3.2   2.0  0.01   0.4   6.0   09:50    NE
----------------------------------------------------------------------------------
    60.9  77.3    11    41.9     3   165.3  43.4  4.75   1.0  23.0    28      NE

Max >=  80.0:  0
Max <=  32.0:  0
Min <=  32.0:  0
Min <=   0.0:  0
Max Rain: 1.14 on day 28
Days of Rain: 16 (>= 0.01 in)  11 (>= 0.10 in)  1 (>= 1.00 in)
Heat Base: 65.0  Cool Base: 65.0  Method: Integration