NOAA-Style Climate Reports


Report for 2015 May
                   Monthly Climatological Summary for May 2015

Name: East Unity, NH   City: Unity   State: NH
Elevation: 1384 ft  Lat: N 43° 17' 19"   Lon: W 072° 11' 41"

                  Temperature (°F), Rain (in), Wind Speed (mph)

                                      Heat  Cool        Avg
    Mean                              Deg   Deg         Wind                 Dom
Day Temp  High   Time   Low    Time   Days  Days  Rain  Speed High   Time    Dir
----------------------------------------------------------------------------------
 1  48.7  55.0   11:51  41.2   05:09  16.3   0.0  0.00   1.1  11.0   11:19    NE
 2  56.2  69.8   17:17  40.7   06:17   9.5   0.8  0.00   1.4  13.0   10:46    NE
 3  61.4  75.5   12:41  45.0   05:52   6.4   2.7  0.00   1.1   8.0   10:42   NNE
 4  67.5  82.7   13:52  49.6   05:22   4.0   6.5  0.00   1.6  12.0   14:48   ENE
 5  64.1  70.0   13:31  56.4   23:58   2.1   1.2  0.00   2.1  13.0   08:37   NNW
 6  62.4  73.5   17:08  49.7   06:19   5.1   2.4  0.00   1.7  13.0   12:07   NNE
 7  67.1  81.3   15:26  50.9   05:39   4.0   6.1  0.00   1.5  11.0   11:21   NNE
 8  64.8  82.8   12:05  47.6   23:58   4.8   4.6  0.00   1.6  17.0   13:52     E
 9  59.9  77.0   15:19  40.8   06:04   8.4   3.3  0.00   1.2  11.0   17:25    NE
10  70.1  83.3   16:23  58.6   05:31   1.5   6.6  0.02   1.3  11.0   11:55   ENE
11  63.2  77.3   11:53  53.0   23:42   3.0   1.3  0.00   1.1  14.0   13:56   ENE
12  60.9  75.7   14:51  51.1   03:16   5.5   1.3  0.01   1.3  15.0   15:23   NNE
13  50.5  53.3   00:00  45.3   23:49  14.5   0.0  0.00   2.4  14.0   11:08   NNW
14  52.8  62.8   15:59  41.4   05:33  12.2   0.0  0.00   1.3  10.0   13:25     N
15  56.5  65.4   16:36  43.8   05:43   8.5   0.0  0.00   0.6   5.0   10:21   NNE
16  60.5  71.0   15:35  50.7   07:59   5.8   1.2  0.02   0.6   6.0   01:56    NE
17  67.0  76.6   15:53  56.6   05:11   2.3   4.3  0.00   0.8   8.0   09:29     N
18  60.1  67.7   17:20  52.5   05:45   5.2   0.3  0.00   1.3  10.0   10:09    NE
19  61.8  72.0   16:22  52.8   06:16   4.7   1.5  0.08   1.3   8.0   10:36    NE
20  49.4  58.7   00:00  44.2   21:53  15.4   0.0  0.00   1.7  15.0   13:47   NNW
21  53.0  63.9   15:52  40.2   01:38  12.0   0.0  0.00   0.9   9.0   13:24    NE
22  54.7  64.1   10:48  41.0   23:59  10.3   0.0  0.00   1.4  13.0   14:57     N
23  46.1  58.0   17:47  34.0   05:25  18.8   0.0  0.00   1.6  13.0   09:08     N
24  61.2  75.3   15:39  43.4   02:19   6.8   3.0  0.00   1.3  10.0   11:02    NE
25  64.5  72.7   16:42  56.0   02:15   2.8   2.3  0.00   0.7   8.0   21:41   ENE
26  71.3  81.9   15:38  61.4   05:33   0.6   6.9  0.00   1.1  13.0   11:19    NE
27  71.9  82.7   14:25  64.1   06:22   0.1   7.0  0.16   1.3  11.0   15:32    NE
28  67.4  77.5   14:15  58.6   23:53   1.1   3.5  0.13   1.2  11.0   16:22    NE
29  66.2  75.4   14:40  56.1   05:28   2.4   3.6  0.00   0.6   6.0   08:53    NE
30  69.8  81.1   13:20  57.1   05:26   1.8   6.6  0.00   1.3  10.0   13:09    NE
31  55.2  67.7   00:00  45.2   21:18   9.9   0.1  0.83   1.4  13.0   08:32    NE
----------------------------------------------------------------------------------
    60.8  83.3    10    34.0    23   205.8  77.1  1.25   1.3  17.0     8     NNE

Max >=  80.0:  7
Max <=  32.0:  0
Min <=  32.0:  0
Min <=   0.0:  0
Max Rain: 0.83 on day 31
Days of Rain: 7 (>= 0.01 in)  3 (>= 0.10 in)  0 (>= 1.00 in)
Heat Base: 65.0  Cool Base: 65.0  Method: Integration