NOAA-Style Climate Reports


Report for 2015 April
                   Monthly Climatological Summary for Apr 2015

Name: East Unity, NH   City: Unity   State: NH
Elevation: 1384 ft  Lat: N 43° 17' 19"   Lon: W 072° 11' 41"

                  Temperature (°F), Rain (in), Wind Speed (mph)

                                      Heat  Cool        Avg
    Mean                              Deg   Deg         Wind                 Dom
Day Temp  High   Time   Low    Time   Days  Days  Rain  Speed High   Time    Dir
----------------------------------------------------------------------------------
 1  29.5  37.6   14:01  22.1   06:29  35.5   0.0  0.00   2.5  18.0   15:00   NNW
 2  37.6  53.1   14:48  23.1   03:32  27.4   0.0  0.00   1.2  14.0   14:44     S
 3  47.1  57.8   15:03  40.6   03:14  17.9   0.0  0.00   1.1  11.0   14:52   SSW
 4  36.0  45.0   00:00  27.5   23:25  29.0   0.0  0.04   3.2  23.0   12:08    NW
 5  31.7  39.8   14:23  26.1   03:16  33.3   0.0  0.00   1.9  15.0   09:27   NNW
 6  35.2  45.9   16:17  26.7   04:12  29.8   0.0  0.00   1.0   9.0   14:49   ESE
 7  37.0  44.1   13:53  32.5   02:50  27.9   0.0  0.00   1.3  11.0   13:05   NNE
 8  31.8  39.7   11:28  26.8   06:48  33.2   0.0  0.33   1.9  15.0   09:56     E
 9  29.5  32.6   16:40  26.6   04:29  35.5   0.0  0.04   2.2  13.0   14:10     E
10  37.3  43.3   13:51  30.6   00:21  27.7   0.0  0.25   1.4  14.0   22:40   SSE
11  40.0  43.9   15:53  34.6   23:54  24.9   0.0  0.00   3.1  18.0   12:13    NW
12  45.5  58.3   14:14  31.3   06:02  19.5   0.0  0.00   1.5  10.0   14:37    NW
13  53.7  68.1   13:57  39.5   06:28  11.6   0.3  0.00   1.5  12.0   23:54   SSW
14  51.7  60.0   14:17  43.2   23:52  13.2   0.0  0.00   2.4  17.0   13:48   NNW
15  47.7  56.8   13:29  39.4   03:36  17.2   0.0  0.00   2.8  17.0   12:44    NW
16  50.0  64.5   14:55  34.3   04:39  15.0   0.0  0.00   1.4  12.0   17:25     E
17  49.4  59.6   15:52  44.3   06:12  15.6   0.0  0.05   1.2  11.0   16:59   NNE
18  51.1  63.0   14:04  42.1   23:51  13.8   0.0  0.01   2.1  14.0   15:57   NNW
19  46.3  57.5   14:22  36.9   05:22  18.7   0.0  0.00   2.4  18.0   08:22     N
20  40.2  44.0   22:52  36.4   09:35  24.7   0.0  0.34   2.5  17.0   14:23     E
21  46.4  55.3   15:25  40.1   23:57  18.6   0.0  0.34   1.7  17.0   00:55     N
22  46.8  60.3   11:37  34.4   04:57  18.2   0.0  0.44   1.4  16.0   10:51   ENE
23  36.1  41.3   14:53  30.0   23:41  28.9   0.0  0.02   1.7  13.0   12:26   NNW
24  34.5  39.5   14:56  30.0   00:51  30.5   0.0  0.00   2.6  14.0   20:41    NW
25  38.7  47.5   12:29  29.1   05:45  26.3   0.0  0.00   2.5  12.0   10:48   NNW
26  44.0  50.6   16:13  37.5   02:46  20.9   0.0  0.00   1.7  14.0   11:32   NNW
27  44.3  48.7   12:21  40.3   06:21  20.7   0.0  0.00   3.6  22.0   21:20   NNW
28  47.3  56.4   14:19  40.4   06:26  17.7   0.0  0.00   3.8  21.0   14:52   NNW
29  52.0  60.5   14:26  45.6   01:10  12.9   0.0  0.00   3.0  17.0   12:18     N
30  49.8  57.7   15:13  43.6   06:11  15.2   0.0  0.00   1.2  10.0   04:13   ENE
----------------------------------------------------------------------------------
    42.3  68.1    13    22.1     1   681.3   0.3  1.86   2.1  23.0     4       N

Max >=  80.0:  0
Max <=  32.0:  0
Min <=  32.0: 12
Min <=   0.0:  0
Max Rain: 0.44 on day 22
Days of Rain: 10 (>= 0.01 in)  5 (>= 0.10 in)  0 (>= 1.00 in)
Heat Base: 65.0  Cool Base: 65.0  Method: Integration