NOAA-Style Climate Reports


Report for 2015 March
                   Monthly Climatological Summary for Mar 2015

Name: East Unity, NH   City: Unity   State: NH
Elevation: 1384 ft  Lat: N 43° 17' 19"   Lon: W 072° 11' 41"

                  Temperature (°F), Rain (in), Wind Speed (mph)

                                      Heat  Cool        Avg
    Mean                              Deg   Deg         Wind                 Dom
Day Temp  High   Time   Low    Time   Days  Days  Rain  Speed High   Time    Dir
----------------------------------------------------------------------------------
 1  17.5  25.2   13:52   8.3   03:46  47.4   0.0  0.02   1.0  10.0   14:03   SSE
 2  21.3  27.9   12:06  14.8   02:48  43.6   0.0  0.00   3.0  18.0   13:57    NW
 3  18.8  27.0   13:59   8.8   06:56  46.2   0.0  0.09   1.9  15.0   20:37   NNW
 4  33.0  39.5   13:37  23.6   00:00  32.0   0.0  0.00   2.4  17.0   10:46   NNW
 5  18.3  30.3   00:00   5.0   23:56  46.5   0.0  0.00   3.0  15.0   11:15   NNW
 6  11.1  22.0   13:21  -0.1   04:43  53.9   0.0  0.00   1.2   9.0   10:29   NNW
 7  19.9  31.5   13:34   7.1   06:32  45.1   0.0  0.00   1.3  14.0   12:55     N
 8  25.5  34.3   14:22  17.7   06:58  37.9   0.0  0.00   1.5  15.0   17:53   NNW
 9  29.1  39.0   15:49  19.8   00:42  35.9   0.0  0.00   1.8  15.0   12:56   NNW
10  36.8  47.5   14:26  26.8   01:08  28.2   0.0  0.02   1.3  12.0   17:57   SSE
11  40.8  50.1   14:05  33.5   23:59  24.1   0.0  0.00   2.4  17.0   14:41    NW
12  26.5  35.7   02:50  17.6   23:57  38.3   0.0  0.00   5.0  30.0   06:15    NW
13  24.9  35.2   17:13  13.8   07:09  40.1   0.0  0.00   1.3   9.0   00:10    NW
14  29.7  32.4   14:40  27.4   03:02  35.3   0.0  0.07   1.0  11.0   19:50    NE
15  29.6  34.4   12:30  21.6   23:56  35.4   0.0  0.04   3.2  20.0   21:54   NNW
16  29.0  38.7   16:08  19.8   05:56  36.0   0.0  0.00   2.0  13.0   05:00   NNW
17  31.9  42.9   14:39  21.0   23:54  33.1   0.0  0.05   3.2  23.0   17:48   NNW
18  17.2  21.3   00:04  13.9   23:59  47.8   0.0  0.00   6.1  22.0   05:59    NW
19  17.7  25.4   16:41  10.1   07:28  47.3   0.0  0.00   4.0  25.0   13:05    NW
20  22.4  32.0   14:31  14.8   03:02  42.6   0.0  0.00   0.7   7.0   11:01     S
21  30.1  42.9   14:23  17.4   00:29  34.9   0.0  0.00   1.0  22.0   23:51   NNW
22  17.2  31.8   00:00  10.1   23:59  47.8   0.0  0.00   4.5  21.0   06:57    NW
23  14.9  23.7   17:19   6.8   07:25  50.1   0.0  0.00   3.1  16.0   10:16   NNW
24  23.6  35.9   14:21   9.6   04:53  41.3   0.0  0.00   1.3  10.0   13:15     N
25  33.8  48.5   14:17  21.5   06:32  31.0   0.0  0.02   1.4  15.0   19:00   SSW
26  38.3  50.0   11:42  33.2   00:00  26.7   0.0  0.40   0.9   9.0   00:40   NNW
27  35.3  40.5   13:34  32.0   23:22  29.7   0.0  0.02   1.0  10.0   18:02     N
28  27.4  32.3   00:00  19.3   23:53  37.4   0.0  0.00   2.9  15.0   13:45     N
29  25.7  37.8   14:33  14.7   06:15  39.3   0.0  0.00   1.6  12.0   11:13   NNW
30  30.9  35.5   18:02  25.2   00:00  34.1   0.0  0.00   1.2  12.0   10:40     N
31  34.3  41.8   14:30  28.9   23:57  30.6   0.0  0.00   2.2  17.0   04:34   NNW
----------------------------------------------------------------------------------
    26.2  50.1    11    -0.1     6  1199.6   0.0  0.73   2.2  30.0    12     NNW

Max >=  80.0:  0
Max <=  32.0: 11
Min <=  32.0: 29
Min <=   0.0:  1
Max Rain: 0.40 on day 26
Days of Rain: 9 (>= 0.01 in)  1 (>= 0.10 in)  0 (>= 1.00 in)
Heat Base: 65.0  Cool Base: 65.0  Method: Integration