NOAA-Style Climate Reports


Report for 2015 February
                   Monthly Climatological Summary for Feb 2015

Name: East Unity, NH   City: Unity   State: NH
Elevation: 1384 ft  Lat: N 43° 17' 19"   Lon: W 072° 11' 41"

                  Temperature (°F), Rain (in), Wind Speed (mph)

                                      Heat  Cool        Avg
    Mean                              Deg   Deg         Wind                 Dom
Day Temp  High   Time   Low    Time   Days  Days  Rain  Speed High   Time    Dir
----------------------------------------------------------------------------------
 1   9.4  18.2   13:46   2.0   04:36  55.6   0.0  0.00   1.3  12.0   10:44    NW
 2   5.4   8.5   17:28   1.5   23:44  59.6   0.0  0.20   2.7  24.0   12:34    NE
 3   4.5  15.0   13:40  -6.6   06:52  60.5   0.0  0.01   1.3  13.0   10:08    NW
 4  18.9  27.9   19:45   6.1   00:54  46.1   0.0  0.00   1.0  13.0   10:42     S
 5  14.8  27.9   04:55  -0.8   23:02  50.2   0.0  0.05   2.8  17.0   12:20   NNW
 6   5.5  14.8   13:58  -3.9   07:10  59.3   0.0  0.00   1.1  12.0   12:49     N
 7  19.5  26.2   13:18  10.5   00:00  45.4   0.0  0.00   0.6   7.0   02:46    SE
 8  14.3  20.6   00:00   8.3   18:38  50.4   0.0  0.18   1.2   9.0   15:17   ENE
 9  13.3  16.7   13:48  11.9   00:00  51.7   0.0  0.09   3.0  13.0   10:25    NE
10  19.4  29.6   14:03  13.3   00:00  45.5   0.0  0.00   1.7  11.0   12:46   NNE
11  14.9  23.8   14:13   6.3   07:10  49.9   0.0  0.00   0.8   8.0   01:17   ENE
12  17.7  25.1   14:52  10.4   23:58  47.0   0.0  0.00   1.2  12.0   21:38   NNW
13   1.8  10.4   00:00  -4.9   07:44  63.1   0.0  0.00   2.6  13.0   00:16    NW
14   7.6  16.5   15:04  -1.4   04:26  57.2   0.0  0.12   1.0  11.0   10:45   ENE
15   3.8  12.3   03:00 -10.3   23:55  61.2   0.0  0.07   4.2  24.0   10:27   NNW
16  -0.3   9.5   15:06 -11.0   05:31  65.3   0.0  0.00   3.3  20.0   09:52    NW
17   7.3  19.1   15:35  -3.6   05:46  57.7   0.0  0.00   0.7   8.0   11:29    NE
18  15.9  25.9   13:52   4.2   07:05  49.1   0.0  0.03   0.9   9.0   13:26     E
19  13.0  19.9   11:06   2.2   23:50  52.0   0.0  0.01   1.9  20.0   13:12    NW
20   2.3  10.7   16:16  -4.3   07:03  62.7   0.0  0.00   2.2  17.0   16:25   NNW
21  11.6  22.9   23:55  -3.6   05:37  53.4   0.0  0.12   1.3  14.0   14:28     E
22  25.2  33.0   13:45  20.1   06:57  39.8   0.0  0.01   0.7   7.0   09:10     N
23   8.7  23.8   00:37  -7.4   23:57  56.3   0.0  0.00   3.2  19.0   13:55    NW
24   3.6  15.4   13:46  -9.8   07:22  60.9   0.0  0.00   1.0   9.0   14:10   NNE
25  16.3  26.8   13:31   8.7   07:25  48.7   0.0  0.00   1.3  17.0   14:32   NNW
26  11.4  17.6   13:54   7.0   06:49  53.5   0.0  0.00   1.9  11.0   12:42     N
27   9.5  18.2   14:43   0.8   06:06  55.5   0.0  0.00   1.7  11.0   10:02    NW
28  12.5  25.3   13:47   1.8   04:05  52.3   0.0  0.00   1.0   8.0   14:06   WNW
----------------------------------------------------------------------------------
    11.0  33.0    22   -11.0    16  1509.9   0.0  0.89   1.7  24.0     2       N

Max >=  80.0:  0
Max <=  32.0: 27
Min <=  32.0: 28
Min <=   0.0: 12
Max Rain: 0.20 on day 2
Days of Rain: 11 (>= 0.01 in)  4 (>= 0.10 in)  0 (>= 1.00 in)
Heat Base: 65.0  Cool Base: 65.0  Method: Integration