NOAA-Style Climate Reports


Report for 2015 January
                   Monthly Climatological Summary for Jan 2015

Name: East Unity, NH   City: Unity   State: NH
Elevation: 1384 ft  Lat: N 43° 17' 19"   Lon: W 072° 11' 41"

                  Temperature (°F), Rain (in), Wind Speed (mph)

                                      Heat  Cool        Avg
    Mean                              Deg   Deg         Wind                 Dom
Day Temp  High   Time   Low    Time   Days  Days  Rain  Speed High   Time    Dir
----------------------------------------------------------------------------------
 1  18.0  24.9   13:35  10.4   07:10  46.6   0.0  0.00   1.2  15.0   10:45    SE
 2  24.4  28.5   09:29  16.3   23:58  40.4   0.0  0.00   2.1  12.0   17:36    NW
 3  16.9  22.5   23:59  10.1   06:48  48.0   0.0  0.27   0.9  10.0   18:56     E
 4  31.8  36.6   21:57  22.5   00:00  33.1   0.0  0.32   0.8  11.0   23:09     N
 5  20.8  34.3   00:00   5.8   23:54  44.3   0.0  0.00   4.2  23.0   02:32    NW
 6   6.4  12.0   14:00   2.3   04:07  58.6   0.0  0.00   0.5   6.0   01:56   NNE
 7   5.7  15.3   13:56  -7.7   23:57  59.3   0.0  0.00   1.9  16.0   17:45   NNW
 8  -0.4  10.3   23:00 -12.9   05:54  65.4   0.0  0.00   1.3  12.0   11:28   NNW
 9  13.8  20.8   15:18   9.6   00:07  51.0   0.0  0.08   1.8  15.0   05:54    NE
10   8.7  15.0   14:36   4.2   22:49  56.1   0.0  0.00   1.1  16.0   11:15   NNE
11  12.0  20.7   23:58   3.5   04:37  52.9   0.0  0.00   0.7   6.0   12:43    SE
12  26.7  32.0   14:57  20.6   00:00  38.3   0.0  0.00   1.1  13.0   21:15   NNW
13   6.8  23.9   00:00  -0.6   23:58  58.2   0.0  0.00   2.2  14.0   00:22   NNW
14   8.4  20.2   14:44  -4.1   06:46  56.6   0.0  0.00   0.3   5.0   11:21   NNE
15  15.0  26.5   15:42   5.1   07:03  50.0   0.0  0.00   0.4   4.0   10:58    NE
16  17.2  29.4   10:46   4.0   23:59  47.6   0.0  0.00   2.6  19.0   14:40    NW
17   6.9  16.3   23:58  -3.9   07:23  58.1   0.0  0.00   1.2  16.0   03:25   NNW
18  29.9  37.2   17:18  16.3   00:00  34.9   0.0  1.43   1.3  13.0   03:03   NNE
19  31.4  33.5   11:01  26.5   23:27  33.6   0.0  0.01   1.3  16.0   15:23   NNW
20  21.7  26.7   00:00  15.1   23:59  43.2   0.0  0.00   1.8  12.0   04:45    NW
21  15.9  24.3   14:42   8.4   07:54  49.1   0.0  0.00   0.8   8.0   11:27    NE
22  22.5  30.2   13:41  15.9   07:59  42.5   0.0  0.00   0.7   8.0   21:18   NNW
23  19.3  27.9   13:26  11.8   07:32  45.7   0.0  0.00   1.0  10.0   12:04   NNE
24  25.5  29.2   14:43  17.1   00:00  39.5   0.0  0.09   0.9  11.0   23:33     N
25  21.1  29.4   08:09   5.1   23:53  43.9   0.0  0.00   2.2  14.0   10:41    NW
26   9.0  17.0   13:32  -0.2   07:27  55.8   0.0  0.00   2.4  20.0   23:20    NE
27   9.5  12.1   00:00   6.6   21:43  55.5   0.0  0.15   4.2  20.0   00:26   NNE
28  10.3  17.5   16:00   5.2   06:35  54.7   0.0  0.00   3.0  13.0   10:01   NNW
29  18.9  31.4   14:45   7.0   07:36  46.1   0.0  0.00   0.8   9.0   22:05     E
30  22.6  27.8   13:32   7.1   23:57  42.4   0.0  0.02   2.4  16.0   19:41   NNW
31   4.8  11.3   13:47  -2.6   07:55  60.2   0.0  0.00   3.9  22.0   12:17   NNW
----------------------------------------------------------------------------------
    16.2  37.2    18   -12.9     8  1511.6   0.0  2.37   1.7  23.0     5       N

Max >=  80.0:  0
Max <=  32.0: 27
Min <=  32.0: 31
Min <=   0.0:  7
Max Rain: 1.43 on day 18
Days of Rain: 8 (>= 0.01 in)  4 (>= 0.10 in)  1 (>= 1.00 in)
Heat Base: 65.0  Cool Base: 65.0  Method: Integration